{"id":27,"date":"2014-09-17T16:24:03","date_gmt":"2014-09-17T16:24:03","guid":{"rendered":"http:\/\/agora.xtec.cat\/escolastjordi\/?page_id=27"},"modified":"2026-02-19T12:27:11","modified_gmt":"2026-02-19T11:27:11","slug":"historia","status":"publish","type":"page","link":"https:\/\/agora.xtec.cat\/escolastjordi\/lescola\/historia\/","title":{"rendered":"Una mica d&#8217;hist\u00f2ria"},"content":{"rendered":"<p><span style=\"font-weight: 400;\">L\u2019Escola Sant Jordi \u00e9s una <strong>escola p\u00fablica<\/strong> de dues l\u00ednies que imparteix <strong>educaci\u00f3 infantil i prim\u00e0ria<\/strong> (d\u2019I3 a P6), situada al poble de Nav\u00e0s. Forma part d\u2019un projecte educatiu amb una forta arrel comunit\u00e0ria, nascut de la demanda del municipi per garantir un ensenyament p\u00fablic de qualitat a totes les etapes educatives.<\/span><\/p>\n<p>El <strong>7 de Juliol del 1976<\/strong> l&#8217;Agrupaci\u00f3 Escola Mixta Jaume Balmes i el Col\u00b7legi Sant Jordi es van fusionar i va n\u00e9ixer el <strong>Colegio Nacional Mixto Sant Jordi<\/strong>. L&#8217;any <strong>2011<\/strong>, despr\u00e9s que <span style=\"font-weight: 400;\">Nav\u00e0s reivindiqu\u00e9s durant molts anys la necessitat de disposar d\u2019un ensenyament p\u00fablic a totes les etapes (perqu\u00e8 l\u2019escola p\u00fablica \u00e9s l\u2019escola del poble, l\u2019escola de tothom i per a tothom)<strong>\u00a0es va crear l&#8217;Institut Escola Sant Jordi de Nav\u00e0s<\/strong> que contemplava les etapes d\u2019educaci\u00f3 infantil, prim\u00e0ria i secund\u00e0ria.<\/span><\/p>\n<p>El curs <strong>2025-2026<\/strong> s&#8217;inici\u00e0 una nova etapa, l\u2019Institut Escola es transforma en dues institucions diferenciades: <strong>l&#8217;Escola Sant Jordi i l&#8217;Institut de Nav\u00e0s.<\/strong><\/p>\n<p data-start=\"541\" data-end=\"1142\">Amb aquesta nova estructura, tant l\u2019escola com l\u2019institut poden adaptar-se a les caracter\u00edstiques del seu alumnat i<strong> desenvolupar projectes educatius propis i coherents amb cada moment del creixement dels infants i joves.<\/strong><\/p>\n<p data-start=\"1144\" data-end=\"1634\">Tot i aix\u00f2, no volem perdre l\u2019ess\u00e8ncia del que hem estat construint conjuntament al llarg dels darrers 14 anys. \u00c9s per aix\u00f2 que mantindrem espais de col\u00b7laboraci\u00f3 entre els dos centres: continuarem compartint moments importants com les <strong>festes, celebracions<\/strong> i altres activitats que reforcen el sentiment de comunitat. A m\u00e9s, cuidarem especialment la <strong>transici\u00f3 entre l\u2019etapa de prim\u00e0ria i la secund\u00e0ria<\/strong>, perqu\u00e8 l\u2019alumnat de 6\u00e8 pugui fer el pas cap a l\u2019ESO d\u2019una manera acompanyada, coneguda i natural.<\/p>\n","protected":false},"excerpt":{"rendered":"<p>L\u2019Escola Sant Jordi \u00e9s una escola p\u00fablica de dues l\u00ednies que imparteix educaci\u00f3 infantil i prim\u00e0ria (d\u2019I3 a P6), situada al poble de Nav\u00e0s. Forma part d\u2019un projecte educatiu amb una forta arrel comunit\u00e0ria, nascut de la demanda del municipi per garantir un ensenyament p\u00fablic de qualitat a totes les etapes educatives. El 7 de [&hellip;]<\/p>\n","protected":false},"author":1,"featured_media":0,"parent":19,"menu_order":20,"comment_status":"closed","ping_status":"closed","template":"","meta":{"_bbp_topic_count":0,"_bbp_reply_count":0,"_bbp_total_topic_count":0,"_bbp_total_reply_count":0,"_bbp_voice_count":0,"_bbp_anonymous_reply_count":0,"_bbp_topic_count_hidden":0,"_bbp_reply_count_hidden":0,"_bbp_forum_subforum_count":0,"site-sidebar-layout":"default","site-content-layout":"","ast-site-content-layout":"default","site-content-style":"default","site-sidebar-style":"default","ast-global-header-display":"","ast-banner-title-visibility":"","ast-main-header-display":"","ast-hfb-above-header-display":"","ast-hfb-below-header-display":"","ast-hfb-mobile-header-display":"","site-post-title":"","ast-breadcrumbs-content":"","ast-featured-img":"","footer-sml-layout":"","theme-transparent-header-meta":"default","adv-header-id-meta":"","stick-header-meta":"","header-above-stick-meta":"","header-main-stick-meta":"","header-below-stick-meta":"","astra-migrate-meta-layouts":"set","ast-page-background-enabled":"default","ast-page-background-meta":{"desktop":{"background-color":"var(--ast-global-color-4)","background-image":"","background-repeat":"repeat","background-position":"center center","background-size":"auto","background-attachment":"scroll","background-type":"","background-media":"","overlay-type":"","overlay-color":"","overlay-opacity":"","overlay-gradient":""},"tablet":{"background-color":"","background-image":"","background-repeat":"repeat","background-position":"center center","background-size":"auto","background-attachment":"scroll","background-type":"","background-media":"","overlay-type":"","overlay-color":"","overlay-opacity":"","overlay-gradient":""},"mobile":{"background-color":"","background-image":"","background-repeat":"repeat","background-position":"center center","background-size":"auto","background-attachment":"scroll","background-type":"","background-media":"","overlay-type":"","overlay-color":"","overlay-opacity":"","overlay-gradient":""}},"ast-content-background-meta":{"desktop":{"background-color":"var(--ast-global-color-5)","background-image":"","background-repeat":"repeat","background-position":"center center","background-size":"auto","background-attachment":"scroll","background-type":"","background-media":"","overlay-type":"","overlay-color":"","overlay-opacity":"","overlay-gradient":""},"tablet":{"background-color":"var(--ast-global-color-5)","background-image":"","background-repeat":"repeat","background-position":"center center","background-size":"auto","background-attachment":"scroll","background-type":"","background-media":"","overlay-type":"","overlay-color":"","overlay-opacity":"","overlay-gradient":""},"mobile":{"background-color":"var(--ast-global-color-5)","background-image":"","background-repeat":"repeat","background-position":"center center","background-size":"auto","background-attachment":"scroll","background-type":"","background-media":"","overlay-type":"","overlay-color":"","overlay-opacity":"","overlay-gradient":""}},"footnotes":""},"class_list":["post-27","page","type-page","status-publish","hentry"],"post_mailing_queue_ids":[],"_links":{"self":[{"href":"https:\/\/agora.xtec.cat\/escolastjordi\/wp-json\/wp\/v2\/pages\/27","targetHints":{"allow":["GET"]}}],"collection":[{"href":"https:\/\/agora.xtec.cat\/escolastjordi\/wp-json\/wp\/v2\/pages"}],"about":[{"href":"https:\/\/agora.xtec.cat\/escolastjordi\/wp-json\/wp\/v2\/types\/page"}],"author":[{"embeddable":true,"href":"https:\/\/agora.xtec.cat\/escolastjordi\/wp-json\/wp\/v2\/users\/1"}],"replies":[{"embeddable":true,"href":"https:\/\/agora.xtec.cat\/escolastjordi\/wp-json\/wp\/v2\/comments?post=27"}],"version-history":[{"count":7,"href":"https:\/\/agora.xtec.cat\/escolastjordi\/wp-json\/wp\/v2\/pages\/27\/revisions"}],"predecessor-version":[{"id":6875,"href":"https:\/\/agora.xtec.cat\/escolastjordi\/wp-json\/wp\/v2\/pages\/27\/revisions\/6875"}],"up":[{"embeddable":true,"href":"https:\/\/agora.xtec.cat\/escolastjordi\/wp-json\/wp\/v2\/pages\/19"}],"wp:attachment":[{"href":"https:\/\/agora.xtec.cat\/escolastjordi\/wp-json\/wp\/v2\/media?parent=27"}],"curies":[{"name":"wp","href":"https:\/\/api.w.org\/{rel}","templated":true}]}}