{"id":479,"date":"2017-05-29T12:06:01","date_gmt":"2017-05-29T10:06:01","guid":{"rendered":"http:\/\/agora.xtec.cat\/escolassumpcio\/?page_id=479"},"modified":"2017-12-03T20:33:35","modified_gmt":"2017-12-03T19:33:35","slug":"formacio","status":"publish","type":"page","link":"https:\/\/agora.xtec.cat\/escolassumpcio\/formacio\/","title":{"rendered":"Cr\u00e9ixer en fam\u00edlia"},"content":{"rendered":"<h1 style=\"text-align: center;\"><span style=\"color: #008080;\"><strong><img loading=\"lazy\" decoding=\"async\" class=\"irc_mi aligncenter\" src=\"http:\/\/www.vallfosca.net\/wp-content\/uploads\/2017\/10\/creixer-en-familia_EDITORA12366EDITORA_5766.jpg\" alt=\"Resultat d'imatges de CREIXER EN FAMILIA\" width=\"366\" height=\"206\" \/><\/strong><\/span><\/h1>\n<p style=\"text-align: justify;\">La\u00a0<b>Direcci\u00f3 General de Fam\u00edlies<\/b>\u00a0del Departament de Treball, Afers Socials i Fam\u00edlies, impulsa el\u00a0programa d\u2019orientaci\u00f3 educativa\u00a0per a fam\u00edlies \u201c<b>Cr\u00e9ixer en Fam\u00edlia\u201c\u00a0<\/b>adre\u00e7at a pares i mares amb fills i filles de 0 a 18 anys.<\/p>\n<p style=\"text-align: justify;\">Aquest programa est\u00e0 basat en el concepte de<b>\u00a0parentalitat positiva<\/b>, i est\u00e0 dirigit a orientar, refor\u00e7ar i donar eines a les fam\u00edlies per a exercir el seu paper educatiu, amb l\u2019objectiu de potenciar el reconeixement i la confian\u00e7a en les pr\u00f2pies capacitats dels progenitors i la millora del seu benestar .<\/p>\n<p style=\"text-align: justify;\"><b>Els cicles, dividits per franges d\u2019edat dels fills i filles \u00a0dels participants<\/b>\u00a0(0-3 anys, 3-6 anys, 6-12 anys, 12-16 anys\u00a0 i 16-18 anys),\u00a0<b>consten de 6 sessions de dues hores<\/b>\u00a0al voltant de tem\u00e0tiques tals com: els vincles, l\u2019autonomia, l\u2019autoritat, les estrat\u00e8gies educatives, la resoluci\u00f3 de conflictes, les responsabilitats en l\u2019\u00e0mbit dom\u00e8stic, el lleure i l\u2019entorn, el paper educatiu de l\u2019escola, etc.<\/p>\n<p style=\"text-align: justify;\"><em>Properament penjarem m\u00e9s informaci\u00f3 sobre les dates i els horaris.<\/em><\/p>\n","protected":false},"excerpt":{"rendered":"<p>La\u00a0Direcci\u00f3 General de Fam\u00edlies\u00a0del Departament de Treball, Afers Socials i Fam\u00edlies, impulsa el\u00a0programa d\u2019orientaci\u00f3 educativa\u00a0per a fam\u00edlies \u201cCr\u00e9ixer en Fam\u00edlia\u201c\u00a0adre\u00e7at a pares i mares amb fills i filles de 0 a 18 anys. Aquest programa est\u00e0 basat en el concepte de\u00a0parentalitat positiva, i est\u00e0 dirigit a orientar, refor\u00e7ar i donar eines a les fam\u00edlies per [&hellip;]<\/p>\n","protected":false},"author":1,"featured_media":0,"parent":0,"menu_order":0,"comment_status":"closed","ping_status":"closed","template":"","meta":{"_bbp_topic_count":0,"_bbp_reply_count":0,"_bbp_total_topic_count":0,"_bbp_total_reply_count":0,"_bbp_voice_count":0,"_bbp_anonymous_reply_count":0,"_bbp_topic_count_hidden":0,"_bbp_reply_count_hidden":0,"_bbp_forum_subforum_count":0,"site-sidebar-layout":"default","site-content-layout":"","ast-site-content-layout":"","site-content-style":"default","site-sidebar-style":"default","ast-global-header-display":"","ast-banner-title-visibility":"","ast-main-header-display":"","ast-hfb-above-header-display":"","ast-hfb-below-header-display":"","ast-hfb-mobile-header-display":"","site-post-title":"","ast-breadcrumbs-content":"","ast-featured-img":"","footer-sml-layout":"","theme-transparent-header-meta":"","adv-header-id-meta":"","stick-header-meta":"","header-above-stick-meta":"","header-main-stick-meta":"","header-below-stick-meta":"","astra-migrate-meta-layouts":"default","ast-page-background-enabled":"default","ast-page-background-meta":{"desktop":{"background-color":"var(--ast-global-color-4)","background-image":"","background-repeat":"repeat","background-position":"center center","background-size":"auto","background-attachment":"scroll","background-type":"","background-media":"","overlay-type":"","overlay-color":"","overlay-opacity":"","overlay-gradient":""},"tablet":{"background-color":"","background-image":"","background-repeat":"repeat","background-position":"center center","background-size":"auto","background-attachment":"scroll","background-type":"","background-media":"","overlay-type":"","overlay-color":"","overlay-opacity":"","overlay-gradient":""},"mobile":{"background-color":"","background-image":"","background-repeat":"repeat","background-position":"center center","background-size":"auto","background-attachment":"scroll","background-type":"","background-media":"","overlay-type":"","overlay-color":"","overlay-opacity":"","overlay-gradient":""}},"ast-content-background-meta":{"desktop":{"background-color":"var(--ast-global-color-5)","background-image":"","background-repeat":"repeat","background-position":"center center","background-size":"auto","background-attachment":"scroll","background-type":"","background-media":"","overlay-type":"","overlay-color":"","overlay-opacity":"","overlay-gradient":""},"tablet":{"background-color":"var(--ast-global-color-5)","background-image":"","background-repeat":"repeat","background-position":"center center","background-size":"auto","background-attachment":"scroll","background-type":"","background-media":"","overlay-type":"","overlay-color":"","overlay-opacity":"","overlay-gradient":""},"mobile":{"background-color":"var(--ast-global-color-5)","background-image":"","background-repeat":"repeat","background-position":"center center","background-size":"auto","background-attachment":"scroll","background-type":"","background-media":"","overlay-type":"","overlay-color":"","overlay-opacity":"","overlay-gradient":""}},"footnotes":""},"class_list":["post-479","page","type-page","status-publish","hentry"],"post_mailing_queue_ids":[],"_links":{"self":[{"href":"https:\/\/agora.xtec.cat\/escolassumpcio\/wp-json\/wp\/v2\/pages\/479","targetHints":{"allow":["GET"]}}],"collection":[{"href":"https:\/\/agora.xtec.cat\/escolassumpcio\/wp-json\/wp\/v2\/pages"}],"about":[{"href":"https:\/\/agora.xtec.cat\/escolassumpcio\/wp-json\/wp\/v2\/types\/page"}],"author":[{"embeddable":true,"href":"https:\/\/agora.xtec.cat\/escolassumpcio\/wp-json\/wp\/v2\/users\/1"}],"replies":[{"embeddable":true,"href":"https:\/\/agora.xtec.cat\/escolassumpcio\/wp-json\/wp\/v2\/comments?post=479"}],"version-history":[{"count":3,"href":"https:\/\/agora.xtec.cat\/escolassumpcio\/wp-json\/wp\/v2\/pages\/479\/revisions"}],"predecessor-version":[{"id":1037,"href":"https:\/\/agora.xtec.cat\/escolassumpcio\/wp-json\/wp\/v2\/pages\/479\/revisions\/1037"}],"wp:attachment":[{"href":"https:\/\/agora.xtec.cat\/escolassumpcio\/wp-json\/wp\/v2\/media?parent=479"}],"curies":[{"name":"wp","href":"https:\/\/api.w.org\/{rel}","templated":true}]}}