{"id":36,"date":"2014-09-18T12:33:11","date_gmt":"2014-09-18T11:33:11","guid":{"rendered":"http:\/\/agora.xtec.cat\/escolassumpcio\/?page_id=36"},"modified":"2017-12-22T21:16:33","modified_gmt":"2017-12-22T20:16:33","slug":"material-escolar","status":"publish","type":"page","link":"https:\/\/agora.xtec.cat\/escolassumpcio\/lescola\/material-escolar\/","title":{"rendered":"Activitats complement\u00e0ries"},"content":{"rendered":"<h1 style=\"text-align: center;\"><b>PROGRAMACI\u00d3 ANUAL DE LES ACTIVITATS COMPLEMENT\u00c0RIES<\/b><\/h1>\n<p style=\"text-align: justify;\"><span style=\"font-weight: 400;\">Tenen consideraci\u00f3 d\u2019activitats complement\u00e0ries aquelles activitats escolars que figuren expressament incloses amb aquesta denominaci\u00f3 a la Programaci\u00f3 General Anual de Centre i, han d\u2019estar aprovades pel Consell Escolar abans que finalitzi el m\u00e9s d\u2019octubre de cada curs acad\u00e8mic, tot i que es permetr\u00e0 la inclusi\u00f3 i\/o supressi\u00f3 d\u2019algunes activitats d\u2019acord amb les eventualitats que vagin sorgint i amb la pr\u00e8via aprovaci\u00f3 del Consell Escolar. Aquestes activitats tindran com a finalitat el perfeccionament i l\u2019ampliaci\u00f3 de la tasca educativa, cultural i social realitzada pel centre, de manera que es completa el proc\u00e9s de formaci\u00f3 de l\u2019alumnat, mitjan\u00e7ant el desenvolupament de determinats aspectes del projecte educatiu. Sobre l\u2019obligatorietat de les activitats complement\u00e0ries, un cop aprovades pel Consell Escolar, tindran car\u00e0cter obligatori per als mestres que s\u2019han responsabilitzat de les mateixes. Els alumnes que no realitzin l\u2019activitat seran atesos per altres mestres del centre, realitzant tasques de refor\u00e7 que haur\u00e0 de preparar i\/o coordinar el mestre tutor.<\/span><\/p>\n<p><b>Relaci\u00f3 d\u2019activitats programades (provisional):<\/b><\/p>\n<table>\n<tbody>\n<tr>\n<td colspan=\"5\"><b>1r T R I M E S T R E<\/b><\/td>\n<\/tr>\n<tr>\n<td colspan=\"5\"><\/td>\n<\/tr>\n<tr>\n<td><b>ACTIVITAT<\/b><\/td>\n<td><b>LLOC<\/b><\/td>\n<td><b>DATA<\/b><\/td>\n<td><b>CICLE\/NIVELL<\/b><\/td>\n<td><b>DURADA<\/b><\/td>\n<\/tr>\n<tr>\n<td><b>PARC NATURAL DEL DELTA DE L\u2019EBRE Xerrada \u2013taller del parc natural <\/b><\/td>\n<td><span style=\"font-weight: 400;\">Escola l\u2019Assumpci\u00f3<\/span><\/td>\n<td><span style=\"font-weight: 400;\">9 octubre<\/span><\/td>\n<td><span style=\"font-weight: 400;\">CICLE mitj\u00e0 4t. <\/span><\/td>\n<td><span style=\"font-weight: 400;\">9:00 a 10:00<\/span><\/td>\n<\/tr>\n<tr>\n<td><b>PARC NATURAL DEL DELTA DE L\u2019EBRE Xerrada el conreu de l\u2019arr\u00f2s i esp\u00e8cies invasores<\/b><\/td>\n<td><span style=\"font-weight: 400;\">Escola l\u2019Assumpci\u00f3<\/span><\/td>\n<td><span style=\"font-weight: 400;\">9 octubre<\/span><\/td>\n<td><span style=\"font-weight: 400;\">CICLE SUPERIOR 5\u00e8.<\/span><\/td>\n<td><span style=\"font-weight: 400;\">10:00-11:00<\/span><\/td>\n<\/tr>\n<tr>\n<td><b>PARC NATURAL DEL DELTA DE L\u2019EBRE Xerrada Esp\u00e8cies protegides i gesti\u00f3 del PNDE <\/b><\/td>\n<td><span style=\"font-weight: 400;\">Escola l\u2019Assumpci\u00f3<\/span><\/td>\n<td><span style=\"font-weight: 400;\">9 octubre<\/span><\/td>\n<td><span style=\"font-weight: 400;\">CICLE SUPERIOR 6\u00e8<\/span><\/td>\n<td><span style=\"font-weight: 400;\">11:30-12:30<\/span><\/td>\n<\/tr>\n<tr>\n<td><b>PARC NATURAL DEL DELTA DE L\u2019EBRE Sortida amb bicicleta <\/b><\/td>\n<td><span style=\"font-weight: 400;\">Estaci\u00f3 biol\u00f2gica<\/span><\/td>\n<td><span style=\"font-weight: 400;\">11 octubre<\/span><\/td>\n<td><span style=\"font-weight: 400;\">CICLE SUPERIOR 6\u00e8 V<\/span><\/td>\n<td><span style=\"font-weight: 400;\">9-12:30<\/span><\/td>\n<\/tr>\n<tr>\n<td><b>PARC NATURAL DEL DELTA DE L\u2019EBRE Sortida \u2013 taller m\u00f2bil ocells i peixos<\/b><\/td>\n<td><span style=\"font-weight: 400;\">Escola del Parc <\/span><\/td>\n<td><span style=\"font-weight: 400;\">11 octubre<\/span><\/td>\n<td><span style=\"font-weight: 400;\">CICLE INICIAL 2n.<\/span><\/td>\n<td><span style=\"font-weight: 400;\">15:00-16:30<\/span><\/td>\n<\/tr>\n<tr>\n<td><b>PARC NATURAL DEL DELTA DE L\u2019EBRE Sortida amb bicicleta<\/b><\/td>\n<td><span style=\"font-weight: 400;\">Estaci\u00f3 biol\u00f2gica<\/span><\/td>\n<td><span style=\"font-weight: 400;\">16 octubre<\/span><\/td>\n<td><span style=\"font-weight: 400;\">CICLE SUPERIOR 6\u00e8 R<\/span><\/td>\n<td><span style=\"font-weight: 400;\">9-12:30<\/span><\/td>\n<\/tr>\n<tr>\n<td><b>Visita a la biblioteca municipal<\/b><\/td>\n<td><span style=\"font-weight: 400;\">Biblioteca municipal<\/span><\/td>\n<td><span style=\"font-weight: 400;\">16 octubre <\/span><\/td>\n<td><span style=\"font-weight: 400;\">CICLE INCIAL 1r.<\/span><\/td>\n<td><span style=\"font-weight: 400;\">15:00-16:30<\/span><\/td>\n<\/tr>\n<tr>\n<td><b>Visita a la biblioteca municipal<\/b><\/td>\n<td><span style=\"font-weight: 400;\">Biblioteca municipal<\/span><\/td>\n<td><span style=\"font-weight: 400;\">18 octubre <\/span><\/td>\n<td><span style=\"font-weight: 400;\">CICLE INCIAL 2n.<\/span><\/td>\n<td><span style=\"font-weight: 400;\">15:00-16:30<\/span><\/td>\n<\/tr>\n<tr>\n<td><b>Visita \u00a0a l\u2019Ajuntament de Deltebre i a la biblioteca municipal <\/b><\/td>\n<td><span style=\"font-weight: 400;\">Ajuntament de Deltebre\/ biblioteca municipal<\/span><\/td>\n<td><\/td>\n<td><span style=\"font-weight: 400;\">CICLE MITJ\u00c0 3r.<\/span><\/td>\n<td><span style=\"font-weight: 400;\">9-12:30<\/span><\/td>\n<\/tr>\n<tr>\n<td><b>PARC NATURAL DEL DELTA DE L\u2019EBRE Xerrada \u2013taller del parc natural<\/b><\/td>\n<td><span style=\"font-weight: 400;\">Escola l\u2019Assumpci\u00f3<\/span><\/td>\n<td><span style=\"font-weight: 400;\">10 novembre<\/span><\/td>\n<td><span style=\"font-weight: 400;\">CICLE INICIAL<\/span><\/td>\n<td><span style=\"font-weight: 400;\">1rs. 15-16.30<\/span><\/td>\n<\/tr>\n<tr>\n<td><b>PARC NATURAL DEL DELTA DE L\u2019EBRE Xerrada \u2013taller del parc natural<\/b><\/td>\n<td><span style=\"font-weight: 400;\">Escola l\u2019Assumpci\u00f3<\/span><\/td>\n<td><span style=\"font-weight: 400;\">13 novembre<\/span><\/td>\n<td><span style=\"font-weight: 400;\">CICLE MITJ\u00c0<\/span><\/td>\n<td><span style=\"font-weight: 400;\">3rs. 15-16.30<\/span><\/td>\n<\/tr>\n<tr>\n<td><b>XERRADA MOSSOS D\u2019ESQUADRA: \u201cMobilitat segura a Ed. Prim\u00e0ria\u201d<\/b><\/td>\n<td><span style=\"font-weight: 400;\">Escola<\/span><\/td>\n<td><span style=\"font-weight: 400;\">22 novembre<\/span><\/td>\n<td><span style=\"font-weight: 400;\">CICLE MITJ\u00c0 <\/span><\/td>\n<td><span style=\"font-weight: 400;\">9h. 3r. R.<\/span><\/p>\n<p><span style=\"font-weight: 400;\">10h. 3r. V.<\/span><\/td>\n<\/tr>\n<tr>\n<td><b>XERRADA MOSSOS D\u2019ESQUADRA: \u2018Internet segura\u2019<\/b><\/td>\n<td><span style=\"font-weight: 400;\">Escola<\/span><\/td>\n<td><span style=\"font-weight: 400;\">19 desembre<\/span><\/td>\n<td><span style=\"font-weight: 400;\">CICLE SUPERIOR<\/span><\/td>\n<td><span style=\"font-weight: 400;\">9h. 6\u00e8. R.<\/span><\/p>\n<p><span style=\"font-weight: 400;\">10h. 6\u00e8. V.<\/span><\/td>\n<\/tr>\n<tr>\n<td><b>FESTA DE LA CASTANYADA<\/b><\/td>\n<td><span style=\"font-weight: 400;\">Escola<\/span><\/td>\n<td><span style=\"font-weight: 400;\">31 d\u2019octubre<\/span><\/td>\n<td><span style=\"font-weight: 400;\">INFANTIL I PRIM\u00c0RIA<\/span><\/td>\n<td><span style=\"font-weight: 400;\">15-16.30<\/span><\/td>\n<\/tr>\n<tr>\n<td><b>Estades ling\u00fc\u00edstiques <\/b><\/td>\n<td><span style=\"font-weight: 400;\">Alberg Mn. Antoni Batlle<\/span><\/td>\n<td><span style=\"font-weight: 400;\">6-7-8 novembre<\/span><\/td>\n<td><span style=\"font-weight: 400;\">CICLE SUPERIOR 5\u00e8.<\/span><\/td>\n<td><\/td>\n<\/tr>\n<tr>\n<td><b>MARAT\u00d3 TV3<\/b><\/td>\n<td><span style=\"font-weight: 400;\">Escola<\/span><\/td>\n<td><span style=\"font-weight: 400;\">13 desembre<\/span><\/td>\n<td><span style=\"font-weight: 400;\">INFANTIL I PRIM\u00c0RIA<\/span><\/td>\n<td><\/td>\n<\/tr>\n<tr>\n<td><b>VISITA FADA ESTELLA<\/b><\/td>\n<td><span style=\"font-weight: 400;\">Escola<\/span><\/td>\n<td><span style=\"font-weight: 400;\">18\u00a0 desembre<\/span><\/td>\n<td>INFANTIL-PRIM\u00c0RIA<\/td>\n<td>\u00a09.30<\/td>\n<\/tr>\n<tr>\n<td><b>CAGA TI\u00d3<\/b><\/td>\n<td><span style=\"font-weight: 400;\">Escola<\/span><\/td>\n<td><span style=\"font-weight: 400;\">19 desembre<\/span><\/td>\n<td><span style=\"font-weight: 400;\">INFANTIL<\/span><\/td>\n<td>\u00a0tarde<\/td>\n<\/tr>\n<tr>\n<td><b>VISTIA PATGE REIAL<\/b><\/td>\n<td><span style=\"font-weight: 400;\">Escola<\/span><\/td>\n<td><span style=\"font-weight: 400;\">20 desembre<\/span><\/td>\n<td><span style=\"font-weight: 400;\"> INFANTIL-PRIM\u00c0RIA<\/span><\/td>\n<td>\u00a011.30<\/td>\n<\/tr>\n<tr>\n<td><b>ASSAIG GENERAL NADALES<\/b><\/td>\n<td><span style=\"font-weight: 400;\">Pavell\u00f3 <\/span><\/td>\n<td><span style=\"font-weight: 400;\">20\u00a0 desembre<\/span><\/td>\n<td><span style=\"font-weight: 400;\">INFANTIL-PRIM\u00c0RIA<\/span><\/td>\n<td><span style=\"font-weight: 400;\">15-16.30<\/span><\/td>\n<\/tr>\n<tr>\n<td><b>NADALES <\/b><\/td>\n<td><span style=\"font-weight: 400;\">Pavell\u00f3 <\/span><\/td>\n<td><span style=\"font-weight: 400;\">22 desembre<\/span><\/td>\n<td><span style=\"font-weight: 400;\">INFANTIL-PRIM\u00c0RIA<\/span><\/td>\n<td><\/td>\n<\/tr>\n<\/tbody>\n<\/table>\n<p>&nbsp;<\/p>\n<table>\n<tbody>\n<tr>\n<td colspan=\"5\"><b>2n T R I M E S T R E<\/b><\/td>\n<\/tr>\n<tr>\n<td colspan=\"5\"><\/td>\n<\/tr>\n<tr>\n<td><b>ACTIVITAT<\/b><\/td>\n<td><b>LLOC<\/b><\/td>\n<td><b>DATA<\/b><\/td>\n<td><b>CICLE\/NIVELL<\/b><\/td>\n<td><b>DURADA<\/b><\/td>\n<\/tr>\n<tr>\n<td><b>DIA DE LA PAU<\/b><\/td>\n<td><span style=\"font-weight: 400;\">Treball del dia de la pau. Cantada d\u2019una can\u00e7\u00f3 de la pau.<\/span><\/td>\n<td><span style=\"font-weight: 400;\">30 \u00a0gener<\/span><\/td>\n<td><span style=\"font-weight: 400;\">INFANTIL-PRIM\u00c0RIA<\/span><\/td>\n<td><\/td>\n<\/tr>\n<tr>\n<td><b>VISITA REINA CARNESTOLTES<\/b><\/td>\n<td><span style=\"font-weight: 400;\">ESCOLA<\/span><\/td>\n<td><span style=\"font-weight: 400;\">2 \u00a0febrer<\/span><\/td>\n<td><span style=\"font-weight: 400;\">INFANTIL-PRIM\u00c0RIA<\/span><\/td>\n<td><span style=\"font-weight: 400;\">16.00-16:30<\/span><\/td>\n<\/tr>\n<tr>\n<td><b>DIJOUS LLARDER<\/b><\/td>\n<td><span style=\"font-weight: 400;\">Camp de futbol (Infantil \u2013 CI)<\/span><\/p>\n<p><span style=\"font-weight: 400;\">Parc del riu ( CM-CS)<\/span><\/td>\n<td><span style=\"font-weight: 400;\">8 \u00a0febrer<\/span><\/td>\n<td><span style=\"font-weight: 400;\">INFANTIL-PRIM\u00c0RIA<\/span><\/td>\n<td><span style=\"font-weight: 400;\">15-16:30<\/span><\/td>\n<\/tr>\n<tr>\n<td><b>FESTA DE CARNESTOLTES<\/b><\/td>\n<td><span style=\"font-weight: 400;\">Rua pels carrers del voltant de l\u2019escola<\/span><\/td>\n<td><span style=\"font-weight: 400;\">9 febrer<\/span><\/td>\n<td><span style=\"font-weight: 400;\">INFANTIL-PRIM\u00c0RIA<\/span><\/td>\n<td><span style=\"font-weight: 400;\">15-16:30<\/span><\/td>\n<\/tr>\n<tr>\n<td><b>SORTIDA \u201cM\u00d3N NATURA\u201d<\/b><\/td>\n<td><span style=\"font-weight: 400;\">M\u00f3n Natura del Delta de l\u2019Ebre<\/span><\/td>\n<td><\/td>\n<td><span style=\"font-weight: 400;\">5\u00e8<\/span><\/td>\n<td><span style=\"font-weight: 400;\">9:00 a 16:30<\/span><\/td>\n<\/tr>\n<tr>\n<td><b>COL\u00d2NIES 6\u00e8.<\/b><\/td>\n<td><span style=\"font-weight: 400;\">Neu \/ Vall de N\u00faria<\/span><\/td>\n<td><span style=\"font-weight: 400;\">7-8-9 febrer<\/span><\/td>\n<td><span style=\"font-weight: 400;\">Cicle Superior 6\u00e8<\/span><\/td>\n<td><\/td>\n<\/tr>\n<\/tbody>\n<\/table>\n<p>&nbsp;<\/p>\n<table>\n<tbody>\n<tr>\n<td colspan=\"5\"><b>3r T R I M E S T R E<\/b><\/td>\n<\/tr>\n<tr>\n<td colspan=\"5\"><\/td>\n<\/tr>\n<tr>\n<td><b>ACTIVITAT<\/b><\/td>\n<td><b>LLOC<\/b><\/td>\n<td><b>DATA<\/b><\/td>\n<td><b>CICLE\/NIVELL<\/b><\/td>\n<td><b>DURADA<\/b><\/td>\n<\/tr>\n<tr>\n<td><b>BAR\u00c7A KIDS<\/b><\/td>\n<td><\/td>\n<td><\/td>\n<td><\/td>\n<td><\/td>\n<\/tr>\n<tr>\n<td><b>SORTIDA AL PARC DE BOMBERS <\/b><\/td>\n<td><span style=\"font-weight: 400;\">Amposta<\/span><\/td>\n<td><span style=\"font-weight: 400;\"> \u00a0abril<\/span><\/td>\n<td><span style=\"font-weight: 400;\">INFANTIL. P5.<\/span><\/td>\n<td><span style=\"font-weight: 400;\">Tot el mat\u00ed<\/span><\/td>\n<\/tr>\n<tr>\n<td><b>COL\u00d2NIES infantil<\/b><\/td>\n<td><span style=\"font-weight: 400;\">Rasquera<\/span><\/td>\n<td><\/td>\n<td><span style=\"font-weight: 400;\">CICLE INFANTIL<\/span><\/td>\n<td><\/td>\n<\/tr>\n<tr>\n<td><b>SORTIDA CI<\/b><\/td>\n<td><\/td>\n<td><\/td>\n<td><span style=\"font-weight: 400;\">CICLE INICIAL<\/span><\/td>\n<td><span style=\"font-weight: 400;\">Tot el mat\u00ed<\/span><\/td>\n<\/tr>\n<tr>\n<td><b>SORTIDA CM<\/b><\/td>\n<td><\/td>\n<td><\/td>\n<td><span style=\"font-weight: 400;\">CICLE MITJ\u00c0<\/span><\/td>\n<td><span style=\"font-weight: 400;\">Tot el mat\u00ed<\/span><\/td>\n<\/tr>\n<tr>\n<td><b>SORTIDA TARRACO ROMANA<\/b><\/td>\n<td><span style=\"font-weight: 400;\">Tarragona<\/span><\/td>\n<td><span style=\"font-weight: 400;\">maig<\/span><\/td>\n<td><span style=\"font-weight: 400;\">CICLE SUPERIOR 5\u00e8<\/span><\/td>\n<td><span style=\"font-weight: 400;\">De 8 a 17<\/span><\/td>\n<\/tr>\n<tr>\n<td><b>TEATRE \u00a0\u201cDELTATEATRE\u201d<\/b><\/td>\n<td><span style=\"font-weight: 400;\">Centre C\u00edvic<\/span><\/td>\n<td><span style=\"font-weight: 400;\">Maig<\/span><\/td>\n<td><span style=\"font-weight: 400;\">tots<\/span><\/td>\n<td><span style=\"font-weight: 400;\">Mat\u00ed i tarda<\/span><\/td>\n<\/tr>\n<tr>\n<td><b>TROBADA (alumnes 6\u00e8 Deltebre)<\/b><\/td>\n<td><\/td>\n<td><span style=\"font-weight: 400;\">Juny<\/span><\/td>\n<td><span style=\"font-weight: 400;\">6\u00e8<\/span><\/td>\n<td><span style=\"font-weight: 400;\">Tarda<\/span><\/td>\n<\/tr>\n<tr>\n<td><b>FESTA FI DE CURS<\/b><\/td>\n<td><span style=\"font-weight: 400;\">Escola\/Pavell\u00f3 Josep Luque <\/span><\/td>\n<td><span style=\"font-weight: 400;\">22 juny<\/span><\/td>\n<td><span style=\"font-weight: 400;\">INFANTIL I PRIM\u00c0RIA <\/span><\/td>\n<td><span style=\"font-weight: 400;\">Mati <\/span><\/td>\n<\/tr>\n<tr>\n<td><b>FESTA FI DE CURS<\/b><\/p>\n<p><b>(AMPA)<\/b><\/td>\n<td><span style=\"font-weight: 400;\">Escola\/Pavell\u00f3 Josep Luque <\/span><\/td>\n<td><span style=\"font-weight: 400;\">\u00daltima setmana curs<\/span><\/td>\n<td><span style=\"font-weight: 400;\">INFANTIL I PRIM\u00c0RIA (oberta a tot el p\u00fablic)<\/span><\/td>\n<td><span style=\"font-weight: 400;\">Tarda<\/span><\/td>\n<\/tr>\n<tr>\n<td><b>FESTA FI DE CURS (6\u00e8)<\/b><\/p>\n<p><b>(AMPA)<\/b><\/td>\n<td><span style=\"font-weight: 400;\">Escola i Pavell\u00f3 Josep Luque<\/span><\/td>\n<td><span style=\"font-weight: 400;\">\u00daltima setmana curs<\/span><\/td>\n<td><span style=\"font-weight: 400;\">6\u00e8 (oberta a tot el p\u00fablic)<\/span><\/td>\n<td><span style=\"font-weight: 400;\">Tarda\/nit<\/span><\/td>\n<\/tr>\n<\/tbody>\n<\/table>\n","protected":false},"excerpt":{"rendered":"<p>PROGRAMACI\u00d3 ANUAL DE LES ACTIVITATS COMPLEMENT\u00c0RIES Tenen consideraci\u00f3 d\u2019activitats complement\u00e0ries aquelles activitats escolars que figuren expressament incloses amb aquesta denominaci\u00f3 a la Programaci\u00f3 General Anual de Centre i, han d\u2019estar aprovades pel Consell Escolar abans que finalitzi el m\u00e9s d\u2019octubre de cada curs acad\u00e8mic, tot i que es permetr\u00e0 la inclusi\u00f3 i\/o supressi\u00f3 d\u2019algunes activitats [&hellip;]<\/p>\n","protected":false},"author":1,"featured_media":0,"parent":22,"menu_order":70,"comment_status":"closed","ping_status":"closed","template":"page-templates\/side-menu.php","meta":{"_bbp_topic_count":0,"_bbp_reply_count":0,"_bbp_total_topic_count":0,"_bbp_total_reply_count":0,"_bbp_voice_count":0,"_bbp_anonymous_reply_count":0,"_bbp_topic_count_hidden":0,"_bbp_reply_count_hidden":0,"_bbp_forum_subforum_count":0,"site-sidebar-layout":"default","site-content-layout":"","ast-site-content-layout":"","site-content-style":"default","site-sidebar-style":"default","ast-global-header-display":"","ast-banner-title-visibility":"","ast-main-header-display":"","ast-hfb-above-header-display":"","ast-hfb-below-header-display":"","ast-hfb-mobile-header-display":"","site-post-title":"","ast-breadcrumbs-content":"","ast-featured-img":"","footer-sml-layout":"","theme-transparent-header-meta":"","adv-header-id-meta":"","stick-header-meta":"","header-above-stick-meta":"","header-main-stick-meta":"","header-below-stick-meta":"","astra-migrate-meta-layouts":"default","ast-page-background-enabled":"default","ast-page-background-meta":{"desktop":{"background-color":"var(--ast-global-color-4)","background-image":"","background-repeat":"repeat","background-position":"center center","background-size":"auto","background-attachment":"scroll","background-type":"","background-media":"","overlay-type":"","overlay-color":"","overlay-opacity":"","overlay-gradient":""},"tablet":{"background-color":"","background-image":"","background-repeat":"repeat","background-position":"center center","background-size":"auto","background-attachment":"scroll","background-type":"","background-media":"","overlay-type":"","overlay-color":"","overlay-opacity":"","overlay-gradient":""},"mobile":{"background-color":"","background-image":"","background-repeat":"repeat","background-position":"center center","background-size":"auto","background-attachment":"scroll","background-type":"","background-media":"","overlay-type":"","overlay-color":"","overlay-opacity":"","overlay-gradient":""}},"ast-content-background-meta":{"desktop":{"background-color":"var(--ast-global-color-5)","background-image":"","background-repeat":"repeat","background-position":"center center","background-size":"auto","background-attachment":"scroll","background-type":"","background-media":"","overlay-type":"","overlay-color":"","overlay-opacity":"","overlay-gradient":""},"tablet":{"background-color":"var(--ast-global-color-5)","background-image":"","background-repeat":"repeat","background-position":"center center","background-size":"auto","background-attachment":"scroll","background-type":"","background-media":"","overlay-type":"","overlay-color":"","overlay-opacity":"","overlay-gradient":""},"mobile":{"background-color":"var(--ast-global-color-5)","background-image":"","background-repeat":"repeat","background-position":"center center","background-size":"auto","background-attachment":"scroll","background-type":"","background-media":"","overlay-type":"","overlay-color":"","overlay-opacity":"","overlay-gradient":""}},"footnotes":""},"class_list":["post-36","page","type-page","status-publish","hentry"],"post_mailing_queue_ids":[],"_links":{"self":[{"href":"https:\/\/agora.xtec.cat\/escolassumpcio\/wp-json\/wp\/v2\/pages\/36","targetHints":{"allow":["GET"]}}],"collection":[{"href":"https:\/\/agora.xtec.cat\/escolassumpcio\/wp-json\/wp\/v2\/pages"}],"about":[{"href":"https:\/\/agora.xtec.cat\/escolassumpcio\/wp-json\/wp\/v2\/types\/page"}],"author":[{"embeddable":true,"href":"https:\/\/agora.xtec.cat\/escolassumpcio\/wp-json\/wp\/v2\/users\/1"}],"replies":[{"embeddable":true,"href":"https:\/\/agora.xtec.cat\/escolassumpcio\/wp-json\/wp\/v2\/comments?post=36"}],"version-history":[{"count":3,"href":"https:\/\/agora.xtec.cat\/escolassumpcio\/wp-json\/wp\/v2\/pages\/36\/revisions"}],"predecessor-version":[{"id":1183,"href":"https:\/\/agora.xtec.cat\/escolassumpcio\/wp-json\/wp\/v2\/pages\/36\/revisions\/1183"}],"up":[{"embeddable":true,"href":"https:\/\/agora.xtec.cat\/escolassumpcio\/wp-json\/wp\/v2\/pages\/22"}],"wp:attachment":[{"href":"https:\/\/agora.xtec.cat\/escolassumpcio\/wp-json\/wp\/v2\/media?parent=36"}],"curies":[{"name":"wp","href":"https:\/\/api.w.org\/{rel}","templated":true}]}}