{"id":26,"date":"2014-09-18T12:24:32","date_gmt":"2014-09-18T11:24:32","guid":{"rendered":"http:\/\/agora.xtec.cat\/escolassumpcio\/?page_id=26"},"modified":"2025-12-02T09:59:59","modified_gmt":"2025-12-02T08:59:59","slug":"historia","status":"publish","type":"page","link":"https:\/\/agora.xtec.cat\/escolassumpcio\/lescola\/historia\/","title":{"rendered":"Hist\u00f2ria i caracter\u00edstiques"},"content":{"rendered":"<p style=\"text-align: justify;\"><span style=\"font-weight: 400;\">L\u2019escola<strong> L\u2019Assumpci\u00f3<\/strong> \u00e9s un centre de titularitat<em> p\u00fablica<\/em>, depenent directament del Departament d\u2019Ensenyament de la Generalitat de Catalunya. \u00c9s una escola situada en un medi rural a la poblaci\u00f3 de <strong>Deltebre<\/strong>, a la comarca del <em>Baix Ebre<\/em>. L\u2019escola t\u00e9 dues l\u00ednies completes que acullen els nivells des del 2n cicle d\u2019educaci\u00f3 infantil fins a prim\u00e0ria, els quals estan ubicats en tres edificis:<\/span><\/p>\n<ul style=\"text-align: justify;\">\n<li style=\"font-weight: 400;\"><span style=\"font-weight: 400;\">L\u2019edifici de<strong> Prim\u00e0ria<\/strong>, constru\u00eft el <strong>1988<\/strong>, que consta de dues plantes.<\/span><\/li>\n<li style=\"font-weight: 400;\"><span style=\"font-weight: 400;\">L\u2019edifici del d&#8217;<strong>Infantil,<\/strong> constru\u00eft el <strong>2002<\/strong>, que consta d\u2019una sola planta.<\/span><\/li>\n<\/ul>\n<p style=\"text-align: justify;\"><span style=\"font-weight: 400;\">Hi ha dues zones d\u2019esbarjo, una per a prim\u00e0ria i l\u2019altra per a infantil. La pr\u00e0ctica de l\u2019esport es pot realitzar al pati de l\u2019esbarjo i tamb\u00e9 als dos recintes esportius municipals que hi ha al costat del centre, entre ells el pavell\u00f3 polivalent Josep Luque.<\/span><\/p>\n<p style=\"text-align: justify;\"><span style=\"font-weight: 400;\">La llengua familiar i de relaci\u00f3 de l\u2019alumnat \u00e9s la catalana. Es presenta, per\u00f2, algun cas a\u00efllat de fam\u00edlies no catalanoparlants; el grau de normalitzaci\u00f3 ling\u00fc\u00edstica de l\u2019alumnat \u00e9s molt elevat.<\/span><\/p>\n<p style=\"text-align: justify;\"><span style=\"font-weight: 400;\">L\u2019escola t\u00e9 servei de menjador, gestionat per l\u2019AFA, i no gaudeix de transport escolar.<\/span><\/p>\n<p style=\"text-align: justify;\"><span style=\"font-weight: 400;\">L\u2019alumnat s\u2019acull al r\u00e8gim d\u2019horari normal de les 9.00 a les 12.30h., i de les 15.00 a les 16.30h., podent restar al centre de les 12.30 a les 13.30h. per realitzar activitats de suport escolar; i tamb\u00e9 a partir de les 16.30h. per realitzar activitats esportives o l\u00fadiques coordinades per l\u2019AFA.<\/span><\/p>\n","protected":false},"excerpt":{"rendered":"<p>L\u2019escola L\u2019Assumpci\u00f3 \u00e9s un centre de titularitat p\u00fablica, depenent directament del Departament d\u2019Ensenyament de la Generalitat de Catalunya. \u00c9s una escola situada en un medi rural a la poblaci\u00f3 de Deltebre, a la comarca del Baix Ebre. L\u2019escola t\u00e9 dues l\u00ednies completes que acullen els nivells des del 2n cicle d\u2019educaci\u00f3 infantil fins a prim\u00e0ria, [&hellip;]<\/p>\n","protected":false},"author":1,"featured_media":0,"parent":22,"menu_order":20,"comment_status":"closed","ping_status":"closed","template":"","meta":{"_bbp_topic_count":0,"_bbp_reply_count":0,"_bbp_total_topic_count":0,"_bbp_total_reply_count":0,"_bbp_voice_count":0,"_bbp_anonymous_reply_count":0,"_bbp_topic_count_hidden":0,"_bbp_reply_count_hidden":0,"_bbp_forum_subforum_count":0,"site-sidebar-layout":"default","site-content-layout":"","ast-site-content-layout":"default","site-content-style":"default","site-sidebar-style":"default","ast-global-header-display":"","ast-banner-title-visibility":"","ast-main-header-display":"","ast-hfb-above-header-display":"","ast-hfb-below-header-display":"","ast-hfb-mobile-header-display":"","site-post-title":"","ast-breadcrumbs-content":"","ast-featured-img":"","footer-sml-layout":"","theme-transparent-header-meta":"default","adv-header-id-meta":"","stick-header-meta":"","header-above-stick-meta":"","header-main-stick-meta":"","header-below-stick-meta":"","astra-migrate-meta-layouts":"set","ast-page-background-enabled":"default","ast-page-background-meta":{"desktop":{"background-color":"var(--ast-global-color-4)","background-image":"","background-repeat":"repeat","background-position":"center center","background-size":"auto","background-attachment":"scroll","background-type":"","background-media":"","overlay-type":"","overlay-color":"","overlay-opacity":"","overlay-gradient":""},"tablet":{"background-color":"","background-image":"","background-repeat":"repeat","background-position":"center center","background-size":"auto","background-attachment":"scroll","background-type":"","background-media":"","overlay-type":"","overlay-color":"","overlay-opacity":"","overlay-gradient":""},"mobile":{"background-color":"","background-image":"","background-repeat":"repeat","background-position":"center center","background-size":"auto","background-attachment":"scroll","background-type":"","background-media":"","overlay-type":"","overlay-color":"","overlay-opacity":"","overlay-gradient":""}},"ast-content-background-meta":{"desktop":{"background-color":"var(--ast-global-color-5)","background-image":"","background-repeat":"repeat","background-position":"center center","background-size":"auto","background-attachment":"scroll","background-type":"","background-media":"","overlay-type":"","overlay-color":"","overlay-opacity":"","overlay-gradient":""},"tablet":{"background-color":"var(--ast-global-color-5)","background-image":"","background-repeat":"repeat","background-position":"center center","background-size":"auto","background-attachment":"scroll","background-type":"","background-media":"","overlay-type":"","overlay-color":"","overlay-opacity":"","overlay-gradient":""},"mobile":{"background-color":"var(--ast-global-color-5)","background-image":"","background-repeat":"repeat","background-position":"center center","background-size":"auto","background-attachment":"scroll","background-type":"","background-media":"","overlay-type":"","overlay-color":"","overlay-opacity":"","overlay-gradient":""}},"footnotes":""},"class_list":["post-26","page","type-page","status-publish","hentry"],"post_mailing_queue_ids":[],"_links":{"self":[{"href":"https:\/\/agora.xtec.cat\/escolassumpcio\/wp-json\/wp\/v2\/pages\/26","targetHints":{"allow":["GET"]}}],"collection":[{"href":"https:\/\/agora.xtec.cat\/escolassumpcio\/wp-json\/wp\/v2\/pages"}],"about":[{"href":"https:\/\/agora.xtec.cat\/escolassumpcio\/wp-json\/wp\/v2\/types\/page"}],"author":[{"embeddable":true,"href":"https:\/\/agora.xtec.cat\/escolassumpcio\/wp-json\/wp\/v2\/users\/1"}],"replies":[{"embeddable":true,"href":"https:\/\/agora.xtec.cat\/escolassumpcio\/wp-json\/wp\/v2\/comments?post=26"}],"version-history":[{"count":5,"href":"https:\/\/agora.xtec.cat\/escolassumpcio\/wp-json\/wp\/v2\/pages\/26\/revisions"}],"predecessor-version":[{"id":10553,"href":"https:\/\/agora.xtec.cat\/escolassumpcio\/wp-json\/wp\/v2\/pages\/26\/revisions\/10553"}],"up":[{"embeddable":true,"href":"https:\/\/agora.xtec.cat\/escolassumpcio\/wp-json\/wp\/v2\/pages\/22"}],"wp:attachment":[{"href":"https:\/\/agora.xtec.cat\/escolassumpcio\/wp-json\/wp\/v2\/media?parent=26"}],"curies":[{"name":"wp","href":"https:\/\/api.w.org\/{rel}","templated":true}]}}