{"id":2420,"date":"2018-10-18T13:02:25","date_gmt":"2018-10-18T11:02:25","guid":{"rendered":"http:\/\/agora.xtec.cat\/escolassumpcio\/?page_id=2420"},"modified":"2018-12-10T11:21:22","modified_gmt":"2018-12-10T10:21:22","slug":"comissions","status":"publish","type":"page","link":"https:\/\/agora.xtec.cat\/escolassumpcio\/comissions\/","title":{"rendered":"Grups de treball"},"content":{"rendered":"<h2 style=\"text-align: center;\"><span style=\"color: #008080;\"><strong>ELS NOSTRES GRUPS DE TREBALL<\/strong><\/span><\/h2>\n<table style=\"border-collapse: collapse; width: 99.5935%; height: 260px;\" border=\"1\">\n<tbody>\n<tr>\n<td style=\"width: 33.3333%; text-align: center;\">\n<h3><span style=\"color: #ff6600;\"><strong>ACTIVITATS I SERVEIS<\/strong><\/span><\/h3>\n<\/td>\n<td style=\"width: 33.3333%; text-align: center;\">\n<h3><a href=\"https:\/\/agora.xtec.cat\/escolassumpcio\/categoria\/comissions\/pla-lector\/\" target=\"_blank\" rel=\"noopener\"><span style=\"color: #ff00ff;\"><strong>PLEC<\/strong><\/span><\/a><\/h3>\n<\/td>\n<td style=\"width: 33.3333%; text-align: center;\">\n<h3><span style=\"color: #00ccff;\"><strong>TAC<\/strong><\/span><\/h3>\n<\/td>\n<\/tr>\n<tr>\n<td style=\"width: 33.3333%; text-align: center;\">\n<h3><span style=\"color: #ffcc00;\"><strong>BIBLIOTECA<\/strong><\/span><\/h3>\n<\/td>\n<td style=\"width: 33.3333%; text-align: center;\">\n<h3><span style=\"color: #008000;\"><strong>ESCOLA SOSTENIBLE I HORT<\/strong><\/span><\/h3>\n<\/td>\n<td style=\"width: 33.3333%; text-align: center;\">\n<h3><a href=\"https:\/\/agora.xtec.cat\/escolassumpcio\/categoria\/comissions\/convivencia\/\" target=\"_blank\" rel=\"noopener\"><span style=\"color: #ff0000;\"><b>CONVIV\u00c8NCIA<\/b><\/span><\/a><\/h3>\n<\/td>\n<\/tr>\n<tr>\n<td style=\"width: 33.3333%; text-align: center;\">\n<h3><span style=\"color: #808080;\"><strong>CAD<\/strong><\/span><\/h3>\n<\/td>\n<td style=\"width: 33.3333%; text-align: center;\">\n<h3><span style=\"color: #333399;\"><strong>DEPARTAMENT D&#8217;ANGL\u00c8S<\/strong><\/span><\/h3>\n<\/td>\n<td style=\"width: 33.3333%; text-align: center;\">\n<h3><span style=\"color: #993300;\"><strong>M\u00daSICA A L&#8217;ESCOLA<\/strong><\/span><\/h3>\n<\/td>\n<\/tr>\n<\/tbody>\n<\/table>\n","protected":false},"excerpt":{"rendered":"<p>ELS NOSTRES GRUPS DE TREBALL ACTIVITATS I SERVEIS PLEC TAC BIBLIOTECA ESCOLA SOSTENIBLE I HORT CONVIV\u00c8NCIA CAD DEPARTAMENT D&#8217;ANGL\u00c8S M\u00daSICA A L&#8217;ESCOLA<\/p>\n","protected":false},"author":1,"featured_media":0,"parent":0,"menu_order":0,"comment_status":"closed","ping_status":"closed","template":"","meta":{"_bbp_topic_count":0,"_bbp_reply_count":0,"_bbp_total_topic_count":0,"_bbp_total_reply_count":0,"_bbp_voice_count":0,"_bbp_anonymous_reply_count":0,"_bbp_topic_count_hidden":0,"_bbp_reply_count_hidden":0,"_bbp_forum_subforum_count":0,"site-sidebar-layout":"default","site-content-layout":"","ast-site-content-layout":"","site-content-style":"default","site-sidebar-style":"default","ast-global-header-display":"","ast-banner-title-visibility":"","ast-main-header-display":"","ast-hfb-above-header-display":"","ast-hfb-below-header-display":"","ast-hfb-mobile-header-display":"","site-post-title":"","ast-breadcrumbs-content":"","ast-featured-img":"","footer-sml-layout":"","theme-transparent-header-meta":"","adv-header-id-meta":"","stick-header-meta":"","header-above-stick-meta":"","header-main-stick-meta":"","header-below-stick-meta":"","astra-migrate-meta-layouts":"default","ast-page-background-enabled":"default","ast-page-background-meta":{"desktop":{"background-color":"var(--ast-global-color-4)","background-image":"","background-repeat":"repeat","background-position":"center center","background-size":"auto","background-attachment":"scroll","background-type":"","background-media":"","overlay-type":"","overlay-color":"","overlay-opacity":"","overlay-gradient":""},"tablet":{"background-color":"","background-image":"","background-repeat":"repeat","background-position":"center center","background-size":"auto","background-attachment":"scroll","background-type":"","background-media":"","overlay-type":"","overlay-color":"","overlay-opacity":"","overlay-gradient":""},"mobile":{"background-color":"","background-image":"","background-repeat":"repeat","background-position":"center center","background-size":"auto","background-attachment":"scroll","background-type":"","background-media":"","overlay-type":"","overlay-color":"","overlay-opacity":"","overlay-gradient":""}},"ast-content-background-meta":{"desktop":{"background-color":"var(--ast-global-color-5)","background-image":"","background-repeat":"repeat","background-position":"center center","background-size":"auto","background-attachment":"scroll","background-type":"","background-media":"","overlay-type":"","overlay-color":"","overlay-opacity":"","overlay-gradient":""},"tablet":{"background-color":"var(--ast-global-color-5)","background-image":"","background-repeat":"repeat","background-position":"center center","background-size":"auto","background-attachment":"scroll","background-type":"","background-media":"","overlay-type":"","overlay-color":"","overlay-opacity":"","overlay-gradient":""},"mobile":{"background-color":"var(--ast-global-color-5)","background-image":"","background-repeat":"repeat","background-position":"center center","background-size":"auto","background-attachment":"scroll","background-type":"","background-media":"","overlay-type":"","overlay-color":"","overlay-opacity":"","overlay-gradient":""}},"footnotes":""},"class_list":["post-2420","page","type-page","status-publish","hentry"],"post_mailing_queue_ids":[],"_links":{"self":[{"href":"https:\/\/agora.xtec.cat\/escolassumpcio\/wp-json\/wp\/v2\/pages\/2420","targetHints":{"allow":["GET"]}}],"collection":[{"href":"https:\/\/agora.xtec.cat\/escolassumpcio\/wp-json\/wp\/v2\/pages"}],"about":[{"href":"https:\/\/agora.xtec.cat\/escolassumpcio\/wp-json\/wp\/v2\/types\/page"}],"author":[{"embeddable":true,"href":"https:\/\/agora.xtec.cat\/escolassumpcio\/wp-json\/wp\/v2\/users\/1"}],"replies":[{"embeddable":true,"href":"https:\/\/agora.xtec.cat\/escolassumpcio\/wp-json\/wp\/v2\/comments?post=2420"}],"version-history":[{"count":3,"href":"https:\/\/agora.xtec.cat\/escolassumpcio\/wp-json\/wp\/v2\/pages\/2420\/revisions"}],"predecessor-version":[{"id":2805,"href":"https:\/\/agora.xtec.cat\/escolassumpcio\/wp-json\/wp\/v2\/pages\/2420\/revisions\/2805"}],"wp:attachment":[{"href":"https:\/\/agora.xtec.cat\/escolassumpcio\/wp-json\/wp\/v2\/media?parent=2420"}],"curies":[{"name":"wp","href":"https:\/\/api.w.org\/{rel}","templated":true}]}}