{"id":22,"date":"2014-09-18T12:19:57","date_gmt":"2014-09-18T11:19:57","guid":{"rendered":"http:\/\/agora.xtec.cat\/escolassumpcio\/?page_id=22"},"modified":"2024-10-04T09:59:49","modified_gmt":"2024-10-04T07:59:49","slug":"lescola","status":"publish","type":"page","link":"https:\/\/agora.xtec.cat\/escolassumpcio\/lescola\/","title":{"rendered":"L&#8217;escola"},"content":{"rendered":"<p style=\"text-align: justify;\">L\u2019escola<strong>\u00a0L\u2019Assumpci\u00f3<\/strong>\u00a0\u00e9s un centre de titularitat<em>\u00a0p\u00fablica<\/em>, depenent directament del Departament d\u2019Educaci\u00f3 de la Generalitat de Catalunya. \u00c9s una escola situada en un medi rural a la poblaci\u00f3 de\u00a0<strong>Deltebre<\/strong>, a la comarca del\u00a0<em>Baix Ebre<\/em>. L\u2019escola t\u00e9 dues l\u00ednies completes que acullen els nivells des del 2n cicle d\u2019educaci\u00f3 infantil fins a prim\u00e0ria, els quals estan ubicats en tres edificis:<\/p>\n<ul>\n<li style=\"text-align: justify;\">L\u2019edifici de<strong>\u00a0Prim\u00e0ria<\/strong>, constru\u00eft el\u00a0<strong>1988<\/strong>, que consta de dues plantes.<\/li>\n<li style=\"text-align: justify;\">L\u2019edifici del\u00a0<strong>Parvulari<\/strong>, constru\u00eft el\u00a0<strong>2002<\/strong>, que consta d\u2019una sola planta.<\/li>\n<\/ul>\n<p style=\"text-align: justify;\">Hi ha dues zones d\u2019esbarjo, una per a prim\u00e0ria i l\u2019altra per a infantil. La pr\u00e0ctica de l\u2019esport es pot realitzar al pati de l\u2019escola i tamb\u00e9 als dos recintes esportius municipals que hi ha al costat del centre, entre ells el pavell\u00f3 polivalent Josep Luque.<\/p>\n<p style=\"text-align: justify;\">La llengua familiar i de relaci\u00f3 de l\u2019alumnat \u00e9s la catalana. Es presenta, per\u00f2, algun cas a\u00efllat de fam\u00edlies no catalanoparlants; el grau de normalitzaci\u00f3 ling\u00fc\u00edstica de l\u2019alumnat \u00e9s molt elevat.<\/p>\n<p style=\"text-align: justify;\">L\u2019escola t\u00e9 servei de menjador, gestionat per l\u2019AFA, i no gaudeix de transport escolar.<\/p>\n<p style=\"text-align: justify;\">L\u2019alumnat s\u2019acull al r\u00e8gim d\u2019horari normal de les 9.00 a les 12.30 h, i de les 15.00 a les 16.30 h, podent restar al centre de les 12.30 a les 13.30 h per realitzar activitats de suport escolar; i tamb\u00e9 a partir de les 16.30 h per realitzar activitats esportives o l\u00fadiques coordinades per l\u2019AFA.<\/p>\n","protected":false},"excerpt":{"rendered":"<p>L\u2019escola\u00a0L\u2019Assumpci\u00f3\u00a0\u00e9s un centre de titularitat\u00a0p\u00fablica, depenent directament del Departament d\u2019Educaci\u00f3 de la Generalitat de Catalunya. \u00c9s una escola situada en un medi rural a la poblaci\u00f3 de\u00a0Deltebre, a la comarca del\u00a0Baix Ebre. L\u2019escola t\u00e9 dues l\u00ednies completes que acullen els nivells des del 2n cicle d\u2019educaci\u00f3 infantil fins a prim\u00e0ria, els quals estan ubicats en [&hellip;]<\/p>\n","protected":false},"author":1,"featured_media":0,"parent":0,"menu_order":0,"comment_status":"closed","ping_status":"closed","template":"page-templates\/side-menu.php","meta":{"_bbp_topic_count":0,"_bbp_reply_count":0,"_bbp_total_topic_count":0,"_bbp_total_reply_count":0,"_bbp_voice_count":0,"_bbp_anonymous_reply_count":0,"_bbp_topic_count_hidden":0,"_bbp_reply_count_hidden":0,"_bbp_forum_subforum_count":0,"site-sidebar-layout":"default","site-content-layout":"","ast-site-content-layout":"","site-content-style":"default","site-sidebar-style":"default","ast-global-header-display":"","ast-banner-title-visibility":"","ast-main-header-display":"","ast-hfb-above-header-display":"","ast-hfb-below-header-display":"","ast-hfb-mobile-header-display":"","site-post-title":"","ast-breadcrumbs-content":"","ast-featured-img":"","footer-sml-layout":"","theme-transparent-header-meta":"","adv-header-id-meta":"","stick-header-meta":"","header-above-stick-meta":"","header-main-stick-meta":"","header-below-stick-meta":"","astra-migrate-meta-layouts":"default","ast-page-background-enabled":"default","ast-page-background-meta":{"desktop":{"background-color":"var(--ast-global-color-4)","background-image":"","background-repeat":"repeat","background-position":"center center","background-size":"auto","background-attachment":"scroll","background-type":"","background-media":"","overlay-type":"","overlay-color":"","overlay-opacity":"","overlay-gradient":""},"tablet":{"background-color":"","background-image":"","background-repeat":"repeat","background-position":"center center","background-size":"auto","background-attachment":"scroll","background-type":"","background-media":"","overlay-type":"","overlay-color":"","overlay-opacity":"","overlay-gradient":""},"mobile":{"background-color":"","background-image":"","background-repeat":"repeat","background-position":"center center","background-size":"auto","background-attachment":"scroll","background-type":"","background-media":"","overlay-type":"","overlay-color":"","overlay-opacity":"","overlay-gradient":""}},"ast-content-background-meta":{"desktop":{"background-color":"var(--ast-global-color-5)","background-image":"","background-repeat":"repeat","background-position":"center center","background-size":"auto","background-attachment":"scroll","background-type":"","background-media":"","overlay-type":"","overlay-color":"","overlay-opacity":"","overlay-gradient":""},"tablet":{"background-color":"var(--ast-global-color-5)","background-image":"","background-repeat":"repeat","background-position":"center center","background-size":"auto","background-attachment":"scroll","background-type":"","background-media":"","overlay-type":"","overlay-color":"","overlay-opacity":"","overlay-gradient":""},"mobile":{"background-color":"var(--ast-global-color-5)","background-image":"","background-repeat":"repeat","background-position":"center center","background-size":"auto","background-attachment":"scroll","background-type":"","background-media":"","overlay-type":"","overlay-color":"","overlay-opacity":"","overlay-gradient":""}},"footnotes":""},"class_list":["post-22","page","type-page","status-publish","hentry"],"post_mailing_queue_ids":[],"_links":{"self":[{"href":"https:\/\/agora.xtec.cat\/escolassumpcio\/wp-json\/wp\/v2\/pages\/22","targetHints":{"allow":["GET"]}}],"collection":[{"href":"https:\/\/agora.xtec.cat\/escolassumpcio\/wp-json\/wp\/v2\/pages"}],"about":[{"href":"https:\/\/agora.xtec.cat\/escolassumpcio\/wp-json\/wp\/v2\/types\/page"}],"author":[{"embeddable":true,"href":"https:\/\/agora.xtec.cat\/escolassumpcio\/wp-json\/wp\/v2\/users\/1"}],"replies":[{"embeddable":true,"href":"https:\/\/agora.xtec.cat\/escolassumpcio\/wp-json\/wp\/v2\/comments?post=22"}],"version-history":[{"count":4,"href":"https:\/\/agora.xtec.cat\/escolassumpcio\/wp-json\/wp\/v2\/pages\/22\/revisions"}],"predecessor-version":[{"id":9273,"href":"https:\/\/agora.xtec.cat\/escolassumpcio\/wp-json\/wp\/v2\/pages\/22\/revisions\/9273"}],"wp:attachment":[{"href":"https:\/\/agora.xtec.cat\/escolassumpcio\/wp-json\/wp\/v2\/media?parent=22"}],"curies":[{"name":"wp","href":"https:\/\/api.w.org\/{rel}","templated":true}]}}