{"id":1299,"date":"2018-01-22T15:34:10","date_gmt":"2018-01-22T14:34:10","guid":{"rendered":"http:\/\/agora.xtec.cat\/escolassumpcio\/?page_id=1299"},"modified":"2022-10-03T23:41:01","modified_gmt":"2022-10-03T21:41:01","slug":"els-nostres-raconets","status":"publish","type":"page","link":"https:\/\/agora.xtec.cat\/escolassumpcio\/els-nostres-raconets\/","title":{"rendered":"Els nostres raconets"},"content":{"rendered":"<p style=\"text-align: justify;\">Aquest espai est\u00e0 dedicat a proporcionar a la comunitat educativa (docents, fam\u00edlies, alumnes i personal no docent) una gran varietat de recursos aplicables a tots els \u00e0mbits, els quals estan relacionats amb l&#8217;ensenyament i aprenentatge escolar i maduratiu del nostre alumnat i\/o fills i filles.<\/p>\n<table style=\"width: 952px; height: 531px;\">\n<tbody>\n<tr style=\"height: 202px;\">\n<td style=\"text-align: center; width: 309px; height: 37px;\" colspan=\"2\">\n<h2><strong><span style=\"color: #008080;\">Nom del web<\/span><\/strong><\/h2>\n<\/td>\n<td style=\"text-align: center; width: 326px; height: 37px;\">\n<h2><strong><span style=\"color: #008080;\">Descripci\u00f3<\/span><\/strong><\/h2>\n<\/td>\n<td style=\"text-align: center; width: 307px; height: 37px;\">\n<h2><strong><span style=\"color: #008080;\">Enlla\u00e7<\/span><\/strong><\/h2>\n<\/td>\n<\/tr>\n<tr style=\"height: 132px;\">\n<td style=\"width: 145px; height: 132px;\"><img loading=\"lazy\" decoding=\"async\" class=\"irc_mi aligncenter\" src=\"https:\/\/mediacionartistica.files.wordpress.com\/2014\/10\/faros-sant-joan-de-dc3a9u.png?w=840\" alt=\"Resultat d'imatges de faros sant joan de deu\" width=\"103\" height=\"97\" \/><\/td>\n<td style=\"text-align: center; width: 162px; height: 132px;\"><strong><span style=\"color: #ff0000;\">FAROS<\/span><\/strong><\/td>\n<td style=\"width: 326px; height: 132px;\"><strong>Guia del benestar i la salut per als teus fills.<\/strong><\/td>\n<td style=\"width: 307px; height: 132px;\"><a href=\"http:\/\/faros.hsjdbcn.org\/ca\" target=\"_blank\" rel=\"noopener noreferrer\">http:\/\/faros.hsjdbcn.org\/ca<\/a><\/td>\n<\/tr>\n<tr style=\"height: 287px;\">\n<td style=\"width: 145px; height: 186px;\"><img loading=\"lazy\" decoding=\"async\" class=\"irc_mi\" src=\"https:\/\/lh3.googleusercontent.com\/yPky61mL95MeMn2-SB-r97ZjuEGQc1rCBwIho_ptFEL_lGj2jP-ZSQqp_VBqbvRT9zg=w300\" alt=\"Resultat d'imatges de jocs de lectura app\" width=\"300\" height=\"300\" \/><\/td>\n<td style=\"text-align: center; width: 162px; height: 186px;\"><span style=\"color: #ff0000;\"><strong>JOCS\u00a0 DE LECTURA<\/strong><\/span><\/td>\n<td style=\"width: 326px; height: 186px;\"><strong><span lang=\"CA\"> Aplicaci\u00f3 gratu\u00efta amb jocs de lectura per a tauletes i m\u00f2bils per ajudar els infants en el proc\u00e9s d\u2019aprenentatge de la lectura, oferint-los una eina motivadora que t\u00e9 en compte que el nostres xiquets\/es viuen immersos en un entorn on les noves tecnologies formen part essencial de la seva vida.<br \/>\n<\/span><\/strong><\/td>\n<td style=\"width: 307px; height: 186px;\"><a href=\"http:\/\/www.jocsdelectura.com\/\" target=\"_blank\" rel=\"noopener noreferrer\">http:\/\/www.jocsdelectura.com\/<\/a><\/td>\n<\/tr>\n<tr style=\"height: 265px;\">\n<td style=\"width: 145px; height: 166px;\"><a href=\"https:\/\/agora.xtec.cat\/escolassumpcio\/wp-content\/uploads\/usu42\/2018\/10\/icona.jpg\"><img loading=\"lazy\" decoding=\"async\" class=\"alignnone size-full wp-image-2442\" src=\"https:\/\/agora.xtec.cat\/escolassumpcio\/wp-content\/uploads\/usu42\/2018\/10\/icona.jpg\" alt=\"\" width=\"755\" height=\"725\" srcset=\"https:\/\/agora.xtec.cat\/escolassumpcio\/wp-content\/uploads\/usu42\/2018\/10\/icona.jpg 755w, https:\/\/agora.xtec.cat\/escolassumpcio\/wp-content\/uploads\/usu42\/2018\/10\/icona-300x288.jpg 300w\" sizes=\"auto, (max-width: 755px) 100vw, 755px\" \/><\/a><\/td>\n<td style=\"text-align: center; width: 162px; height: 166px;\"><span style=\"color: #ff0000;\"><b>CUIDA LA VISI\u00d3 I APRENDR\u00c0S MILLOR<\/b><\/span><\/td>\n<td style=\"width: 326px; height: 166px;\"><strong><span lang=\"CA\">La visi\u00f3 \u00e9s un proc\u00e9s complex i fonamental per a l\u2019aprenentatge escolar. \u00c9s necessari desenvolupar, entrenar i gaudir de bones habilitats visuals que permetin als infants llegir m\u00e9s r\u00e0pidament i comprendre millor el que llegeixen.\u00a0<\/span><\/strong><\/td>\n<td style=\"width: 307px; height: 166px;\"><a href=\"http:\/\/www.coooc.cat\/fotos\/Cuida%20la%20visio%C2%B4%20%20i%20aprendra%60s%20millor.pdf\" target=\"_blank\" rel=\"noopener noreferrer\">Protocol de salut visual<\/a><\/td>\n<\/tr>\n<tr style=\"height: 10px;\">\n<td style=\"width: 145px; height: 10px;\">\u00a0<a href=\"https:\/\/agora.xtec.cat\/escolassumpcio\/wp-content\/uploads\/usu42\/2019\/01\/logo-koala-text.jpg\"><img loading=\"lazy\" decoding=\"async\" class=\"alignnone size-full wp-image-3003\" src=\"https:\/\/agora.xtec.cat\/escolassumpcio\/wp-content\/uploads\/usu42\/2019\/01\/logo-koala-text.jpg\" alt=\"\" width=\"900\" height=\"900\" srcset=\"https:\/\/agora.xtec.cat\/escolassumpcio\/wp-content\/uploads\/usu42\/2019\/01\/logo-koala-text.jpg 900w, https:\/\/agora.xtec.cat\/escolassumpcio\/wp-content\/uploads\/usu42\/2019\/01\/logo-koala-text-150x150.jpg 150w, https:\/\/agora.xtec.cat\/escolassumpcio\/wp-content\/uploads\/usu42\/2019\/01\/logo-koala-text-300x300.jpg 300w, https:\/\/agora.xtec.cat\/escolassumpcio\/wp-content\/uploads\/usu42\/2019\/01\/logo-koala-text-768x768.jpg 768w\" sizes=\"auto, (max-width: 900px) 100vw, 900px\" \/><\/a><\/td>\n<td style=\"text-align: center; width: 162px; height: 10px;\"><span style=\"color: #ff0000;\"><b>APR\u00c8N ANGL\u00c8S AMB KOALATEXT<\/b><\/span><\/td>\n<td style=\"width: 326px; height: 10px;\"><strong><span lang=\"CA\">\u00c9s una APP gratu\u00efta de comprensi\u00f3 lectora per aprendre l\u2019angl\u00e8s jugant.<\/span><\/strong><\/td>\n<td style=\"width: 307px; height: 10px;\"><a href=\"https:\/\/drive.google.com\/file\/d\/18uOt0zygDKIxMb7NDQT8WIrP95kp9uld\/view?usp=sharing\" target=\"_blank\" rel=\"noopener noreferrer\">Enlla\u00e7 a l&#8217;aplicaci\u00f3<\/a><\/td>\n<\/tr>\n<\/tbody>\n<\/table>\n<p>&nbsp;<\/p>\n","protected":false},"excerpt":{"rendered":"<p>Aquest espai est\u00e0 dedicat a proporcionar a la comunitat educativa (docents, fam\u00edlies, alumnes i personal no docent) una gran varietat de recursos aplicables a tots els \u00e0mbits, els quals estan relacionats amb l&#8217;ensenyament i aprenentatge escolar i maduratiu del nostre alumnat i\/o fills i filles. Nom del web Descripci\u00f3 Enlla\u00e7 FAROS Guia del benestar i [&hellip;]<\/p>\n","protected":false},"author":1,"featured_media":0,"parent":0,"menu_order":0,"comment_status":"closed","ping_status":"closed","template":"","meta":{"_bbp_topic_count":0,"_bbp_reply_count":0,"_bbp_total_topic_count":0,"_bbp_total_reply_count":0,"_bbp_voice_count":0,"_bbp_anonymous_reply_count":0,"_bbp_topic_count_hidden":0,"_bbp_reply_count_hidden":0,"_bbp_forum_subforum_count":0,"site-sidebar-layout":"default","site-content-layout":"","ast-site-content-layout":"","site-content-style":"default","site-sidebar-style":"default","ast-global-header-display":"","ast-banner-title-visibility":"","ast-main-header-display":"","ast-hfb-above-header-display":"","ast-hfb-below-header-display":"","ast-hfb-mobile-header-display":"","site-post-title":"","ast-breadcrumbs-content":"","ast-featured-img":"","footer-sml-layout":"","theme-transparent-header-meta":"","adv-header-id-meta":"","stick-header-meta":"","header-above-stick-meta":"","header-main-stick-meta":"","header-below-stick-meta":"","astra-migrate-meta-layouts":"default","ast-page-background-enabled":"default","ast-page-background-meta":{"desktop":{"background-color":"var(--ast-global-color-4)","background-image":"","background-repeat":"repeat","background-position":"center center","background-size":"auto","background-attachment":"scroll","background-type":"","background-media":"","overlay-type":"","overlay-color":"","overlay-opacity":"","overlay-gradient":""},"tablet":{"background-color":"","background-image":"","background-repeat":"repeat","background-position":"center center","background-size":"auto","background-attachment":"scroll","background-type":"","background-media":"","overlay-type":"","overlay-color":"","overlay-opacity":"","overlay-gradient":""},"mobile":{"background-color":"","background-image":"","background-repeat":"repeat","background-position":"center center","background-size":"auto","background-attachment":"scroll","background-type":"","background-media":"","overlay-type":"","overlay-color":"","overlay-opacity":"","overlay-gradient":""}},"ast-content-background-meta":{"desktop":{"background-color":"var(--ast-global-color-5)","background-image":"","background-repeat":"repeat","background-position":"center center","background-size":"auto","background-attachment":"scroll","background-type":"","background-media":"","overlay-type":"","overlay-color":"","overlay-opacity":"","overlay-gradient":""},"tablet":{"background-color":"var(--ast-global-color-5)","background-image":"","background-repeat":"repeat","background-position":"center center","background-size":"auto","background-attachment":"scroll","background-type":"","background-media":"","overlay-type":"","overlay-color":"","overlay-opacity":"","overlay-gradient":""},"mobile":{"background-color":"var(--ast-global-color-5)","background-image":"","background-repeat":"repeat","background-position":"center center","background-size":"auto","background-attachment":"scroll","background-type":"","background-media":"","overlay-type":"","overlay-color":"","overlay-opacity":"","overlay-gradient":""}},"footnotes":""},"class_list":["post-1299","page","type-page","status-publish","hentry"],"post_mailing_queue_ids":[],"_links":{"self":[{"href":"https:\/\/agora.xtec.cat\/escolassumpcio\/wp-json\/wp\/v2\/pages\/1299","targetHints":{"allow":["GET"]}}],"collection":[{"href":"https:\/\/agora.xtec.cat\/escolassumpcio\/wp-json\/wp\/v2\/pages"}],"about":[{"href":"https:\/\/agora.xtec.cat\/escolassumpcio\/wp-json\/wp\/v2\/types\/page"}],"author":[{"embeddable":true,"href":"https:\/\/agora.xtec.cat\/escolassumpcio\/wp-json\/wp\/v2\/users\/1"}],"replies":[{"embeddable":true,"href":"https:\/\/agora.xtec.cat\/escolassumpcio\/wp-json\/wp\/v2\/comments?post=1299"}],"version-history":[{"count":3,"href":"https:\/\/agora.xtec.cat\/escolassumpcio\/wp-json\/wp\/v2\/pages\/1299\/revisions"}],"predecessor-version":[{"id":7374,"href":"https:\/\/agora.xtec.cat\/escolassumpcio\/wp-json\/wp\/v2\/pages\/1299\/revisions\/7374"}],"wp:attachment":[{"href":"https:\/\/agora.xtec.cat\/escolassumpcio\/wp-json\/wp\/v2\/media?parent=1299"}],"curies":[{"name":"wp","href":"https:\/\/api.w.org\/{rel}","templated":true}]}}