{"id":1029,"date":"2017-12-03T20:18:30","date_gmt":"2017-12-03T19:18:30","guid":{"rendered":"http:\/\/agora.xtec.cat\/escolassumpcio\/?page_id=1029"},"modified":"2018-01-10T15:37:16","modified_gmt":"2018-01-10T14:37:16","slug":"programa-de-salut-integral","status":"publish","type":"page","link":"https:\/\/agora.xtec.cat\/escolassumpcio\/programa-de-salut-integral\/","title":{"rendered":"Programa de Salut Integral"},"content":{"rendered":"<h5 style=\"text-align: justify;\"><\/h5>\n<h2 style=\"text-align: center;\"><span style=\"color: #ff6600;\">Programa SI! d\u2019Educaci\u00f3 Infantil<\/span><\/h2>\n<h5 style=\"text-align: justify;\"><\/h5>\n<table>\n<tbody>\n<tr>\n<td>\n<h3><span style=\"color: #ff6600;\"><img decoding=\"async\" src=\"http:\/\/blocs.xtec.cat\/ceiptorrojaimiret\/files\/2014\/02\/programa-si-ok.jpg\" alt=\"Resultat d'imatges de programa de salut integral\" \/><\/span><\/h3>\n<\/td>\n<td><span style=\"color: #ff6600;\"><em><strong><span style=\"color: #000000;\">Clicant al seg\u00fcent enlla\u00e7, accedir\u00e0s al web:<\/span><\/strong>\u00a0<a style=\"color: #ff6600;\" href=\"http:\/\/www.programasi.org\/ca\/\" target=\"_blank\" rel=\"noopener noreferrer\">http:\/\/www.programasi.org\/ca\/\u00a0<\/a><\/em><\/span><\/p>\n<p><span style=\"color: #000000;\">Un cop dintre clica a la pestanya que diu<span style=\"color: #ff6600;\"> Intranet<\/span> (situada a sobre de la franja taronja a la part superior dreta de la pantalla).<\/span><\/p>\n<p><span style=\"color: #ff6600;\"><span style=\"color: #000000;\">Et demanar\u00e0 un <span style=\"color: #ff6600;\">usuari i contrasenya<\/span>, has d&#8217;escriure els que l&#8217;escola et va enviar per correu.<\/span><\/span><\/td>\n<\/tr>\n<tr>\n<td>\n<h3><span style=\"color: #ff6600;\">Quin \u00e9s l&#8217;objectiu?<\/span><\/h3>\n<\/td>\n<td style=\"text-align: justify;\">\n<blockquote><p><span style=\"color: #ff6600;\"><span style=\"color: #000000;\">El programa d&#8217;intervenci\u00f3 escolar est\u00e0 dirigit a nens i nenes de 3 a 16 anys amb un clar objectiu: demostrar que <span style=\"color: #ff6600;\">l&#8217;adquisici\u00f3 d&#8217;h\u00e0bits saludables<\/span> des de la inf\u00e0ncia <span style=\"color: #ff6600;\">redueix els riscs<\/span> de patir <span style=\"color: #ff6600;\">malalties cardiovasculars<\/span> i millora la qualitat de vida en l&#8217;edat adulta.<\/span><\/span><\/p><\/blockquote>\n<\/td>\n<\/tr>\n<tr>\n<td>\n<h3><span style=\"color: #ff6600;\">Factors de risc<\/span><\/h3>\n<\/td>\n<td style=\"text-align: justify;\">\n<blockquote><p><span style=\"color: #000000;\">Les malalties cardiovasculars s\u00f3n la primera causa de mortalitat al m\u00f3n. Diversos estudis posen de manifest que els principals factors de risc d&#8217;aquestes patologies s\u00f3n <span style=\"color: #ff6600;\">l&#8217;obesitat<\/span> i els factors associats a ella (la diabetis i la hipertensi\u00f3 arterial), fruit d&#8217;una alimentaci\u00f3 incorrecta i de la manca d&#8217;activitat f\u00edsica.<\/span><\/p><\/blockquote>\n<\/td>\n<\/tr>\n<tr>\n<td>\n<h3><span style=\"color: #ff6600;\">Resultats<\/span><\/h3>\n<\/td>\n<td>\n<ul>\n<li style=\"text-align: justify;\">Els resultats finals mostren que la implantaci\u00f3 del Programa de Salut Integral d&#8217;Educaci\u00f3 Infantil ha produ\u00eft difer\u00e8ncies significatives pel que fa a\u00a0coneixements, actituds i h\u00e0bits, respecte d\u2019un estil de vida saludable,\u00a0en els tres cursos implicats: 1r, 2n i 3r curs del segon cicle d&#8217;Educaci\u00f3 Infantil. Les millores generals es deuen, en gran mesura, a la pr\u00e0ctica d&#8217;activitat f\u00edsica.<\/li>\n<li style=\"text-align: justify;\">Si b\u00e9 el major impacte en el coneixement es produeix en els primers anys, no \u00e9s fins al tercer any d&#8217;intervenci\u00f3 que es produeix un impacte en modificacions d&#8217;h\u00e0bits que supera al de coneixements i actituds, especialment la modificaci\u00f3 d&#8217;h\u00e0bits alimentaris.<\/li>\n<li style=\"text-align: justify;\">De la mateixa manera, despr\u00e9s de la intervenci\u00f3 de 3 anys, el Programa SI! no nom\u00e9s ha demostrat ser una estrat\u00e8gia efica\u00e7 i factible per educar en h\u00e0bits saludables entre els nens, sin\u00f3 tamb\u00e9 per impactar en marcadors d&#8217;adipositat (com el per\u00edmetre de la cintura o el percentatge de greix), que estan directament relacionats amb la salut cardiovascular.<\/li>\n<\/ul>\n<\/td>\n<\/tr>\n<\/tbody>\n<\/table>\n","protected":false},"excerpt":{"rendered":"<p>Programa SI! d\u2019Educaci\u00f3 Infantil Clicant al seg\u00fcent enlla\u00e7, accedir\u00e0s al web:\u00a0http:\/\/www.programasi.org\/ca\/\u00a0 Un cop dintre clica a la pestanya que diu Intranet (situada a sobre de la franja taronja a la part superior dreta de la pantalla). Et demanar\u00e0 un usuari i contrasenya, has d&#8217;escriure els que l&#8217;escola et va enviar per correu. Quin \u00e9s l&#8217;objectiu? [&hellip;]<\/p>\n","protected":false},"author":1,"featured_media":0,"parent":0,"menu_order":0,"comment_status":"closed","ping_status":"closed","template":"","meta":{"_bbp_topic_count":0,"_bbp_reply_count":0,"_bbp_total_topic_count":0,"_bbp_total_reply_count":0,"_bbp_voice_count":0,"_bbp_anonymous_reply_count":0,"_bbp_topic_count_hidden":0,"_bbp_reply_count_hidden":0,"_bbp_forum_subforum_count":0,"site-sidebar-layout":"default","site-content-layout":"","ast-site-content-layout":"","site-content-style":"default","site-sidebar-style":"default","ast-global-header-display":"","ast-banner-title-visibility":"","ast-main-header-display":"","ast-hfb-above-header-display":"","ast-hfb-below-header-display":"","ast-hfb-mobile-header-display":"","site-post-title":"","ast-breadcrumbs-content":"","ast-featured-img":"","footer-sml-layout":"","theme-transparent-header-meta":"","adv-header-id-meta":"","stick-header-meta":"","header-above-stick-meta":"","header-main-stick-meta":"","header-below-stick-meta":"","astra-migrate-meta-layouts":"default","ast-page-background-enabled":"default","ast-page-background-meta":{"desktop":{"background-color":"var(--ast-global-color-4)","background-image":"","background-repeat":"repeat","background-position":"center center","background-size":"auto","background-attachment":"scroll","background-type":"","background-media":"","overlay-type":"","overlay-color":"","overlay-opacity":"","overlay-gradient":""},"tablet":{"background-color":"","background-image":"","background-repeat":"repeat","background-position":"center center","background-size":"auto","background-attachment":"scroll","background-type":"","background-media":"","overlay-type":"","overlay-color":"","overlay-opacity":"","overlay-gradient":""},"mobile":{"background-color":"","background-image":"","background-repeat":"repeat","background-position":"center center","background-size":"auto","background-attachment":"scroll","background-type":"","background-media":"","overlay-type":"","overlay-color":"","overlay-opacity":"","overlay-gradient":""}},"ast-content-background-meta":{"desktop":{"background-color":"var(--ast-global-color-5)","background-image":"","background-repeat":"repeat","background-position":"center center","background-size":"auto","background-attachment":"scroll","background-type":"","background-media":"","overlay-type":"","overlay-color":"","overlay-opacity":"","overlay-gradient":""},"tablet":{"background-color":"var(--ast-global-color-5)","background-image":"","background-repeat":"repeat","background-position":"center center","background-size":"auto","background-attachment":"scroll","background-type":"","background-media":"","overlay-type":"","overlay-color":"","overlay-opacity":"","overlay-gradient":""},"mobile":{"background-color":"var(--ast-global-color-5)","background-image":"","background-repeat":"repeat","background-position":"center center","background-size":"auto","background-attachment":"scroll","background-type":"","background-media":"","overlay-type":"","overlay-color":"","overlay-opacity":"","overlay-gradient":""}},"footnotes":""},"class_list":["post-1029","page","type-page","status-publish","hentry"],"post_mailing_queue_ids":[],"_links":{"self":[{"href":"https:\/\/agora.xtec.cat\/escolassumpcio\/wp-json\/wp\/v2\/pages\/1029","targetHints":{"allow":["GET"]}}],"collection":[{"href":"https:\/\/agora.xtec.cat\/escolassumpcio\/wp-json\/wp\/v2\/pages"}],"about":[{"href":"https:\/\/agora.xtec.cat\/escolassumpcio\/wp-json\/wp\/v2\/types\/page"}],"author":[{"embeddable":true,"href":"https:\/\/agora.xtec.cat\/escolassumpcio\/wp-json\/wp\/v2\/users\/1"}],"replies":[{"embeddable":true,"href":"https:\/\/agora.xtec.cat\/escolassumpcio\/wp-json\/wp\/v2\/comments?post=1029"}],"version-history":[{"count":3,"href":"https:\/\/agora.xtec.cat\/escolassumpcio\/wp-json\/wp\/v2\/pages\/1029\/revisions"}],"predecessor-version":[{"id":1252,"href":"https:\/\/agora.xtec.cat\/escolassumpcio\/wp-json\/wp\/v2\/pages\/1029\/revisions\/1252"}],"wp:attachment":[{"href":"https:\/\/agora.xtec.cat\/escolassumpcio\/wp-json\/wp\/v2\/media?parent=1029"}],"curies":[{"name":"wp","href":"https:\/\/api.w.org\/{rel}","templated":true}]}}