{"id":3509,"date":"2019-09-06T18:39:14","date_gmt":"2019-09-06T16:39:14","guid":{"rendered":"http:\/\/agora.xtec.cat\/escolasobirans\/?page_id=3509"},"modified":"2025-09-26T11:02:00","modified_gmt":"2025-09-26T09:02:00","slug":"ampa-sobirans","status":"publish","type":"page","link":"https:\/\/agora.xtec.cat\/escolasobirans\/ampa-sobirans\/","title":{"rendered":"AFA Sobirans"},"content":{"rendered":"<p>&nbsp;<\/p>\n<h4><span style=\"color: #99cc00;\"><strong>Encara no ets s\u00f2ci\/a de l&#8217;AFA SOBIRANS?<\/strong><\/span><\/h4>\n<p>Ja hem tancat el curs 24-25 i<strong> ja estem treballant pel curs 25-26!<\/strong><\/p>\n<p>Aquest \u00faltim curs hem engegat projectes nous i hem pogut invertir en millores per l&#8217;escola i pels nostres fills i filles:<\/p>\n<p><strong>&#8211;\u00a0Inversi\u00f3 de subvencions municipals: amb les quals hem pogut obrir i dinamitzar la Biblioteca, equipar el gimn\u00e0s de l&#8217;escola amb un projector, adquirir \u00a0llibres per totes les biblioteques d&#8217;aula i un ordinador per l&#8217;aula de m\u00fasica.<\/strong><\/p>\n<p><strong>&#8211;\u00a0Organitzaci\u00f3 de festes: Castanyada, Nadal, Quaresma,\u00a0<\/strong><strong>Carnaval,\u00a0<\/strong><strong>Sant Jordi, Festa de final de curs&#8230; amb un munt d&#8217;activitats (pintacares, tallers, berenars, Jocs Florals, &#8230;)<\/strong><\/p>\n<p><strong>&#8211;\u00a0Dinamitzaci\u00f3 de la Biblioteca escolar: pr\u00e9stec de llibres, suport educatiu pels alumnes que vulguin fer-hi els deures<\/strong><strong>,\u00a0<\/strong><strong>contes i can\u00e7ons en angl\u00e8s (<em>Bookmouse,<\/em>\u00a0per fam\u00edlies de cicle infantil) i el concurs de catal\u00e0 setmanal (el Rebus.CAT, per alumnes de 4t, 5\u00e8 i 6\u00e8).<\/strong><\/p>\n<p><strong>\u00a0<\/strong><strong>&#8211;\u00a0Calendaris de l&#8217;escola: elaboraci\u00f3 i venda.<\/strong><\/p>\n<p><strong>&#8211;\u00a0Activitats extraescolars: piscina, logopeda, ioga en fam\u00edlia.<\/strong><\/p>\n<p><strong>&#8211;\u00a0Venda de llibres de text.<\/strong><\/p>\n<p><strong>&#8211;\u00a0Participaci\u00f3 en actes del poble, com ara jornades solid\u00e0ries, la Festa de l&#8217;Educaci\u00f3, cercaviles amb el nostres gegants: en Sobimunt i en Quimet&#8230;<\/strong><\/p>\n<p><strong>&#8211;\u00a0Pagament de l&#8217;asseguran\u00e7a obligat\u00f2ria per les fam\u00edlies s\u00f2cies acompanyants\u00a0a les sortides a l&#8217;entorn que es fan des de l&#8217;escola.<\/strong><\/p>\n<p>&nbsp;<\/p>\n<p>I per continuar millorant l&#8217;escola i l&#8217;experi\u00e8ncia educativa dels nostres fills i filles volem seguir comptant amb la vostra col\u00b7laboraci\u00f3 i participaci\u00f3. Com?<\/p>\n<p><strong>&#8211; Fent-vos fam\u00edlia s\u00f2cia pagant la quota anual de 34\u20ac a trav\u00e9s de la TPVEscola (pagament activat del 5 de Juliol fins el 20 d&#8217;Agost)<\/strong><\/p>\n<p><strong>&#8211; Formant part de l&#8217;AFA: ens reunim un cop al mes. Us hi esperem (interessats\/des poseu-vos en contacte amb nosaltres a trav\u00e9s del correu)<\/strong><\/p>\n<p><strong>&#8211; Formant part del grup de Fam\u00edlies col\u00b7laboradores: tot cop de m\u00e0 \u00e9s molt benvingut!<\/strong><\/p>\n<p>Us adjuntem dos fitxers informatius de:<\/p>\n<p>&#8211; Venda de llibres de text<\/p>\n<p>&#8211; NOVA PROPOSTA: Festa d&#8217;inici de curs i venda d&#8217;equipaci\u00f3 de roba escolar (samarretes i dessuadores amb cremallera).<\/p>\n<p>&nbsp;<\/p>\n<p><span style=\"color: #ff6600;\"><strong>NO US HO PENSEU M\u00c9S:\u00a0TOTS JUNTS FEM ESCOLA!<\/strong><\/span><\/p>\n<p>&nbsp;<\/p>\n<p><a href=\"https:\/\/drive.google.com\/file\/d\/1rBL3rZyy44o_lm2CZ9AVh4H0PTrvoHfT\/view?usp=sharing\"><img loading=\"lazy\" decoding=\"async\" class=\"wp-image-15185 aligncenter\" src=\"https:\/\/agora.xtec.cat\/escolasobirans\/wp-content\/uploads\/usu1742\/2022\/07\/AFA_page-0001-1024x847.jpg\" alt=\"\" width=\"163\" height=\"135\" srcset=\"https:\/\/agora.xtec.cat\/escolasobirans\/wp-content\/uploads\/usu1742\/2022\/07\/AFA_page-0001-1024x847.jpg 1024w, https:\/\/agora.xtec.cat\/escolasobirans\/wp-content\/uploads\/usu1742\/2022\/07\/AFA_page-0001-300x250.jpg 300w, https:\/\/agora.xtec.cat\/escolasobirans\/wp-content\/uploads\/usu1742\/2022\/07\/AFA_page-0001-768x635.jpg 768w, https:\/\/agora.xtec.cat\/escolasobirans\/wp-content\/uploads\/usu1742\/2022\/07\/AFA_page-0001-1536x1270.jpg 1536w, https:\/\/agora.xtec.cat\/escolasobirans\/wp-content\/uploads\/usu1742\/2022\/07\/AFA_page-0001-2048x1693.jpg 2048w\" sizes=\"auto, (max-width: 163px) 100vw, 163px\" \/><\/a><\/p>\n<p>&nbsp;<\/p>\n<p><strong>AFA Sobirans<\/strong><\/p>\n","protected":false},"excerpt":{"rendered":"<p>&nbsp; Encara no ets s\u00f2ci\/a de l&#8217;AFA SOBIRANS? Ja hem tancat el curs 24-25 i ja estem treballant pel curs 25-26! Aquest \u00faltim curs hem engegat projectes nous i hem pogut invertir en millores per l&#8217;escola i pels nostres fills i filles: &#8211;\u00a0Inversi\u00f3 de subvencions municipals: amb les quals hem pogut obrir i dinamitzar la [&hellip;]<\/p>\n","protected":false},"author":1,"featured_media":0,"parent":0,"menu_order":0,"comment_status":"closed","ping_status":"closed","template":"","meta":{"_bbp_topic_count":0,"_bbp_reply_count":0,"_bbp_total_topic_count":0,"_bbp_total_reply_count":0,"_bbp_voice_count":0,"_bbp_anonymous_reply_count":0,"_bbp_topic_count_hidden":0,"_bbp_reply_count_hidden":0,"_bbp_forum_subforum_count":0,"site-sidebar-layout":"default","site-content-layout":"","ast-site-content-layout":"","site-content-style":"default","site-sidebar-style":"default","ast-global-header-display":"","ast-banner-title-visibility":"","ast-main-header-display":"","ast-hfb-above-header-display":"","ast-hfb-below-header-display":"","ast-hfb-mobile-header-display":"","site-post-title":"","ast-breadcrumbs-content":"","ast-featured-img":"","footer-sml-layout":"","theme-transparent-header-meta":"","adv-header-id-meta":"","stick-header-meta":"","header-above-stick-meta":"","header-main-stick-meta":"","header-below-stick-meta":"","astra-migrate-meta-layouts":"default","ast-page-background-enabled":"default","ast-page-background-meta":{"desktop":{"background-color":"var(--ast-global-color-4)","background-image":"","background-repeat":"repeat","background-position":"center center","background-size":"auto","background-attachment":"scroll","background-type":"","background-media":"","overlay-type":"","overlay-color":"","overlay-opacity":"","overlay-gradient":""},"tablet":{"background-color":"","background-image":"","background-repeat":"repeat","background-position":"center center","background-size":"auto","background-attachment":"scroll","background-type":"","background-media":"","overlay-type":"","overlay-color":"","overlay-opacity":"","overlay-gradient":""},"mobile":{"background-color":"","background-image":"","background-repeat":"repeat","background-position":"center center","background-size":"auto","background-attachment":"scroll","background-type":"","background-media":"","overlay-type":"","overlay-color":"","overlay-opacity":"","overlay-gradient":""}},"ast-content-background-meta":{"desktop":{"background-color":"var(--ast-global-color-5)","background-image":"","background-repeat":"repeat","background-position":"center center","background-size":"auto","background-attachment":"scroll","background-type":"","background-media":"","overlay-type":"","overlay-color":"","overlay-opacity":"","overlay-gradient":""},"tablet":{"background-color":"var(--ast-global-color-5)","background-image":"","background-repeat":"repeat","background-position":"center center","background-size":"auto","background-attachment":"scroll","background-type":"","background-media":"","overlay-type":"","overlay-color":"","overlay-opacity":"","overlay-gradient":""},"mobile":{"background-color":"var(--ast-global-color-5)","background-image":"","background-repeat":"repeat","background-position":"center center","background-size":"auto","background-attachment":"scroll","background-type":"","background-media":"","overlay-type":"","overlay-color":"","overlay-opacity":"","overlay-gradient":""}},"footnotes":""},"class_list":["post-3509","page","type-page","status-publish","hentry"],"post_mailing_queue_ids":[],"_links":{"self":[{"href":"https:\/\/agora.xtec.cat\/escolasobirans\/wp-json\/wp\/v2\/pages\/3509","targetHints":{"allow":["GET"]}}],"collection":[{"href":"https:\/\/agora.xtec.cat\/escolasobirans\/wp-json\/wp\/v2\/pages"}],"about":[{"href":"https:\/\/agora.xtec.cat\/escolasobirans\/wp-json\/wp\/v2\/types\/page"}],"author":[{"embeddable":true,"href":"https:\/\/agora.xtec.cat\/escolasobirans\/wp-json\/wp\/v2\/users\/1"}],"replies":[{"embeddable":true,"href":"https:\/\/agora.xtec.cat\/escolasobirans\/wp-json\/wp\/v2\/comments?post=3509"}],"version-history":[{"count":5,"href":"https:\/\/agora.xtec.cat\/escolasobirans\/wp-json\/wp\/v2\/pages\/3509\/revisions"}],"predecessor-version":[{"id":18541,"href":"https:\/\/agora.xtec.cat\/escolasobirans\/wp-json\/wp\/v2\/pages\/3509\/revisions\/18541"}],"wp:attachment":[{"href":"https:\/\/agora.xtec.cat\/escolasobirans\/wp-json\/wp\/v2\/media?parent=3509"}],"curies":[{"name":"wp","href":"https:\/\/api.w.org\/{rel}","templated":true}]}}