{"id":3499,"date":"2019-09-06T18:28:49","date_gmt":"2019-09-06T16:28:49","guid":{"rendered":"http:\/\/agora.xtec.cat\/escolasobirans\/?page_id=3499"},"modified":"2025-09-26T11:02:23","modified_gmt":"2025-09-26T09:02:23","slug":"menjador-escolar","status":"publish","type":"page","link":"https:\/\/agora.xtec.cat\/escolasobirans\/menjador-escolar\/","title":{"rendered":"Menjador escolar"},"content":{"rendered":"<header id=\"main-content-header\">\n<h4 id=\"page-title\">Qui som<\/h4>\n<\/header>\n<div id=\"content\">\n<div id=\"block-system-main\" class=\"block block-system no-title odd first last block-count-2 block-region-content block-main\">\n<article id=\"node-2\" class=\"node node-page article odd node-full 1 ia-c clearfix\" role=\"article\">\n<div class=\"node-content\">\n<div class=\"field field-name-body field-type-text-with-summary field-label-hidden view-mode-full\">\n<div class=\"field-items\">\n<div class=\"field-item even\">\n<h4><strong>Picant de Mans<\/strong>\u00a0\u00e9s una empresa familiar arenyenca -creada l&#8217;any 2007- dedicada al m\u00f3n del lleure i els serveis d\u2019alimentaci\u00f3 escolar. Gestionem serveis de menjador escolar &#8211; des de la cuina al monitoratge- i tamb\u00e9 casals d&#8217;infants en temps de vacances -estiu i nadal-<\/h4>\n<h4>El nostre equip hum\u00e0 \u00e9s el nostre principal valor. Som joves, professionals i amb molta experi\u00e8ncia en el m\u00f3n del lleure. Per nosaltres \u00e9s una prioritat satisfer als nostres clients i fer-ho sempre d&#8217;acord a la normativa vigent del nostre sector i oferint serveis de qualitat.<\/h4>\n<h4>Entre els nostres compromisos de servei hi ha la voluntat que elss nens i nenes dels menjadors coneguin i entenguin molt millor la import\u00e0ncia d\u2019una bona alimentaci\u00f3. Que comprenguin el motiu dels productes de temporada i la import\u00e0ncia del consum de proximitat. Una descoberta de nous noms, nous gustos i nous sabors. I un retorn a les ess\u00e8ncies m\u00e9s pr\u00f2ximes. Una aposta pels productors locals, l\u2019estalvi energ\u00e8tic, la sostenibilitat i l\u2019ecol\u00f2gia que ens agrada compartir cada migdia.<\/h4>\n<\/div>\n<\/div>\n<\/div>\n<\/div>\n<\/article>\n<\/div>\n<\/div>\n<p>&nbsp;<\/p>\n<p>Si cliqueu l&#8217;enlla\u00e7 podreu tenir tota la informaci\u00f3 del menjdor de l&#8217;escola.<\/p>\n<p><a href=\"http:\/\/www.picantdemans.cat\/\">http:\/\/www.picantdemans.cat\/<\/a><\/p>\n","protected":false},"excerpt":{"rendered":"<p>Qui som Picant de Mans\u00a0\u00e9s una empresa familiar arenyenca -creada l&#8217;any 2007- dedicada al m\u00f3n del lleure i els serveis d\u2019alimentaci\u00f3 escolar. Gestionem serveis de menjador escolar &#8211; des de la cuina al monitoratge- i tamb\u00e9 casals d&#8217;infants en temps de vacances -estiu i nadal- El nostre equip hum\u00e0 \u00e9s el nostre principal valor. Som [&hellip;]<\/p>\n","protected":false},"author":1,"featured_media":0,"parent":0,"menu_order":0,"comment_status":"closed","ping_status":"closed","template":"","meta":{"_bbp_topic_count":0,"_bbp_reply_count":0,"_bbp_total_topic_count":0,"_bbp_total_reply_count":0,"_bbp_voice_count":0,"_bbp_anonymous_reply_count":0,"_bbp_topic_count_hidden":0,"_bbp_reply_count_hidden":0,"_bbp_forum_subforum_count":0,"site-sidebar-layout":"default","site-content-layout":"","ast-site-content-layout":"","site-content-style":"default","site-sidebar-style":"default","ast-global-header-display":"","ast-banner-title-visibility":"","ast-main-header-display":"","ast-hfb-above-header-display":"","ast-hfb-below-header-display":"","ast-hfb-mobile-header-display":"","site-post-title":"","ast-breadcrumbs-content":"","ast-featured-img":"","footer-sml-layout":"","theme-transparent-header-meta":"","adv-header-id-meta":"","stick-header-meta":"","header-above-stick-meta":"","header-main-stick-meta":"","header-below-stick-meta":"","astra-migrate-meta-layouts":"default","ast-page-background-enabled":"default","ast-page-background-meta":{"desktop":{"background-color":"var(--ast-global-color-4)","background-image":"","background-repeat":"repeat","background-position":"center center","background-size":"auto","background-attachment":"scroll","background-type":"","background-media":"","overlay-type":"","overlay-color":"","overlay-opacity":"","overlay-gradient":""},"tablet":{"background-color":"","background-image":"","background-repeat":"repeat","background-position":"center center","background-size":"auto","background-attachment":"scroll","background-type":"","background-media":"","overlay-type":"","overlay-color":"","overlay-opacity":"","overlay-gradient":""},"mobile":{"background-color":"","background-image":"","background-repeat":"repeat","background-position":"center center","background-size":"auto","background-attachment":"scroll","background-type":"","background-media":"","overlay-type":"","overlay-color":"","overlay-opacity":"","overlay-gradient":""}},"ast-content-background-meta":{"desktop":{"background-color":"var(--ast-global-color-5)","background-image":"","background-repeat":"repeat","background-position":"center center","background-size":"auto","background-attachment":"scroll","background-type":"","background-media":"","overlay-type":"","overlay-color":"","overlay-opacity":"","overlay-gradient":""},"tablet":{"background-color":"var(--ast-global-color-5)","background-image":"","background-repeat":"repeat","background-position":"center center","background-size":"auto","background-attachment":"scroll","background-type":"","background-media":"","overlay-type":"","overlay-color":"","overlay-opacity":"","overlay-gradient":""},"mobile":{"background-color":"var(--ast-global-color-5)","background-image":"","background-repeat":"repeat","background-position":"center center","background-size":"auto","background-attachment":"scroll","background-type":"","background-media":"","overlay-type":"","overlay-color":"","overlay-opacity":"","overlay-gradient":""}},"footnotes":""},"class_list":["post-3499","page","type-page","status-publish","hentry"],"post_mailing_queue_ids":[],"_links":{"self":[{"href":"https:\/\/agora.xtec.cat\/escolasobirans\/wp-json\/wp\/v2\/pages\/3499","targetHints":{"allow":["GET"]}}],"collection":[{"href":"https:\/\/agora.xtec.cat\/escolasobirans\/wp-json\/wp\/v2\/pages"}],"about":[{"href":"https:\/\/agora.xtec.cat\/escolasobirans\/wp-json\/wp\/v2\/types\/page"}],"author":[{"embeddable":true,"href":"https:\/\/agora.xtec.cat\/escolasobirans\/wp-json\/wp\/v2\/users\/1"}],"replies":[{"embeddable":true,"href":"https:\/\/agora.xtec.cat\/escolasobirans\/wp-json\/wp\/v2\/comments?post=3499"}],"version-history":[{"count":4,"href":"https:\/\/agora.xtec.cat\/escolasobirans\/wp-json\/wp\/v2\/pages\/3499\/revisions"}],"predecessor-version":[{"id":4759,"href":"https:\/\/agora.xtec.cat\/escolasobirans\/wp-json\/wp\/v2\/pages\/3499\/revisions\/4759"}],"wp:attachment":[{"href":"https:\/\/agora.xtec.cat\/escolasobirans\/wp-json\/wp\/v2\/media?parent=3499"}],"curies":[{"name":"wp","href":"https:\/\/api.w.org\/{rel}","templated":true}]}}