{"id":3158,"date":"2018-12-29T20:48:46","date_gmt":"2018-12-29T19:48:46","guid":{"rendered":"http:\/\/agora.xtec.cat\/escolasobirans\/?page_id=3158"},"modified":"2025-10-08T13:21:56","modified_gmt":"2025-10-08T11:21:56","slug":"escola-verda","status":"publish","type":"page","link":"https:\/\/agora.xtec.cat\/escolasobirans\/escola-verda\/","title":{"rendered":"Escola Verda"},"content":{"rendered":"<p><a href=\"https:\/\/educaciodigital.cat\/ceipsobirans\/moodle\/course\/view.php?id=508\"><img loading=\"lazy\" decoding=\"async\" class=\"aligncenter wp-image-16340 size-full\" src=\"https:\/\/agora.xtec.cat\/escolasobirans\/wp-content\/uploads\/usu1742\/2023\/05\/baixa.png\" alt=\"\" width=\"236\" height=\"213\" \/><\/a><\/p>\n<h5><\/h5>\n<h5><\/h5>\n<h5><span style=\"color: #000000;\">Som Escola Verda des del curs 2006-2007 i formem part de la<strong><a style=\"color: #000000;\" href=\"http:\/\/www.escolesxesc.cat\/\"> Xarxa d&#8217;escoles verdes.\u00a0<\/a><\/strong><\/span><\/h5>\n<p><span style=\"font-weight: 400;\">Com escola verda fem moltes accions relacionades amb el medi ambient i l&#8217;ecologia.\u00a0<\/span><span style=\"color: #000000;\">El nostre projecte contempla accions i iniciatives guiades per la nostra visi\u00f3 cr\u00edtica i de respecte vers el medi ambient i l&#8217;entorn natural que ens envolta.\u00a0<\/span><span style=\"color: #000000;\">Tota la comunitat educativa formem part d&#8217;aquest projecte, essent tots i totes peces claus per portar a terme aquestes i m\u00e9s iniciatives que ens comprometen amb un h\u00e0bits de vida saludables, de benestar i equilibri amb el nostre entorn.<\/span><\/p>\n<p><span style=\"font-weight: 400;\">Tenim un hort a l&#8217;escola on fem activitats des d&#8217;I3 fins a 6\u00e8 i comptem amb un espai anomenat \u201csecond life\u201d on hi desem material reciclable per poder utilitzar en les nostres produccions pl\u00e0stiques i manualitats. Tamb\u00e9, a educaci\u00f3 prim\u00e0ria tenim ecodelegats\/des a cada classe que es reuneixen mensualment.<\/span><\/p>\n<p><span style=\"font-weight: 400;\">Formem part del pla de consum de fruita, fem compostatge i moltes sortides a l&#8217;entorn proper. El curs 22-23 vam estar premiats amb el Premi Escola agricultura i alimentaci\u00f3 ecol\u00f2gica pel nostre projecte \u201cVinculats a la Terra\u201d.<\/span><\/p>\n<p>&nbsp;<\/p>\n<p>&nbsp;<\/p>\n<div style=\"position: relative; width: 100%; height: 0; padding-top: 141.4286%; padding-bottom: 0; box-shadow: 0 2px 8px 0 rgba(63,69,81,0.16); margin-top: 1.6em; margin-bottom: 0.9em; overflow: hidden; border-radius: 8px; will-change: transform;\"><iframe style=\"position: absolute; width: 100%; height: 100%; top: 0; left: 0; border: none; padding: 0; margin: 0;\" src=\"https:\/\/www.canva.com\/design\/DAFhw-LfTgw\/0EIT6Hs2CLihnVxTEWhhQw\/view?embed\" allowfullscreen=\"allowfullscreen\"><br \/>\n<\/iframe><\/div>\n<p>&nbsp;<\/p>\n<p><a href=\"https:\/\/agora.xtec.cat\/escolasobirans\/wp-content\/uploads\/usu1742\/2025\/10\/1.-PLANIFICACIO-setembre-23.jpg\"><img loading=\"lazy\" decoding=\"async\" class=\"aligncenter size-large wp-image-18638\" src=\"https:\/\/agora.xtec.cat\/escolasobirans\/wp-content\/uploads\/usu1742\/2025\/10\/1.-PLANIFICACIO-setembre-23-1024x724.jpg\" alt=\"\" width=\"1024\" height=\"724\" srcset=\"https:\/\/agora.xtec.cat\/escolasobirans\/wp-content\/uploads\/usu1742\/2025\/10\/1.-PLANIFICACIO-setembre-23-1024x724.jpg 1024w, https:\/\/agora.xtec.cat\/escolasobirans\/wp-content\/uploads\/usu1742\/2025\/10\/1.-PLANIFICACIO-setembre-23-300x212.jpg 300w, https:\/\/agora.xtec.cat\/escolasobirans\/wp-content\/uploads\/usu1742\/2025\/10\/1.-PLANIFICACIO-setembre-23-768x543.jpg 768w, https:\/\/agora.xtec.cat\/escolasobirans\/wp-content\/uploads\/usu1742\/2025\/10\/1.-PLANIFICACIO-setembre-23-1536x1086.jpg 1536w, https:\/\/agora.xtec.cat\/escolasobirans\/wp-content\/uploads\/usu1742\/2025\/10\/1.-PLANIFICACIO-setembre-23-2048x1448.jpg 2048w\" sizes=\"auto, (max-width: 1024px) 100vw, 1024px\" \/><\/a><a href=\"https:\/\/agora.xtec.cat\/escolasobirans\/wp-content\/uploads\/usu1742\/2025\/10\/bae5fe5ae7b765c3e9f4077261dc67b6-0-scaled.jpg\"><img loading=\"lazy\" decoding=\"async\" class=\"aligncenter size-large wp-image-18647\" src=\"https:\/\/agora.xtec.cat\/escolasobirans\/wp-content\/uploads\/usu1742\/2025\/10\/bae5fe5ae7b765c3e9f4077261dc67b6-0-1024x724.jpg\" alt=\"\" width=\"1024\" height=\"724\" srcset=\"https:\/\/agora.xtec.cat\/escolasobirans\/wp-content\/uploads\/usu1742\/2025\/10\/bae5fe5ae7b765c3e9f4077261dc67b6-0-1024x724.jpg 1024w, https:\/\/agora.xtec.cat\/escolasobirans\/wp-content\/uploads\/usu1742\/2025\/10\/bae5fe5ae7b765c3e9f4077261dc67b6-0-300x212.jpg 300w, https:\/\/agora.xtec.cat\/escolasobirans\/wp-content\/uploads\/usu1742\/2025\/10\/bae5fe5ae7b765c3e9f4077261dc67b6-0-768x543.jpg 768w, https:\/\/agora.xtec.cat\/escolasobirans\/wp-content\/uploads\/usu1742\/2025\/10\/bae5fe5ae7b765c3e9f4077261dc67b6-0-1536x1086.jpg 1536w, https:\/\/agora.xtec.cat\/escolasobirans\/wp-content\/uploads\/usu1742\/2025\/10\/bae5fe5ae7b765c3e9f4077261dc67b6-0-2048x1449.jpg 2048w\" sizes=\"auto, (max-width: 1024px) 100vw, 1024px\" \/><\/a><a style=\"font-size: 16px; font-style: normal; font-weight: 400; color: #3a3a3a;\" href=\"https:\/\/agora.xtec.cat\/escolasobirans\/wp-content\/uploads\/usu1742\/2025\/10\/3.-PLANIFICACIO-Novembre-23.jpg\"><img loading=\"lazy\" decoding=\"async\" class=\"aligncenter size-large wp-image-18648\" src=\"https:\/\/agora.xtec.cat\/escolasobirans\/wp-content\/uploads\/usu1742\/2025\/10\/3.-PLANIFICACIO-Novembre-23-1024x724.jpg\" alt=\"\" width=\"1024\" height=\"724\" srcset=\"https:\/\/agora.xtec.cat\/escolasobirans\/wp-content\/uploads\/usu1742\/2025\/10\/3.-PLANIFICACIO-Novembre-23-1024x724.jpg 1024w, https:\/\/agora.xtec.cat\/escolasobirans\/wp-content\/uploads\/usu1742\/2025\/10\/3.-PLANIFICACIO-Novembre-23-300x212.jpg 300w, https:\/\/agora.xtec.cat\/escolasobirans\/wp-content\/uploads\/usu1742\/2025\/10\/3.-PLANIFICACIO-Novembre-23-768x543.jpg 768w, https:\/\/agora.xtec.cat\/escolasobirans\/wp-content\/uploads\/usu1742\/2025\/10\/3.-PLANIFICACIO-Novembre-23-1536x1086.jpg 1536w, https:\/\/agora.xtec.cat\/escolasobirans\/wp-content\/uploads\/usu1742\/2025\/10\/3.-PLANIFICACIO-Novembre-23-2048x1448.jpg 2048w\" sizes=\"auto, (max-width: 1024px) 100vw, 1024px\" \/><\/a> <a href=\"https:\/\/agora.xtec.cat\/escolasobirans\/wp-content\/uploads\/usu1742\/2025\/10\/4.-PLANIFICACIO-Desembre-23.jpg\"><img loading=\"lazy\" decoding=\"async\" class=\"aligncenter size-large wp-image-18640\" src=\"https:\/\/agora.xtec.cat\/escolasobirans\/wp-content\/uploads\/usu1742\/2025\/10\/4.-PLANIFICACIO-Desembre-23-1024x724.jpg\" alt=\"\" width=\"1024\" height=\"724\" srcset=\"https:\/\/agora.xtec.cat\/escolasobirans\/wp-content\/uploads\/usu1742\/2025\/10\/4.-PLANIFICACIO-Desembre-23-1024x724.jpg 1024w, https:\/\/agora.xtec.cat\/escolasobirans\/wp-content\/uploads\/usu1742\/2025\/10\/4.-PLANIFICACIO-Desembre-23-300x212.jpg 300w, https:\/\/agora.xtec.cat\/escolasobirans\/wp-content\/uploads\/usu1742\/2025\/10\/4.-PLANIFICACIO-Desembre-23-768x543.jpg 768w, https:\/\/agora.xtec.cat\/escolasobirans\/wp-content\/uploads\/usu1742\/2025\/10\/4.-PLANIFICACIO-Desembre-23-1536x1086.jpg 1536w, https:\/\/agora.xtec.cat\/escolasobirans\/wp-content\/uploads\/usu1742\/2025\/10\/4.-PLANIFICACIO-Desembre-23-2048x1448.jpg 2048w\" sizes=\"auto, (max-width: 1024px) 100vw, 1024px\" \/><\/a> <a href=\"https:\/\/agora.xtec.cat\/escolasobirans\/wp-content\/uploads\/usu1742\/2025\/10\/5.-PLANIFICACIO-gener-24-scaled.jpg\"><img loading=\"lazy\" decoding=\"async\" class=\"aligncenter size-large wp-image-18641\" src=\"https:\/\/agora.xtec.cat\/escolasobirans\/wp-content\/uploads\/usu1742\/2025\/10\/5.-PLANIFICACIO-gener-24-1024x724.jpg\" alt=\"\" width=\"1024\" height=\"724\" srcset=\"https:\/\/agora.xtec.cat\/escolasobirans\/wp-content\/uploads\/usu1742\/2025\/10\/5.-PLANIFICACIO-gener-24-1024x724.jpg 1024w, https:\/\/agora.xtec.cat\/escolasobirans\/wp-content\/uploads\/usu1742\/2025\/10\/5.-PLANIFICACIO-gener-24-300x212.jpg 300w, https:\/\/agora.xtec.cat\/escolasobirans\/wp-content\/uploads\/usu1742\/2025\/10\/5.-PLANIFICACIO-gener-24-768x543.jpg 768w, https:\/\/agora.xtec.cat\/escolasobirans\/wp-content\/uploads\/usu1742\/2025\/10\/5.-PLANIFICACIO-gener-24-1536x1086.jpg 1536w, https:\/\/agora.xtec.cat\/escolasobirans\/wp-content\/uploads\/usu1742\/2025\/10\/5.-PLANIFICACIO-gener-24-2048x1449.jpg 2048w\" sizes=\"auto, (max-width: 1024px) 100vw, 1024px\" \/><\/a> <a href=\"https:\/\/agora.xtec.cat\/escolasobirans\/wp-content\/uploads\/usu1742\/2025\/10\/6.-PLANIFICACIO-Febrer-24.jpg\"><img loading=\"lazy\" decoding=\"async\" class=\"aligncenter size-large wp-image-18642\" src=\"https:\/\/agora.xtec.cat\/escolasobirans\/wp-content\/uploads\/usu1742\/2025\/10\/6.-PLANIFICACIO-Febrer-24-1024x724.jpg\" alt=\"\" width=\"1024\" height=\"724\" srcset=\"https:\/\/agora.xtec.cat\/escolasobirans\/wp-content\/uploads\/usu1742\/2025\/10\/6.-PLANIFICACIO-Febrer-24-1024x724.jpg 1024w, https:\/\/agora.xtec.cat\/escolasobirans\/wp-content\/uploads\/usu1742\/2025\/10\/6.-PLANIFICACIO-Febrer-24-300x212.jpg 300w, https:\/\/agora.xtec.cat\/escolasobirans\/wp-content\/uploads\/usu1742\/2025\/10\/6.-PLANIFICACIO-Febrer-24-768x543.jpg 768w, https:\/\/agora.xtec.cat\/escolasobirans\/wp-content\/uploads\/usu1742\/2025\/10\/6.-PLANIFICACIO-Febrer-24-1536x1086.jpg 1536w, https:\/\/agora.xtec.cat\/escolasobirans\/wp-content\/uploads\/usu1742\/2025\/10\/6.-PLANIFICACIO-Febrer-24-2048x1448.jpg 2048w\" sizes=\"auto, (max-width: 1024px) 100vw, 1024px\" \/><\/a> <a href=\"https:\/\/agora.xtec.cat\/escolasobirans\/wp-content\/uploads\/usu1742\/2025\/10\/7.-PLANIFICACIO-Marc-24-scaled.jpg\"><img loading=\"lazy\" decoding=\"async\" class=\"aligncenter size-large wp-image-18643\" src=\"https:\/\/agora.xtec.cat\/escolasobirans\/wp-content\/uploads\/usu1742\/2025\/10\/7.-PLANIFICACIO-Marc-24-1024x724.jpg\" alt=\"\" width=\"1024\" height=\"724\" srcset=\"https:\/\/agora.xtec.cat\/escolasobirans\/wp-content\/uploads\/usu1742\/2025\/10\/7.-PLANIFICACIO-Marc-24-1024x724.jpg 1024w, https:\/\/agora.xtec.cat\/escolasobirans\/wp-content\/uploads\/usu1742\/2025\/10\/7.-PLANIFICACIO-Marc-24-300x212.jpg 300w, https:\/\/agora.xtec.cat\/escolasobirans\/wp-content\/uploads\/usu1742\/2025\/10\/7.-PLANIFICACIO-Marc-24-768x543.jpg 768w, https:\/\/agora.xtec.cat\/escolasobirans\/wp-content\/uploads\/usu1742\/2025\/10\/7.-PLANIFICACIO-Marc-24-1536x1086.jpg 1536w, https:\/\/agora.xtec.cat\/escolasobirans\/wp-content\/uploads\/usu1742\/2025\/10\/7.-PLANIFICACIO-Marc-24-2048x1449.jpg 2048w\" sizes=\"auto, (max-width: 1024px) 100vw, 1024px\" \/><\/a> <a href=\"https:\/\/agora.xtec.cat\/escolasobirans\/wp-content\/uploads\/usu1742\/2025\/10\/8.-PLANIFICACIO-abril-24.jpg\"><img loading=\"lazy\" decoding=\"async\" class=\"aligncenter size-large wp-image-18644\" src=\"https:\/\/agora.xtec.cat\/escolasobirans\/wp-content\/uploads\/usu1742\/2025\/10\/8.-PLANIFICACIO-abril-24-1024x724.jpg\" alt=\"\" width=\"1024\" height=\"724\" srcset=\"https:\/\/agora.xtec.cat\/escolasobirans\/wp-content\/uploads\/usu1742\/2025\/10\/8.-PLANIFICACIO-abril-24-1024x724.jpg 1024w, https:\/\/agora.xtec.cat\/escolasobirans\/wp-content\/uploads\/usu1742\/2025\/10\/8.-PLANIFICACIO-abril-24-300x212.jpg 300w, https:\/\/agora.xtec.cat\/escolasobirans\/wp-content\/uploads\/usu1742\/2025\/10\/8.-PLANIFICACIO-abril-24-768x543.jpg 768w, https:\/\/agora.xtec.cat\/escolasobirans\/wp-content\/uploads\/usu1742\/2025\/10\/8.-PLANIFICACIO-abril-24-1536x1086.jpg 1536w, https:\/\/agora.xtec.cat\/escolasobirans\/wp-content\/uploads\/usu1742\/2025\/10\/8.-PLANIFICACIO-abril-24-2048x1448.jpg 2048w\" sizes=\"auto, (max-width: 1024px) 100vw, 1024px\" \/><\/a> <a href=\"https:\/\/agora.xtec.cat\/escolasobirans\/wp-content\/uploads\/usu1742\/2025\/10\/9.-PLANIFICACIO-maig-24.jpg\"><img loading=\"lazy\" decoding=\"async\" class=\"aligncenter size-large wp-image-18645\" src=\"https:\/\/agora.xtec.cat\/escolasobirans\/wp-content\/uploads\/usu1742\/2025\/10\/9.-PLANIFICACIO-maig-24-1024x724.jpg\" alt=\"\" width=\"1024\" height=\"724\" srcset=\"https:\/\/agora.xtec.cat\/escolasobirans\/wp-content\/uploads\/usu1742\/2025\/10\/9.-PLANIFICACIO-maig-24-1024x724.jpg 1024w, https:\/\/agora.xtec.cat\/escolasobirans\/wp-content\/uploads\/usu1742\/2025\/10\/9.-PLANIFICACIO-maig-24-300x212.jpg 300w, https:\/\/agora.xtec.cat\/escolasobirans\/wp-content\/uploads\/usu1742\/2025\/10\/9.-PLANIFICACIO-maig-24-768x543.jpg 768w, https:\/\/agora.xtec.cat\/escolasobirans\/wp-content\/uploads\/usu1742\/2025\/10\/9.-PLANIFICACIO-maig-24-1536x1086.jpg 1536w, https:\/\/agora.xtec.cat\/escolasobirans\/wp-content\/uploads\/usu1742\/2025\/10\/9.-PLANIFICACIO-maig-24-2048x1448.jpg 2048w\" sizes=\"auto, (max-width: 1024px) 100vw, 1024px\" \/><\/a><\/p>\n<p><a href=\"https:\/\/agora.xtec.cat\/escolasobirans\/wp-content\/uploads\/usu1742\/2025\/10\/10.-PLANIFICACIO-juny23.jpg\"><img loading=\"lazy\" decoding=\"async\" class=\"aligncenter size-large wp-image-18646\" src=\"https:\/\/agora.xtec.cat\/escolasobirans\/wp-content\/uploads\/usu1742\/2025\/10\/10.-PLANIFICACIO-juny23-1024x724.jpg\" alt=\"\" width=\"1024\" height=\"724\" srcset=\"https:\/\/agora.xtec.cat\/escolasobirans\/wp-content\/uploads\/usu1742\/2025\/10\/10.-PLANIFICACIO-juny23-1024x724.jpg 1024w, https:\/\/agora.xtec.cat\/escolasobirans\/wp-content\/uploads\/usu1742\/2025\/10\/10.-PLANIFICACIO-juny23-300x212.jpg 300w, https:\/\/agora.xtec.cat\/escolasobirans\/wp-content\/uploads\/usu1742\/2025\/10\/10.-PLANIFICACIO-juny23-768x543.jpg 768w, https:\/\/agora.xtec.cat\/escolasobirans\/wp-content\/uploads\/usu1742\/2025\/10\/10.-PLANIFICACIO-juny23-1536x1086.jpg 1536w, https:\/\/agora.xtec.cat\/escolasobirans\/wp-content\/uploads\/usu1742\/2025\/10\/10.-PLANIFICACIO-juny23-2048x1448.jpg 2048w\" sizes=\"auto, (max-width: 1024px) 100vw, 1024px\" \/><\/a><\/p>\n<p>&nbsp;<\/p>\n<p><a href=\"https:\/\/drive.google.com\/file\/d\/1qWBsWMY4fFXIHF72G0ikVEEylAoiaK9X\/view?usp=sharing\">\u00a0\u00a0\u00a0\u00a0 <\/a><\/p>\n<p>&nbsp;<\/p>\n<p>&nbsp;<\/p>\n<p>&nbsp;<\/p>\n","protected":false},"excerpt":{"rendered":"<p>Som Escola Verda des del curs 2006-2007 i formem part de la Xarxa d&#8217;escoles verdes.\u00a0 Com escola verda fem moltes accions relacionades amb el medi ambient i l&#8217;ecologia.\u00a0El nostre projecte contempla accions i iniciatives guiades per la nostra visi\u00f3 cr\u00edtica i de respecte vers el medi ambient i l&#8217;entorn natural que ens envolta.\u00a0Tota la comunitat [&hellip;]<\/p>\n","protected":false},"author":1,"featured_media":0,"parent":0,"menu_order":0,"comment_status":"closed","ping_status":"closed","template":"","meta":{"_bbp_topic_count":0,"_bbp_reply_count":0,"_bbp_total_topic_count":0,"_bbp_total_reply_count":0,"_bbp_voice_count":0,"_bbp_anonymous_reply_count":0,"_bbp_topic_count_hidden":0,"_bbp_reply_count_hidden":0,"_bbp_forum_subforum_count":0,"site-sidebar-layout":"default","site-content-layout":"","ast-site-content-layout":"default","site-content-style":"default","site-sidebar-style":"default","ast-global-header-display":"","ast-banner-title-visibility":"","ast-main-header-display":"","ast-hfb-above-header-display":"","ast-hfb-below-header-display":"","ast-hfb-mobile-header-display":"","site-post-title":"","ast-breadcrumbs-content":"","ast-featured-img":"","footer-sml-layout":"","theme-transparent-header-meta":"default","adv-header-id-meta":"","stick-header-meta":"","header-above-stick-meta":"","header-main-stick-meta":"","header-below-stick-meta":"","astra-migrate-meta-layouts":"set","ast-page-background-enabled":"default","ast-page-background-meta":{"desktop":{"background-color":"var(--ast-global-color-4)","background-image":"","background-repeat":"repeat","background-position":"center center","background-size":"auto","background-attachment":"scroll","background-type":"","background-media":"","overlay-type":"","overlay-color":"","overlay-opacity":"","overlay-gradient":""},"tablet":{"background-color":"","background-image":"","background-repeat":"repeat","background-position":"center center","background-size":"auto","background-attachment":"scroll","background-type":"","background-media":"","overlay-type":"","overlay-color":"","overlay-opacity":"","overlay-gradient":""},"mobile":{"background-color":"","background-image":"","background-repeat":"repeat","background-position":"center center","background-size":"auto","background-attachment":"scroll","background-type":"","background-media":"","overlay-type":"","overlay-color":"","overlay-opacity":"","overlay-gradient":""}},"ast-content-background-meta":{"desktop":{"background-color":"var(--ast-global-color-5)","background-image":"","background-repeat":"repeat","background-position":"center center","background-size":"auto","background-attachment":"scroll","background-type":"","background-media":"","overlay-type":"","overlay-color":"","overlay-opacity":"","overlay-gradient":""},"tablet":{"background-color":"var(--ast-global-color-5)","background-image":"","background-repeat":"repeat","background-position":"center center","background-size":"auto","background-attachment":"scroll","background-type":"","background-media":"","overlay-type":"","overlay-color":"","overlay-opacity":"","overlay-gradient":""},"mobile":{"background-color":"var(--ast-global-color-5)","background-image":"","background-repeat":"repeat","background-position":"center center","background-size":"auto","background-attachment":"scroll","background-type":"","background-media":"","overlay-type":"","overlay-color":"","overlay-opacity":"","overlay-gradient":""}},"footnotes":""},"class_list":["post-3158","page","type-page","status-publish","hentry"],"post_mailing_queue_ids":[],"_links":{"self":[{"href":"https:\/\/agora.xtec.cat\/escolasobirans\/wp-json\/wp\/v2\/pages\/3158","targetHints":{"allow":["GET"]}}],"collection":[{"href":"https:\/\/agora.xtec.cat\/escolasobirans\/wp-json\/wp\/v2\/pages"}],"about":[{"href":"https:\/\/agora.xtec.cat\/escolasobirans\/wp-json\/wp\/v2\/types\/page"}],"author":[{"embeddable":true,"href":"https:\/\/agora.xtec.cat\/escolasobirans\/wp-json\/wp\/v2\/users\/1"}],"replies":[{"embeddable":true,"href":"https:\/\/agora.xtec.cat\/escolasobirans\/wp-json\/wp\/v2\/comments?post=3158"}],"version-history":[{"count":6,"href":"https:\/\/agora.xtec.cat\/escolasobirans\/wp-json\/wp\/v2\/pages\/3158\/revisions"}],"predecessor-version":[{"id":18650,"href":"https:\/\/agora.xtec.cat\/escolasobirans\/wp-json\/wp\/v2\/pages\/3158\/revisions\/18650"}],"wp:attachment":[{"href":"https:\/\/agora.xtec.cat\/escolasobirans\/wp-json\/wp\/v2\/media?parent=3158"}],"curies":[{"name":"wp","href":"https:\/\/api.w.org\/{rel}","templated":true}]}}