{"id":30,"date":"2014-09-18T12:30:23","date_gmt":"2014-09-18T11:30:23","guid":{"rendered":"http:\/\/agora.xtec.cat\/escolasjd\/?page_id=30"},"modified":"2024-03-16T15:24:53","modified_gmt":"2024-03-16T14:24:53","slug":"instal%c2%b7lacions","status":"publish","type":"page","link":"https:\/\/agora.xtec.cat\/escolasjd\/lescola\/instal%c2%b7lacions\/","title":{"rendered":"Hospital Amic"},"content":{"rendered":"<p>Dins de l\u2019hospital es desenvolupa el programa Hospital amic, del qual formem part com a Aula Hospital\u00e0ria. Un dels seus objectius \u00e9s minimitzar l\u2019impacte traum\u00e0tic de l\u2019estada hospital\u00e0ria desenvolupant objectius i aplicant procediments propis de la Humanitzaci\u00f3 Hospital\u00e0ria.<\/p>\n<p>Segueix els equips d&#8217;Hospital Amic:<\/p>\n<p><strong>ARTEPALIATIVO<\/strong><\/p>\n<p>Instagram:@artepaliativo<br \/>\nFacebook: artepaliativo<br \/>\nTwitter: ArtePaliativo<br \/>\nYoutube: <a href=\"http:\/\/www.youtube.com\/channel\/UCw1NQslCS0Bzc-6bg7-_34g\/videos?view_as=subscriber\">http:\/\/www.youtube.com\/channel\/UCw1NQslCS0Bzc-6bg7-_34g\/videos?view_as=subscriber<\/a><\/p>\n<p><strong>RESS\u00d2<\/strong><br \/>\nInstagram: @resso_mt<br \/>\nFacebook: AssociacioRessodeMusicoterapia<br \/>\nTwitter: resso_mt<br \/>\nYoutube: <a href=\"http:\/\/www.youtube.com\/user\/Ressomt\">www.youtube.com\/user\/Ressomt<\/a><br \/>\n<a href=\"http:\/\/www.ressomt.org\">www.ressomt.org \/Activitats i Recursos<\/a><\/p>\n<p><strong>PALLAPUPES<\/strong><br \/>\nInstagram:@pallapupas<br \/>\nFacebook: pallapupas<br \/>\nYoutube: <a href=\"http:\/\/www.youtube.com\/user\/Pallapupas\">www.youtube.com\/user\/Pallapupas<\/a><\/p>\n<p><strong>CTAC<\/strong><br \/>\nInstagram: @ctac_cectac<br \/>\nFacebook: TerapiaAsistidaConAnimalesGrupoCtac<br \/>\nYoutube: <a href=\"http:\/\/www.youtube.com\/user\/TAACTAC\/videos%20%3Chttp:\/\/www.youtube.com\/user\/TAACTAC\/videos%3E\">www.youtube.com\/user\/TAACTAC\/videos%20%3Chttp:\/\/www.youtube.com\/user\/TAACTAC\/videos%3E<\/a><\/p>\n","protected":false},"excerpt":{"rendered":"<p>Dins de l\u2019hospital es desenvolupa el programa Hospital amic, del qual formem part com a Aula Hospital\u00e0ria. Un dels seus objectius \u00e9s minimitzar l\u2019impacte traum\u00e0tic de l\u2019estada hospital\u00e0ria desenvolupant objectius i aplicant procediments propis de la Humanitzaci\u00f3 Hospital\u00e0ria.<br \/>\nSegueix els equips d&#8217;Hospital Amic:<br \/>\nARTEPALIATIVO<br \/>\nInstagram:@artepaliativo<br \/>\nFacebook: artepaliativo<br \/>\nTwitter: ArtePaliativo<br \/>\nYoutube: <a&hellip;  <a href=\"https:\/\/agora.xtec.cat\/escolasjd\/lescola\/instal%c2%b7lacions\/\" title=\"Read Hospital Amic\">Llegeix m\u00e9s\u00bb<\/a><\/p>\n","protected":false},"author":1,"featured_media":0,"parent":22,"menu_order":40,"comment_status":"closed","ping_status":"closed","template":"page-templates\/side-menu.php","meta":{"_bbp_topic_count":0,"_bbp_reply_count":0,"_bbp_total_topic_count":0,"_bbp_total_reply_count":0,"_bbp_voice_count":0,"_bbp_anonymous_reply_count":0,"_bbp_topic_count_hidden":0,"_bbp_reply_count_hidden":0,"_bbp_forum_subforum_count":0,"footnotes":""},"class_list":["post-30","page","type-page","status-publish","hentry"],"post_mailing_queue_ids":[],"_links":{"self":[{"href":"https:\/\/agora.xtec.cat\/escolasjd\/wp-json\/wp\/v2\/pages\/30","targetHints":{"allow":["GET"]}}],"collection":[{"href":"https:\/\/agora.xtec.cat\/escolasjd\/wp-json\/wp\/v2\/pages"}],"about":[{"href":"https:\/\/agora.xtec.cat\/escolasjd\/wp-json\/wp\/v2\/types\/page"}],"author":[{"embeddable":true,"href":"https:\/\/agora.xtec.cat\/escolasjd\/wp-json\/wp\/v2\/users\/1"}],"replies":[{"embeddable":true,"href":"https:\/\/agora.xtec.cat\/escolasjd\/wp-json\/wp\/v2\/comments?post=30"}],"version-history":[{"count":5,"href":"https:\/\/agora.xtec.cat\/escolasjd\/wp-json\/wp\/v2\/pages\/30\/revisions"}],"predecessor-version":[{"id":794,"href":"https:\/\/agora.xtec.cat\/escolasjd\/wp-json\/wp\/v2\/pages\/30\/revisions\/794"}],"up":[{"embeddable":true,"href":"https:\/\/agora.xtec.cat\/escolasjd\/wp-json\/wp\/v2\/pages\/22"}],"wp:attachment":[{"href":"https:\/\/agora.xtec.cat\/escolasjd\/wp-json\/wp\/v2\/media?parent=30"}],"curies":[{"name":"wp","href":"https:\/\/api.w.org\/{rel}","templated":true}]}}