{"id":24,"date":"2014-09-18T12:23:15","date_gmt":"2014-09-18T11:23:15","guid":{"rendered":"http:\/\/agora.xtec.cat\/escolasjd\/?page_id=24"},"modified":"2022-10-08T18:20:31","modified_gmt":"2022-10-08T16:20:31","slug":"on-som","status":"publish","type":"page","link":"https:\/\/agora.xtec.cat\/escolasjd\/lescola\/on-som\/","title":{"rendered":"Hist\u00f2ria"},"content":{"rendered":"<p>L\u2019escola La Magn\u00f2lia forma part de l\u2019Hospital Sant Joan de D\u00e9u de Barcelona, aquest, forma part de l\u2019Orde Hospital\u00e0ria de Sant Joan de D\u00e9u. L\u2019Orde Hospital\u00e0ria t\u00e9 els seus or\u00edgens a l\u2019any 1586, essent gestionada i assistida per la congregaci\u00f3 dels Germans de Sant Joan de D\u00e9u sent l\u2019hospitalitat la seva principal fortalesa.<\/p>\n<p>L\u2019Escola t\u00e9 els seus inicis al 1881 on\u00a0 els germans de l\u2019Orde eren els que oferien classes de m\u00fasica. El 1908 es va comen\u00e7ar l\u2019atenci\u00f3 educativa gr\u00e0cies al treball voluntari i altruista de persones vinculades a l\u2019Hospital.<\/p>\n<p>El 1967 l\u2019Escola passa a ser reconeguda pel Ministerio de Educaci\u00f3n y Ciencia el qual destina un professor i dues professores per atendre-la.<\/p>\n<p>El 1991 es signa el conveni de col\u00b7laboraci\u00f3 entre el Departament d\u2019Educaci\u00f3 de la Generalitat de Catalunya i l\u2019Hospital, aquest consolida la continu\u00eftat i sostenibilitat de les unitats educatives hospital\u00e0ries.<\/p>\n<p>&nbsp;<\/p>\n","protected":false},"excerpt":{"rendered":"<p>L\u2019escola La Magn\u00f2lia forma part de l\u2019Hospital Sant Joan de D\u00e9u de Barcelona, aquest, forma part de l\u2019Orde Hospital\u00e0ria de Sant Joan de D\u00e9u. L\u2019Orde Hospital\u00e0ria t\u00e9 els seus or\u00edgens a l\u2019any 1586, essent gestionada i assistida per la congregaci\u00f3 dels Germans de Sant Joan&hellip;  <a href=\"https:\/\/agora.xtec.cat\/escolasjd\/lescola\/on-som\/\" title=\"Read Hist\u00f2ria\">Llegeix m\u00e9s\u00bb<\/a><\/p>\n","protected":false},"author":1,"featured_media":0,"parent":22,"menu_order":10,"comment_status":"closed","ping_status":"closed","template":"page-templates\/side-menu.php","meta":{"_bbp_topic_count":0,"_bbp_reply_count":0,"_bbp_total_topic_count":0,"_bbp_total_reply_count":0,"_bbp_voice_count":0,"_bbp_anonymous_reply_count":0,"_bbp_topic_count_hidden":0,"_bbp_reply_count_hidden":0,"_bbp_forum_subforum_count":0,"footnotes":""},"class_list":["post-24","page","type-page","status-publish","hentry"],"post_mailing_queue_ids":[],"_links":{"self":[{"href":"https:\/\/agora.xtec.cat\/escolasjd\/wp-json\/wp\/v2\/pages\/24","targetHints":{"allow":["GET"]}}],"collection":[{"href":"https:\/\/agora.xtec.cat\/escolasjd\/wp-json\/wp\/v2\/pages"}],"about":[{"href":"https:\/\/agora.xtec.cat\/escolasjd\/wp-json\/wp\/v2\/types\/page"}],"author":[{"embeddable":true,"href":"https:\/\/agora.xtec.cat\/escolasjd\/wp-json\/wp\/v2\/users\/1"}],"replies":[{"embeddable":true,"href":"https:\/\/agora.xtec.cat\/escolasjd\/wp-json\/wp\/v2\/comments?post=24"}],"version-history":[{"count":2,"href":"https:\/\/agora.xtec.cat\/escolasjd\/wp-json\/wp\/v2\/pages\/24\/revisions"}],"predecessor-version":[{"id":533,"href":"https:\/\/agora.xtec.cat\/escolasjd\/wp-json\/wp\/v2\/pages\/24\/revisions\/533"}],"up":[{"embeddable":true,"href":"https:\/\/agora.xtec.cat\/escolasjd\/wp-json\/wp\/v2\/pages\/22"}],"wp:attachment":[{"href":"https:\/\/agora.xtec.cat\/escolasjd\/wp-json\/wp\/v2\/media?parent=24"}],"curies":[{"name":"wp","href":"https:\/\/api.w.org\/{rel}","templated":true}]}}