{"id":1274,"date":"2016-11-30T22:34:37","date_gmt":"2016-11-30T21:34:37","guid":{"rendered":"http:\/\/agora.xtec.cat\/escolasinera\/?page_id=1274"},"modified":"2026-04-20T11:34:45","modified_gmt":"2026-04-20T09:34:45","slug":"10-anys-descola","status":"publish","type":"page","link":"https:\/\/agora.xtec.cat\/escolasinera\/lescola\/10-anys-descola\/","title":{"rendered":"10 anys d&#8217;escola 2003-2013"},"content":{"rendered":"<p><iframe loading=\"lazy\" src=\"https:\/\/www.youtube.com\/embed\/FsS1bSlCIMM\" width=\"560\" height=\"315\" frameborder=\"0\" allowfullscreen=\"allowfullscreen\"><\/iframe><\/p>\n<h3><span style=\"color: #800080;\"><strong>LIPDUB SINERA 10 ANYS<\/strong><\/span><\/h3>\n<p><iframe loading=\"lazy\" src=\"https:\/\/www.youtube.com\/embed\/qm7PJTE49dI\" width=\"560\" height=\"315\" frameborder=\"0\" allowfullscreen=\"allowfullscreen\"><\/iframe><\/p>\n<p>P\u00c0GINA WEB 2013: <a href=\"http:\/\/escolasinera.jimdo.com\/\" target=\"_blank\" rel=\"noopener\">http:\/\/escolasinera.jimdo.com\/<\/a><\/p>\n<p>\u00a0<\/p>\n\n\n<p>Els inicis de l&#8217;escola Sinera s\u00f3n al carrer de Sant Pere d&#8217;Arenys de Mar, en un&nbsp;edifici que s&#8217;havia construit a primers del segle XX, a partir del legat i la donaci\u00f3 de 25.000 \u201cduros\u201d feta per Joan Baptista Cass\u00e0 i Cam\u00fas, al seu testament de 19 de novembre de 1876. La primera pedra de l&#8217;edifici es va colocar el 12 de juliol de 1903 i l\u2019edifici es va inaugurar el 2 de febrer de 1904, diuen les cr\u00f2niques de l&#8217;epoca que &#8220;amb la pres\u00e8ncia del Governador Civil, D. Carles Gonz\u00e0les Rootvos, el Sr Casademunt i el Rector de la universitat D. Bar\u00f3 de Bonet i amb la pres\u00e8ncia de les autoritats locals&#8221;.<\/p>\n\n\n\n<p>Durant un segle va acollir diverses escoles, sota la tutela de diverses ordes religioses i la parr\u00f2quia de Santa Maria d&#8217;Arenys.&nbsp;El curs 2002-2003 va ser el darrer del col\u00b7legi Cass\u00e0. Diversos problemes econ\u00f2mics que arrosegava la cooperativa de pares i mestres que gestionava el centre i la disminuci\u00f3 de la matr\u00edcula van for\u00e7ar la decissio.<\/p>\n\n\n\n<p>El curs seg\u00fcent els 120 alumnes van seguir l&#8217;activitat al mateix edifici de l&#8217;escola com un annex del CEIP Joan Maragall. I l&#8217;any seg\u00fcent,&nbsp;el curs 2004-2005,&nbsp;el CEIP Sinera ja va tenir personalitat pr\u00f2pia. El nom de l&#8217;escola Sinera es va escollir en una votaci\u00f3 oberta a tota la comunitat educativa i el gruix principal d&#8217;alumnes i fam\u00edlies van ser les de l&#8217;antiga escola Cass\u00e0 mentre comen\u00e7aven a omplir-se els nous cursos d&#8217;infantil i les aules tamb\u00e9 incorporaven nous alumnes, just en una \u00e8poca d&#8217;important creixement demogr\u00e0fic.<\/p>\n\n\n\n<p>El setembre de 2008, la Llar d\u2019Infants Municipal que disposava de dues aules a l&#8217;edifici Cass\u00e0 va traslladar-se als equipaments de la Raureta. L\u2019escola va gaudir dels nous espais: una sala polivalent on l\u2019activitat principal era la psicomotricitat, una aula de desdoblament (aula de lleng\u00fces estrangeres) i d\u2019un magatzem. L&#8217;escola per\u00f2 estava a l&#8217;espectativa del nou centre que s&#8217;havia de construir al rial del Bareu i que consolidava la segona escola p\u00fablica d&#8217;Arenys de Mar. El curs 2009-2010 va ser el darrer a l&#8217;edifici Cass\u00e0 (<a href=\"http:\/\/www.youtube.com\/watch?v=XNpYlYbG9aA\">v\u00eddeo sobre el comiat a l&#8217;edifici Cassa<\/a>)<\/p>\n\n\n\n<p>A partir del curs 2010-2011 es comen\u00e7a una nova etapa amb nous equipaments a l&#8217;avinguda de Pau Costa, 73. Durant el mes d&#8217;agost es va fer el trasllat i el curs va comen\u00e7ar sense cap contratemps el 7 de setembre (<a href=\"http:\/\/www.youtube.com\/watch?v=pVQGDThrRug\">veure v\u00eddeo del primer dia a la nova escola<\/a>). L&#8217;escola empr\u00e8n la seva activitat gaudint d&#8217;unes instal\u00b7lacions molt adequades i inicia un proc\u00e9s de creixement, curs a curs, fent el desdoblament progressiu en dues l\u00ednies.&nbsp;A l&#8217;abril de 2013 s&#8217;inicien els actes de celebraci\u00f3 dels 10 anys de l&#8217;escola, una celebraci\u00f3 que coincideix tamb\u00e9 amb la commemoraci\u00f3 de l&#8217;Any Espriu que l&#8217;escola tamb\u00e9 viu de manera intensa i molt participada des de tots els cicles.<\/p>\n\n\n\n<figure class=\"wp-block-gallery has-nested-images columns-2 is-cropped wp-block-gallery-1 is-layout-flex wp-block-gallery-is-layout-flex\">\n<figure class=\"wp-block-image size-large\"><img loading=\"lazy\" decoding=\"async\" width=\"525\" height=\"348\" data-id=\"186\" src=\"https:\/\/agora.xtec.cat\/escolasinera\/wp-content\/uploads\/usu895\/2014\/09\/edifici_cassa.jpg\" alt=\"\" class=\"wp-image-186\" srcset=\"https:\/\/agora.xtec.cat\/escolasinera\/wp-content\/uploads\/usu895\/2014\/09\/edifici_cassa.jpg 525w, https:\/\/agora.xtec.cat\/escolasinera\/wp-content\/uploads\/usu895\/2014\/09\/edifici_cassa-300x199.jpg 300w\" sizes=\"auto, (max-width: 525px) 100vw, 525px\" \/><\/figure>\n\n\n\n<figure class=\"wp-block-image size-large\"><img loading=\"lazy\" decoding=\"async\" width=\"600\" height=\"298\" data-id=\"187\" src=\"https:\/\/agora.xtec.cat\/escolasinera\/wp-content\/uploads\/usu895\/2014\/09\/IMG_7622.jpg\" alt=\"\" class=\"wp-image-187\" srcset=\"https:\/\/agora.xtec.cat\/escolasinera\/wp-content\/uploads\/usu895\/2014\/09\/IMG_7622.jpg 600w, https:\/\/agora.xtec.cat\/escolasinera\/wp-content\/uploads\/usu895\/2014\/09\/IMG_7622-300x149.jpg 300w\" sizes=\"auto, (max-width: 600px) 100vw, 600px\" \/><\/figure>\n<\/figure>\n\n\n\n<p>D&#8217;en\u00e7\u00e0 els seus inicis, l&#8217;Escola Sinera ha tingut pres\u00e8ncia a Internet i ha anat creixent la seva activitat digital. D&#8217;una primera p\u00e0gina web est\u00e0tica es va passar a un segon projecte m\u00e9s complet (que encara<a href=\"http:\/\/escolasinera.jimdo.com\/\">podeu veure aqu\u00ed<\/a>, amb molts de continguts dels cursos que va funcionar). El curs 2013-14 s&#8217;ha posat en marxa una nova plataforma digital que combina els espais de publicaci\u00f3 web i tamb\u00e9 espais de treball intern de l&#8217;escola.<\/p>\n","protected":false},"excerpt":{"rendered":"<p>LIPDUB SINERA 10 ANYS P\u00c0GINA WEB 2013: http:\/\/escolasinera.jimdo.com\/ \u00a0 Els inicis de l&#8217;escola Sinera s\u00f3n al carrer de Sant Pere [&hellip;]<\/p>\n","protected":false},"author":68,"featured_media":0,"parent":22,"menu_order":40,"comment_status":"closed","ping_status":"closed","template":"","meta":{"_bbp_topic_count":0,"_bbp_reply_count":0,"_bbp_total_topic_count":0,"_bbp_total_reply_count":0,"_bbp_voice_count":0,"_bbp_anonymous_reply_count":0,"_bbp_topic_count_hidden":0,"_bbp_reply_count_hidden":0,"_bbp_forum_subforum_count":0,"site-sidebar-layout":"default","site-content-layout":"","ast-site-content-layout":"default","site-content-style":"default","site-sidebar-style":"default","ast-global-header-display":"","ast-banner-title-visibility":"","ast-main-header-display":"","ast-hfb-above-header-display":"","ast-hfb-below-header-display":"","ast-hfb-mobile-header-display":"","site-post-title":"","ast-breadcrumbs-content":"","ast-featured-img":"","footer-sml-layout":"","theme-transparent-header-meta":"","adv-header-id-meta":"","stick-header-meta":"","header-above-stick-meta":"","header-main-stick-meta":"","header-below-stick-meta":"","astra-migrate-meta-layouts":"set","ast-page-background-enabled":"default","ast-page-background-meta":{"desktop":{"background-color":"var(--ast-global-color-4)","background-image":"","background-repeat":"repeat","background-position":"center center","background-size":"auto","background-attachment":"scroll","background-type":"","background-media":"","overlay-type":"","overlay-color":"","overlay-opacity":"","overlay-gradient":""},"tablet":{"background-color":"","background-image":"","background-repeat":"repeat","background-position":"center center","background-size":"auto","background-attachment":"scroll","background-type":"","background-media":"","overlay-type":"","overlay-color":"","overlay-opacity":"","overlay-gradient":""},"mobile":{"background-color":"","background-image":"","background-repeat":"repeat","background-position":"center center","background-size":"auto","background-attachment":"scroll","background-type":"","background-media":"","overlay-type":"","overlay-color":"","overlay-opacity":"","overlay-gradient":""}},"ast-content-background-meta":{"desktop":{"background-color":"var(--ast-global-color-5)","background-image":"","background-repeat":"repeat","background-position":"center center","background-size":"auto","background-attachment":"scroll","background-type":"","background-media":"","overlay-type":"","overlay-color":"","overlay-opacity":"","overlay-gradient":""},"tablet":{"background-color":"var(--ast-global-color-5)","background-image":"","background-repeat":"repeat","background-position":"center center","background-size":"auto","background-attachment":"scroll","background-type":"","background-media":"","overlay-type":"","overlay-color":"","overlay-opacity":"","overlay-gradient":""},"mobile":{"background-color":"var(--ast-global-color-5)","background-image":"","background-repeat":"repeat","background-position":"center center","background-size":"auto","background-attachment":"scroll","background-type":"","background-media":"","overlay-type":"","overlay-color":"","overlay-opacity":"","overlay-gradient":""}},"footnotes":""},"class_list":["post-1274","page","type-page","status-publish","hentry"],"post_mailing_queue_ids":[],"_links":{"self":[{"href":"https:\/\/agora.xtec.cat\/escolasinera\/wp-json\/wp\/v2\/pages\/1274","targetHints":{"allow":["GET"]}}],"collection":[{"href":"https:\/\/agora.xtec.cat\/escolasinera\/wp-json\/wp\/v2\/pages"}],"about":[{"href":"https:\/\/agora.xtec.cat\/escolasinera\/wp-json\/wp\/v2\/types\/page"}],"author":[{"embeddable":true,"href":"https:\/\/agora.xtec.cat\/escolasinera\/wp-json\/wp\/v2\/users\/68"}],"replies":[{"embeddable":true,"href":"https:\/\/agora.xtec.cat\/escolasinera\/wp-json\/wp\/v2\/comments?post=1274"}],"version-history":[{"count":4,"href":"https:\/\/agora.xtec.cat\/escolasinera\/wp-json\/wp\/v2\/pages\/1274\/revisions"}],"predecessor-version":[{"id":17511,"href":"https:\/\/agora.xtec.cat\/escolasinera\/wp-json\/wp\/v2\/pages\/1274\/revisions\/17511"}],"up":[{"embeddable":true,"href":"https:\/\/agora.xtec.cat\/escolasinera\/wp-json\/wp\/v2\/pages\/22"}],"wp:attachment":[{"href":"https:\/\/agora.xtec.cat\/escolasinera\/wp-json\/wp\/v2\/media?parent=1274"}],"curies":[{"name":"wp","href":"https:\/\/api.w.org\/{rel}","templated":true}]}}