{"id":73,"date":"2014-09-18T14:01:51","date_gmt":"2014-09-18T13:01:51","guid":{"rendered":"http:\/\/agora.xtec.cat\/escolasetelsis\/?page_id=73"},"modified":"2026-04-13T11:47:08","modified_gmt":"2026-04-13T09:47:08","slug":"menjador-escolar","status":"publish","type":"page","link":"https:\/\/agora.xtec.cat\/escolasetelsis\/ampa\/menjador\/menjador-escolar\/","title":{"rendered":"MEN\u00da"},"content":{"rendered":"<p style=\"text-align: center;\"><strong>Link AMPASOFT:<\/strong><\/p>\n<p>&nbsp;<\/p>\n<p style=\"text-align: center;\"><a href=\"https:\/\/ampasetelsis.ampasoft.net\/\">https:\/\/ampasetelsis.ampasoft.net\/<\/a><\/p>\n<p>&nbsp;<\/p>\n<p style=\"text-align: center;\">Trobareu tota la informaci\u00f3 referent al menjador en el seg\u00fcent enlla\u00e7:<a href=\"https:\/\/agora.xtec.cat\/escolasetelsis\/ampa\/menjador\/\"><img loading=\"lazy\" decoding=\"async\" class=\"aligncenter wp-image-9222\" src=\"https:\/\/agora.xtec.cat\/escolasetelsis\/wp-content\/uploads\/usu1650\/2023\/09\/Copia-de-Copia-de-CARTELLS-GRUPS-CLASSE-1024x576.png\" alt=\"\" width=\"144\" height=\"81\" srcset=\"https:\/\/agora.xtec.cat\/escolasetelsis\/wp-content\/uploads\/usu1650\/2023\/09\/Copia-de-Copia-de-CARTELLS-GRUPS-CLASSE-1024x576.png 1024w, https:\/\/agora.xtec.cat\/escolasetelsis\/wp-content\/uploads\/usu1650\/2023\/09\/Copia-de-Copia-de-CARTELLS-GRUPS-CLASSE-300x169.png 300w, https:\/\/agora.xtec.cat\/escolasetelsis\/wp-content\/uploads\/usu1650\/2023\/09\/Copia-de-Copia-de-CARTELLS-GRUPS-CLASSE-768x432.png 768w, https:\/\/agora.xtec.cat\/escolasetelsis\/wp-content\/uploads\/usu1650\/2023\/09\/Copia-de-Copia-de-CARTELLS-GRUPS-CLASSE-1536x864.png 1536w, https:\/\/agora.xtec.cat\/escolasetelsis\/wp-content\/uploads\/usu1650\/2023\/09\/Copia-de-Copia-de-CARTELLS-GRUPS-CLASSE.png 1920w\" sizes=\"auto, (max-width: 144px) 100vw, 144px\" \/><\/a><\/p>\n<p style=\"text-align: center;\">Per a m\u00e9s informaci\u00f3 podeu consultar el <a href=\"https:\/\/drive.google.com\/file\/d\/1JxWb6uH_hS3zs4vKlcM4sAcVeYYAhVpT\/view?usp=sharing\">PLA DE FUNCIONAMENT DE MENJADOR<\/a>.<\/p>\n<p><a href=\"https:\/\/agora.xtec.cat\/escolasetelsis\/wp-content\/uploads\/usu1650\/2026\/03\/8-MENU-ABRIL-25-26.png\"><img loading=\"lazy\" decoding=\"async\" class=\"aligncenter size-full wp-image-13836\" src=\"https:\/\/agora.xtec.cat\/escolasetelsis\/wp-content\/uploads\/usu1650\/2026\/03\/8-MENU-ABRIL-25-26.png\" alt=\"\" width=\"871\" height=\"583\" srcset=\"https:\/\/agora.xtec.cat\/escolasetelsis\/wp-content\/uploads\/usu1650\/2026\/03\/8-MENU-ABRIL-25-26.png 871w, https:\/\/agora.xtec.cat\/escolasetelsis\/wp-content\/uploads\/usu1650\/2026\/03\/8-MENU-ABRIL-25-26-300x201.png 300w, https:\/\/agora.xtec.cat\/escolasetelsis\/wp-content\/uploads\/usu1650\/2026\/03\/8-MENU-ABRIL-25-26-768x514.png 768w\" sizes=\"auto, (max-width: 871px) 100vw, 871px\" \/><\/a><\/p>\n<p>&nbsp;<\/p>\n<p><a href=\"https:\/\/agora.xtec.cat\/escolasetelsis\/wp-content\/uploads\/usu1650\/2026\/02\/7-MENU-MARC-25-26.png\"><img loading=\"lazy\" decoding=\"async\" class=\"aligncenter size-large wp-image-13722\" src=\"https:\/\/agora.xtec.cat\/escolasetelsis\/wp-content\/uploads\/usu1650\/2026\/02\/7-MENU-MARC-25-26-1024x624.png\" alt=\"\" width=\"1024\" height=\"624\" srcset=\"https:\/\/agora.xtec.cat\/escolasetelsis\/wp-content\/uploads\/usu1650\/2026\/02\/7-MENU-MARC-25-26-1024x624.png 1024w, https:\/\/agora.xtec.cat\/escolasetelsis\/wp-content\/uploads\/usu1650\/2026\/02\/7-MENU-MARC-25-26-300x183.png 300w, https:\/\/agora.xtec.cat\/escolasetelsis\/wp-content\/uploads\/usu1650\/2026\/02\/7-MENU-MARC-25-26-768x468.png 768w, https:\/\/agora.xtec.cat\/escolasetelsis\/wp-content\/uploads\/usu1650\/2026\/02\/7-MENU-MARC-25-26.png 1288w\" sizes=\"auto, (max-width: 1024px) 100vw, 1024px\" \/><\/a><\/p>\n<p>&nbsp;<\/p>\n<p><a href=\"https:\/\/agora.xtec.cat\/escolasetelsis\/wp-content\/uploads\/usu1650\/2026\/01\/6-MENU-FEBRER-25-26.png\"><img loading=\"lazy\" decoding=\"async\" class=\"aligncenter size-large wp-image-13555\" src=\"https:\/\/agora.xtec.cat\/escolasetelsis\/wp-content\/uploads\/usu1650\/2026\/01\/6-MENU-FEBRER-25-26-1024x703.png\" alt=\"\" width=\"1024\" height=\"703\" srcset=\"https:\/\/agora.xtec.cat\/escolasetelsis\/wp-content\/uploads\/usu1650\/2026\/01\/6-MENU-FEBRER-25-26-1024x703.png 1024w, https:\/\/agora.xtec.cat\/escolasetelsis\/wp-content\/uploads\/usu1650\/2026\/01\/6-MENU-FEBRER-25-26-300x206.png 300w, https:\/\/agora.xtec.cat\/escolasetelsis\/wp-content\/uploads\/usu1650\/2026\/01\/6-MENU-FEBRER-25-26-768x528.png 768w, https:\/\/agora.xtec.cat\/escolasetelsis\/wp-content\/uploads\/usu1650\/2026\/01\/6-MENU-FEBRER-25-26.png 1281w\" sizes=\"auto, (max-width: 1024px) 100vw, 1024px\" \/><\/a><\/p>\n<p>&nbsp;<\/p>\n<p><a href=\"https:\/\/agora.xtec.cat\/escolasetelsis\/wp-content\/uploads\/usu1650\/2025\/12\/5-MENU-GENER-25-26.png\"><img loading=\"lazy\" decoding=\"async\" class=\"aligncenter size-large wp-image-13468\" src=\"https:\/\/agora.xtec.cat\/escolasetelsis\/wp-content\/uploads\/usu1650\/2025\/12\/5-MENU-GENER-25-26-1024x691.png\" alt=\"\" width=\"1024\" height=\"691\" srcset=\"https:\/\/agora.xtec.cat\/escolasetelsis\/wp-content\/uploads\/usu1650\/2025\/12\/5-MENU-GENER-25-26-1024x691.png 1024w, https:\/\/agora.xtec.cat\/escolasetelsis\/wp-content\/uploads\/usu1650\/2025\/12\/5-MENU-GENER-25-26-300x202.png 300w, https:\/\/agora.xtec.cat\/escolasetelsis\/wp-content\/uploads\/usu1650\/2025\/12\/5-MENU-GENER-25-26-768x518.png 768w, https:\/\/agora.xtec.cat\/escolasetelsis\/wp-content\/uploads\/usu1650\/2025\/12\/5-MENU-GENER-25-26.png 1287w\" sizes=\"auto, (max-width: 1024px) 100vw, 1024px\" \/><\/a><\/p>\n<p><a href=\"https:\/\/agora.xtec.cat\/escolasetelsis\/wp-content\/uploads\/usu1650\/2025\/11\/4-MENU-DESEMBRE-25-26.png\"><img loading=\"lazy\" decoding=\"async\" class=\"aligncenter wp-image-13419\" src=\"https:\/\/agora.xtec.cat\/escolasetelsis\/wp-content\/uploads\/usu1650\/2025\/11\/4-MENU-DESEMBRE-25-26.png\" alt=\"\" width=\"970\" height=\"670\" srcset=\"https:\/\/agora.xtec.cat\/escolasetelsis\/wp-content\/uploads\/usu1650\/2025\/11\/4-MENU-DESEMBRE-25-26.png 928w, https:\/\/agora.xtec.cat\/escolasetelsis\/wp-content\/uploads\/usu1650\/2025\/11\/4-MENU-DESEMBRE-25-26-300x207.png 300w, https:\/\/agora.xtec.cat\/escolasetelsis\/wp-content\/uploads\/usu1650\/2025\/11\/4-MENU-DESEMBRE-25-26-768x530.png 768w\" sizes=\"auto, (max-width: 970px) 100vw, 970px\" \/><\/a><a href=\"https:\/\/agora.xtec.cat\/escolasetelsis\/wp-content\/uploads\/usu1650\/2025\/10\/3-MENU-NOVEMBRE-25-26.png\"><img loading=\"lazy\" decoding=\"async\" class=\"aligncenter size-large wp-image-13244\" src=\"https:\/\/agora.xtec.cat\/escolasetelsis\/wp-content\/uploads\/usu1650\/2025\/10\/3-MENU-NOVEMBRE-25-26-1024x695.png\" alt=\"\" width=\"1024\" height=\"695\" srcset=\"https:\/\/agora.xtec.cat\/escolasetelsis\/wp-content\/uploads\/usu1650\/2025\/10\/3-MENU-NOVEMBRE-25-26-1024x695.png 1024w, https:\/\/agora.xtec.cat\/escolasetelsis\/wp-content\/uploads\/usu1650\/2025\/10\/3-MENU-NOVEMBRE-25-26-300x204.png 300w, https:\/\/agora.xtec.cat\/escolasetelsis\/wp-content\/uploads\/usu1650\/2025\/10\/3-MENU-NOVEMBRE-25-26-768x522.png 768w, https:\/\/agora.xtec.cat\/escolasetelsis\/wp-content\/uploads\/usu1650\/2025\/10\/3-MENU-NOVEMBRE-25-26.png 1091w\" sizes=\"auto, (max-width: 1024px) 100vw, 1024px\" \/><\/a><\/p>\n<p style=\"text-align: center;\"><a href=\"https:\/\/agora.xtec.cat\/escolasetelsis\/wp-content\/uploads\/usu1650\/2025\/09\/2-MENU-OCTUBRE-25-26.png\"><img loading=\"lazy\" decoding=\"async\" class=\"aligncenter size-large wp-image-13101\" src=\"https:\/\/agora.xtec.cat\/escolasetelsis\/wp-content\/uploads\/usu1650\/2025\/09\/2-MENU-OCTUBRE-25-26-1024x711.png\" alt=\"\" width=\"1024\" height=\"711\" srcset=\"https:\/\/agora.xtec.cat\/escolasetelsis\/wp-content\/uploads\/usu1650\/2025\/09\/2-MENU-OCTUBRE-25-26-1024x711.png 1024w, https:\/\/agora.xtec.cat\/escolasetelsis\/wp-content\/uploads\/usu1650\/2025\/09\/2-MENU-OCTUBRE-25-26-300x208.png 300w, https:\/\/agora.xtec.cat\/escolasetelsis\/wp-content\/uploads\/usu1650\/2025\/09\/2-MENU-OCTUBRE-25-26-768x533.png 768w, https:\/\/agora.xtec.cat\/escolasetelsis\/wp-content\/uploads\/usu1650\/2025\/09\/2-MENU-OCTUBRE-25-26.png 1280w\" sizes=\"auto, (max-width: 1024px) 100vw, 1024px\" \/><\/a><a href=\"https:\/\/agora.xtec.cat\/escolasetelsis\/wp-content\/uploads\/usu1650\/2025\/09\/unnamed-1.png\"><img loading=\"lazy\" decoding=\"async\" class=\"aligncenter size-large wp-image-12848\" src=\"https:\/\/agora.xtec.cat\/escolasetelsis\/wp-content\/uploads\/usu1650\/2025\/09\/unnamed-1-1024x669.png\" alt=\"\" width=\"1024\" height=\"669\" srcset=\"https:\/\/agora.xtec.cat\/escolasetelsis\/wp-content\/uploads\/usu1650\/2025\/09\/unnamed-1-1024x669.png 1024w, https:\/\/agora.xtec.cat\/escolasetelsis\/wp-content\/uploads\/usu1650\/2025\/09\/unnamed-1-300x196.png 300w, https:\/\/agora.xtec.cat\/escolasetelsis\/wp-content\/uploads\/usu1650\/2025\/09\/unnamed-1-768x501.png 768w, https:\/\/agora.xtec.cat\/escolasetelsis\/wp-content\/uploads\/usu1650\/2025\/09\/unnamed-1.png 1302w\" sizes=\"auto, (max-width: 1024px) 100vw, 1024px\" \/><\/a><\/p>\n<p><a href=\"https:\/\/agora.xtec.cat\/escolasetelsis\/wp-content\/uploads\/usu1650\/2025\/04\/ESPIRAL-I.png\"><img loading=\"lazy\" decoding=\"async\" class=\"wp-image-12598 aligncenter\" src=\"https:\/\/agora.xtec.cat\/escolasetelsis\/wp-content\/uploads\/usu1650\/2025\/04\/ESPIRAL-I-1024x576.png\" alt=\"\" width=\"188\" height=\"106\" srcset=\"https:\/\/agora.xtec.cat\/escolasetelsis\/wp-content\/uploads\/usu1650\/2025\/04\/ESPIRAL-I-1024x576.png 1024w, https:\/\/agora.xtec.cat\/escolasetelsis\/wp-content\/uploads\/usu1650\/2025\/04\/ESPIRAL-I-300x169.png 300w, https:\/\/agora.xtec.cat\/escolasetelsis\/wp-content\/uploads\/usu1650\/2025\/04\/ESPIRAL-I-768x432.png 768w, https:\/\/agora.xtec.cat\/escolasetelsis\/wp-content\/uploads\/usu1650\/2025\/04\/ESPIRAL-I-1536x864.png 1536w, https:\/\/agora.xtec.cat\/escolasetelsis\/wp-content\/uploads\/usu1650\/2025\/04\/ESPIRAL-I.png 1920w\" sizes=\"auto, (max-width: 188px) 100vw, 188px\" \/><\/a><a href=\"https:\/\/agora.xtec.cat\/escolasetelsis\/wp-content\/uploads\/usu1650\/2025\/09\/unnamed.png\"><img loading=\"lazy\" decoding=\"async\" class=\"aligncenter size-large wp-image-12849\" src=\"https:\/\/agora.xtec.cat\/escolasetelsis\/wp-content\/uploads\/usu1650\/2025\/09\/unnamed-1024x713.png\" alt=\"\" width=\"1024\" height=\"713\" srcset=\"https:\/\/agora.xtec.cat\/escolasetelsis\/wp-content\/uploads\/usu1650\/2025\/09\/unnamed-1024x713.png 1024w, https:\/\/agora.xtec.cat\/escolasetelsis\/wp-content\/uploads\/usu1650\/2025\/09\/unnamed-300x209.png 300w, https:\/\/agora.xtec.cat\/escolasetelsis\/wp-content\/uploads\/usu1650\/2025\/09\/unnamed-768x535.png 768w, https:\/\/agora.xtec.cat\/escolasetelsis\/wp-content\/uploads\/usu1650\/2025\/09\/unnamed.png 1280w\" sizes=\"auto, (max-width: 1024px) 100vw, 1024px\" \/><\/a><\/p>\n<p>&nbsp;<\/p>\n<p>&nbsp;<\/p>\n<p>&nbsp;<\/p>\n","protected":false},"excerpt":{"rendered":"<p>Link AMPASOFT: &nbsp; https:\/\/ampasetelsis.ampasoft.net\/ &nbsp; Trobareu tota la informaci\u00f3 referent al menjador en el seg\u00fcent enlla\u00e7: Per a m\u00e9s informaci\u00f3 podeu consultar el PLA DE FUNCIONAMENT DE MENJADOR. &nbsp; &nbsp; &nbsp; &nbsp; &nbsp; &nbsp;<\/p>\n","protected":false},"author":1,"featured_media":0,"parent":3274,"menu_order":1,"comment_status":"closed","ping_status":"closed","template":"","meta":{"_bbp_topic_count":0,"_bbp_reply_count":0,"_bbp_total_topic_count":0,"_bbp_total_reply_count":0,"_bbp_voice_count":0,"_bbp_anonymous_reply_count":0,"_bbp_topic_count_hidden":0,"_bbp_reply_count_hidden":0,"_bbp_forum_subforum_count":0,"site-sidebar-layout":"default","site-content-layout":"","ast-site-content-layout":"default","site-content-style":"default","site-sidebar-style":"default","ast-global-header-display":"","ast-banner-title-visibility":"","ast-main-header-display":"","ast-hfb-above-header-display":"","ast-hfb-below-header-display":"","ast-hfb-mobile-header-display":"","site-post-title":"","ast-breadcrumbs-content":"","ast-featured-img":"","footer-sml-layout":"","theme-transparent-header-meta":"default","adv-header-id-meta":"","stick-header-meta":"","header-above-stick-meta":"","header-main-stick-meta":"","header-below-stick-meta":"","astra-migrate-meta-layouts":"set","ast-page-background-enabled":"default","ast-page-background-meta":{"desktop":{"background-color":"var(--ast-global-color-4)","background-image":"","background-repeat":"repeat","background-position":"center center","background-size":"auto","background-attachment":"scroll","background-type":"","background-media":"","overlay-type":"","overlay-color":"","overlay-opacity":"","overlay-gradient":""},"tablet":{"background-color":"","background-image":"","background-repeat":"repeat","background-position":"center center","background-size":"auto","background-attachment":"scroll","background-type":"","background-media":"","overlay-type":"","overlay-color":"","overlay-opacity":"","overlay-gradient":""},"mobile":{"background-color":"","background-image":"","background-repeat":"repeat","background-position":"center center","background-size":"auto","background-attachment":"scroll","background-type":"","background-media":"","overlay-type":"","overlay-color":"","overlay-opacity":"","overlay-gradient":""}},"ast-content-background-meta":{"desktop":{"background-color":"var(--ast-global-color-5)","background-image":"","background-repeat":"repeat","background-position":"center center","background-size":"auto","background-attachment":"scroll","background-type":"","background-media":"","overlay-type":"","overlay-color":"","overlay-opacity":"","overlay-gradient":""},"tablet":{"background-color":"var(--ast-global-color-5)","background-image":"","background-repeat":"repeat","background-position":"center center","background-size":"auto","background-attachment":"scroll","background-type":"","background-media":"","overlay-type":"","overlay-color":"","overlay-opacity":"","overlay-gradient":""},"mobile":{"background-color":"var(--ast-global-color-5)","background-image":"","background-repeat":"repeat","background-position":"center center","background-size":"auto","background-attachment":"scroll","background-type":"","background-media":"","overlay-type":"","overlay-color":"","overlay-opacity":"","overlay-gradient":""}},"footnotes":""},"class_list":["post-73","page","type-page","status-publish","hentry"],"post_mailing_queue_ids":[],"_links":{"self":[{"href":"https:\/\/agora.xtec.cat\/escolasetelsis\/wp-json\/wp\/v2\/pages\/73","targetHints":{"allow":["GET"]}}],"collection":[{"href":"https:\/\/agora.xtec.cat\/escolasetelsis\/wp-json\/wp\/v2\/pages"}],"about":[{"href":"https:\/\/agora.xtec.cat\/escolasetelsis\/wp-json\/wp\/v2\/types\/page"}],"author":[{"embeddable":true,"href":"https:\/\/agora.xtec.cat\/escolasetelsis\/wp-json\/wp\/v2\/users\/1"}],"replies":[{"embeddable":true,"href":"https:\/\/agora.xtec.cat\/escolasetelsis\/wp-json\/wp\/v2\/comments?post=73"}],"version-history":[{"count":7,"href":"https:\/\/agora.xtec.cat\/escolasetelsis\/wp-json\/wp\/v2\/pages\/73\/revisions"}],"predecessor-version":[{"id":13952,"href":"https:\/\/agora.xtec.cat\/escolasetelsis\/wp-json\/wp\/v2\/pages\/73\/revisions\/13952"}],"up":[{"embeddable":true,"href":"https:\/\/agora.xtec.cat\/escolasetelsis\/wp-json\/wp\/v2\/pages\/3274"}],"wp:attachment":[{"href":"https:\/\/agora.xtec.cat\/escolasetelsis\/wp-json\/wp\/v2\/media?parent=73"}],"curies":[{"name":"wp","href":"https:\/\/api.w.org\/{rel}","templated":true}]}}