{"id":9939,"date":"2025-09-29T17:08:04","date_gmt":"2025-09-29T15:08:04","guid":{"rendered":"https:\/\/agora.xtec.cat\/escolaserradeprades\/?page_id=9939"},"modified":"2026-02-08T20:11:10","modified_gmt":"2026-02-08T19:11:10","slug":"afa","status":"publish","type":"page","link":"https:\/\/agora.xtec.cat\/escolaserradeprades\/afa\/","title":{"rendered":"AFA"},"content":{"rendered":"<h2 style=\"text-align: center;\"><strong>AFA DE L&#8217;ESCOLA SERRA DE PRADES<\/strong><\/h2>\n<ul style=\"list-style-type: circle;\">\n<li style=\"text-align: left;\">La nostra Junta est\u00e0 formada per:<\/li>\n<\/ul>\n<div>\n<table>\n<tbody>\n<tr>\n<td>\n<ul>\n<li>ARANTXA GUIRRO &#8211; Presidenta<\/li>\n<li>IOANA DIOSAN &#8211; Secret\u00e0ria<\/li>\n<li>LAURA G\u00d3MEZ &#8211; Tresorera<\/li>\n<li>ANNA\u00cfS GOMIS &#8211; Vocal<\/li>\n<li>MARTA ALT\u00c9S &#8211; Vocal<\/li>\n<li>S\u00cdLVIA DEMETER &#8211; Vocal<\/li>\n<li>PEDRO MISAILA &#8211; Vocal<\/li>\n<\/ul>\n<\/td>\n<\/tr>\n<\/tbody>\n<\/table>\n<\/div>\n<ul style=\"list-style-type: circle;\">\n<li>L&#8217;entitat organitza al llarg del curs, un seguit d&#8217;actes que resumim tot seguit:<\/li>\n<\/ul>\n<div>\n<ul style=\"list-style-type: square;\">\n<li>FIRA DEL VI (ESTIU): Venda de tapes: mici, creps i truita.<\/li>\n<li>GOSSOS D&#8217;ATURA (ESTIU): Venda de creps i sandwich.<\/li>\n<li>FESTA HOLI + ESCUMA (ESTIU): Holi Party per Fires i Festes d&#8217;agost.<\/li>\n<li>CASTANYADA: Venda de moniatos i castanyes al portal.<\/li>\n<li>MERCAT ARTESANAL D&#8217;HIVERN: Demostracions d&#8217;artesans, tallers, exposicions, m\u00fasica en directe i paradetes d&#8217;artesans.<\/li>\n<li>NADAL: Esmorzar per alumnes de l&#8217;escola. (final de trimestre)<\/li>\n<li>CARNAVAL: Berenar a la pla\u00e7a per alumnes de l&#8217;escola despr\u00e9s de la gitanada pels carrers del poble.<\/li>\n<li>SANT JORDI: Venda de llibres per a totes les edats.<\/li>\n<li>FINAL CURS: Sopar de germanor.<\/li>\n<\/ul>\n<\/div>\n<p>&nbsp;<\/p>\n","protected":false},"excerpt":{"rendered":"<p>AFA DE L&#8217;ESCOLA SERRA DE PRADES La nostra Junta est\u00e0 formada per: ARANTXA GUIRRO &#8211; Presidenta IOANA DIOSAN &#8211; Secret\u00e0ria LAURA G\u00d3MEZ &#8211; Tresorera ANNA\u00cfS GOMIS &#8211; Vocal MARTA ALT\u00c9S &#8211; Vocal S\u00cdLVIA DEMETER &#8211; Vocal PEDRO MISAILA &#8211; Vocal L&#8217;entitat organitza al llarg del curs, un seguit d&#8217;actes que resumim tot seguit: FIRA DEL [&hellip;]<\/p>\n","protected":false},"author":1,"featured_media":0,"parent":0,"menu_order":0,"comment_status":"closed","ping_status":"closed","template":"","meta":{"_bbp_topic_count":0,"_bbp_reply_count":0,"_bbp_total_topic_count":0,"_bbp_total_reply_count":0,"_bbp_voice_count":0,"_bbp_anonymous_reply_count":0,"_bbp_topic_count_hidden":0,"_bbp_reply_count_hidden":0,"_bbp_forum_subforum_count":0,"site-sidebar-layout":"default","site-content-layout":"","ast-site-content-layout":"default","site-content-style":"default","site-sidebar-style":"default","ast-global-header-display":"","ast-banner-title-visibility":"","ast-main-header-display":"","ast-hfb-above-header-display":"","ast-hfb-below-header-display":"","ast-hfb-mobile-header-display":"","site-post-title":"","ast-breadcrumbs-content":"","ast-featured-img":"","footer-sml-layout":"","theme-transparent-header-meta":"default","adv-header-id-meta":"","stick-header-meta":"","header-above-stick-meta":"","header-main-stick-meta":"","header-below-stick-meta":"","astra-migrate-meta-layouts":"set","ast-page-background-enabled":"default","ast-page-background-meta":{"desktop":{"background-color":"var(--ast-global-color-4)","background-image":"","background-repeat":"repeat","background-position":"center center","background-size":"auto","background-attachment":"scroll","background-type":"","background-media":"","overlay-type":"","overlay-color":"","overlay-opacity":"","overlay-gradient":""},"tablet":{"background-color":"","background-image":"","background-repeat":"repeat","background-position":"center center","background-size":"auto","background-attachment":"scroll","background-type":"","background-media":"","overlay-type":"","overlay-color":"","overlay-opacity":"","overlay-gradient":""},"mobile":{"background-color":"","background-image":"","background-repeat":"repeat","background-position":"center center","background-size":"auto","background-attachment":"scroll","background-type":"","background-media":"","overlay-type":"","overlay-color":"","overlay-opacity":"","overlay-gradient":""}},"ast-content-background-meta":{"desktop":{"background-color":"var(--ast-global-color-5)","background-image":"","background-repeat":"repeat","background-position":"center center","background-size":"auto","background-attachment":"scroll","background-type":"","background-media":"","overlay-type":"","overlay-color":"","overlay-opacity":"","overlay-gradient":""},"tablet":{"background-color":"var(--ast-global-color-5)","background-image":"","background-repeat":"repeat","background-position":"center center","background-size":"auto","background-attachment":"scroll","background-type":"","background-media":"","overlay-type":"","overlay-color":"","overlay-opacity":"","overlay-gradient":""},"mobile":{"background-color":"var(--ast-global-color-5)","background-image":"","background-repeat":"repeat","background-position":"center center","background-size":"auto","background-attachment":"scroll","background-type":"","background-media":"","overlay-type":"","overlay-color":"","overlay-opacity":"","overlay-gradient":""}},"footnotes":""},"class_list":["post-9939","page","type-page","status-publish","hentry"],"post_mailing_queue_ids":[],"_links":{"self":[{"href":"https:\/\/agora.xtec.cat\/escolaserradeprades\/wp-json\/wp\/v2\/pages\/9939","targetHints":{"allow":["GET"]}}],"collection":[{"href":"https:\/\/agora.xtec.cat\/escolaserradeprades\/wp-json\/wp\/v2\/pages"}],"about":[{"href":"https:\/\/agora.xtec.cat\/escolaserradeprades\/wp-json\/wp\/v2\/types\/page"}],"author":[{"embeddable":true,"href":"https:\/\/agora.xtec.cat\/escolaserradeprades\/wp-json\/wp\/v2\/users\/1"}],"replies":[{"embeddable":true,"href":"https:\/\/agora.xtec.cat\/escolaserradeprades\/wp-json\/wp\/v2\/comments?post=9939"}],"version-history":[{"count":5,"href":"https:\/\/agora.xtec.cat\/escolaserradeprades\/wp-json\/wp\/v2\/pages\/9939\/revisions"}],"predecessor-version":[{"id":10250,"href":"https:\/\/agora.xtec.cat\/escolaserradeprades\/wp-json\/wp\/v2\/pages\/9939\/revisions\/10250"}],"wp:attachment":[{"href":"https:\/\/agora.xtec.cat\/escolaserradeprades\/wp-json\/wp\/v2\/media?parent=9939"}],"curies":[{"name":"wp","href":"https:\/\/api.w.org\/{rel}","templated":true}]}}

<h2 style="text-align: center;"><strong>AFA DE L&#8217;ESCOLA SERRA DE PRADES</strong></h2>
<ul style="list-style-type: circle;">
<li style="text-align: left;">La nostra Junta està formada per:</li>
</ul>
<div>
<table>
<tbody>
<tr>
<td>
<ul>
<li>ARANTXA GUIRRO &#8211; Presidenta</li>
<li>IOANA DIOSAN &#8211; Secretària</li>
<li>LAURA GÓMEZ &#8211; Tresorera</li>
<li>ANNAÏS GOMIS &#8211; Vocal</li>
<li>MARTA ALTÉS &#8211; Vocal</li>
<li>SÍLVIA DEMETER &#8211; Vocal</li>
<li>PEDRO MISAILA &#8211; Vocal</li>
</ul>
</td>
</tr>
</tbody>
</table>
</div>
<ul style="list-style-type: circle;">
<li>L&#8217;entitat organitza al llarg del curs, un seguit d&#8217;actes que resumim tot seguit:</li>
</ul>
<div>
<ul style="list-style-type: square;">
<li>FIRA DEL VI (ESTIU): Venda de tapes: mici, creps i truita.</li>
<li>GOSSOS D&#8217;ATURA (ESTIU): Venda de creps i sandwich.</li>
<li>FESTA HOLI + ESCUMA (ESTIU): Holi Party per Fires i Festes d&#8217;agost.</li>
<li>CASTANYADA: Venda de moniatos i castanyes al portal.</li>
<li>MERCAT ARTESANAL D&#8217;HIVERN: Demostracions d&#8217;artesans, tallers, exposicions, música en directe i paradetes d&#8217;artesans.</li>
<li>NADAL: Esmorzar per alumnes de l&#8217;escola. (final de trimestre)</li>
<li>CARNAVAL: Berenar a la plaça per alumnes de l&#8217;escola després de la gitanada pels carrers del poble.</li>
<li>SANT JORDI: Venda de llibres per a totes les edats.</li>
<li>FINAL CURS: Sopar de germanor.</li>
</ul>
</div>
<p>&nbsp;</p>

<p>AFA DE L&#8217;ESCOLA SERRA DE PRADES La nostra Junta està formada per: ARANTXA GUIRRO &#8211; Presidenta IOANA DIOSAN &#8211; Secretària LAURA GÓMEZ &#8211; Tresorera ANNAÏS GOMIS &#8211; Vocal MARTA ALTÉS &#8211; Vocal SÍLVIA DEMETER &#8211; Vocal PEDRO MISAILA &#8211; Vocal L&#8217;entitat organitza al llarg del curs, un seguit d&#8217;actes que resumim tot seguit: FIRA DEL [&hellip;]</p>
