{"id":64,"date":"2014-09-18T12:39:08","date_gmt":"2014-09-18T11:39:08","guid":{"rendered":"http:\/\/agora.xtec.cat\/escolaserradeprades\/?page_id=64"},"modified":"2023-06-24T08:58:07","modified_gmt":"2023-06-24T06:58:07","slug":"projecte-educatiu","status":"publish","type":"page","link":"https:\/\/agora.xtec.cat\/escolaserradeprades\/projecte-educatiu\/","title":{"rendered":"Documents de centre"},"content":{"rendered":"<p><a href=\"https:\/\/agora.xtec.cat\/zermsp\/wp-content\/uploads\/usu1052\/2014\/09\/Projecte-Educatiu-ZERmsp.pdf\">Projecte Educatiu de la ZER Montsant &#8211; Serra de Prades<\/a> (PEZ) (en revisi\u00f3 curs 19\/20)<\/p>\n<p><a href=\"https:\/\/agora.xtec.cat\/zermsp\/docs\/projecte-linguistic\/\">Projecte Ling\u00fc\u00edstic de la ZER Montsant &#8211; Serra de Prades<\/a> (PL) (actualitzat l&#8217;octubre del 2019)<\/p>\n<p><a href=\"https:\/\/agora.xtec.cat\/zermsp\/wp-content\/uploads\/usu1052\/2020\/01\/NOFC.pdf\">Normes d&#8217;organitzaci\u00f3 i funcionament de la ZER Montsant &#8211; Serra de Prades (NOFZ)<\/a> (en revisi\u00f3 curs 19\/20)<\/p>\n<p><a href=\"http:\/\/Pla d'Obertura de Centre\" target=\"_blank\" rel=\"noopener\">Pla d&#8217;Obertura de Centre<\/a> (POC)<\/p>\n<p><a href=\"https:\/\/agora.xtec.cat\/escolaserradeprades\/projecte-educatiu\/projecte-de-convivencia\/\" target=\"_blank\" rel=\"noopener\">Pla de conviv\u00e8ncia (PAZ)<\/a><\/p>\n<p><a href=\"https:\/\/agora.xtec.cat\/escolaserradeprades\/projecte-educatiu\/pla-dadequacio-a-les-altes-temperatures-pocat\/\" target=\"_blank\" rel=\"noopener\">Pla d&#8217;Adequaci\u00f3 a les Altes Temperatures (POCAT)<\/a><\/p>\n<p><a href=\"https:\/\/agora.xtec.cat\/escolaserradeprades\/projecte-educatiu\/projecte-de-la-comunitat-educativa-construim-el-nostre-pati\/\" target=\"_blank\" rel=\"noopener\">Projecte de la comunitat educativa: constru\u00efm el nostre pati<\/a><\/p>\n<p><a href=\"https:\/\/agora.xtec.cat\/escolaserradeprades\/wp-content\/uploads\/usu1898\/2022\/10\/43005510_pla_menjador_22_23_v2.pdf\" target=\"_blank\" rel=\"noopener\">Pla de menjador curs 22\/23<\/a><\/p>\n<p><strong>Protocol en cas de situaci\u00f3 d&#8217;emerg\u00e8ncia o risc<\/strong><\/p>\n<p>&nbsp;<\/p>\n<p><a href=\"https:\/\/agora.xtec.cat\/escolaserradeprades\/wp-content\/uploads\/usu1898\/2020\/02\/protocol_emergencia.jpg\"><img loading=\"lazy\" decoding=\"async\" class=\"alignnone wp-image-509\" src=\"https:\/\/agora.xtec.cat\/escolaserradeprades\/wp-content\/uploads\/usu1898\/2020\/02\/protocol_emergencia-724x1024.jpg\" alt=\"\" width=\"735\" height=\"1040\" srcset=\"https:\/\/agora.xtec.cat\/escolaserradeprades\/wp-content\/uploads\/usu1898\/2020\/02\/protocol_emergencia.jpg 724w, https:\/\/agora.xtec.cat\/escolaserradeprades\/wp-content\/uploads\/usu1898\/2020\/02\/protocol_emergencia-212x300.jpg 212w\" sizes=\"auto, (max-width: 735px) 100vw, 735px\" \/><\/a><\/p>\n<p>&nbsp;<\/p>\n<p>&nbsp;<\/p>\n<p>&nbsp;<\/p>\n","protected":false},"excerpt":{"rendered":"<p>Projecte Educatiu de la ZER Montsant &#8211; Serra de Prades (PEZ) (en revisi\u00f3 curs 19\/20) Projecte Ling\u00fc\u00edstic de la ZER Montsant &#8211; Serra de Prades (PL) (actualitzat l&#8217;octubre del 2019) Normes d&#8217;organitzaci\u00f3 i funcionament de la ZER Montsant &#8211; Serra de Prades (NOFZ) (en revisi\u00f3 curs 19\/20) Pla d&#8217;Obertura de Centre (POC) Pla de conviv\u00e8ncia [&hellip;]<\/p>\n","protected":false},"author":1,"featured_media":0,"parent":0,"menu_order":0,"comment_status":"closed","ping_status":"closed","template":"page-templates\/side-menu.php","meta":{"_bbp_topic_count":0,"_bbp_reply_count":0,"_bbp_total_topic_count":0,"_bbp_total_reply_count":0,"_bbp_voice_count":0,"_bbp_anonymous_reply_count":0,"_bbp_topic_count_hidden":0,"_bbp_reply_count_hidden":0,"_bbp_forum_subforum_count":0,"site-sidebar-layout":"default","site-content-layout":"","ast-site-content-layout":"","site-content-style":"default","site-sidebar-style":"default","ast-global-header-display":"","ast-banner-title-visibility":"","ast-main-header-display":"","ast-hfb-above-header-display":"","ast-hfb-below-header-display":"","ast-hfb-mobile-header-display":"","site-post-title":"","ast-breadcrumbs-content":"","ast-featured-img":"","footer-sml-layout":"","theme-transparent-header-meta":"","adv-header-id-meta":"","stick-header-meta":"","header-above-stick-meta":"","header-main-stick-meta":"","header-below-stick-meta":"","astra-migrate-meta-layouts":"default","ast-page-background-enabled":"default","ast-page-background-meta":{"desktop":{"background-color":"var(--ast-global-color-4)","background-image":"","background-repeat":"repeat","background-position":"center center","background-size":"auto","background-attachment":"scroll","background-type":"","background-media":"","overlay-type":"","overlay-color":"","overlay-opacity":"","overlay-gradient":""},"tablet":{"background-color":"","background-image":"","background-repeat":"repeat","background-position":"center center","background-size":"auto","background-attachment":"scroll","background-type":"","background-media":"","overlay-type":"","overlay-color":"","overlay-opacity":"","overlay-gradient":""},"mobile":{"background-color":"","background-image":"","background-repeat":"repeat","background-position":"center center","background-size":"auto","background-attachment":"scroll","background-type":"","background-media":"","overlay-type":"","overlay-color":"","overlay-opacity":"","overlay-gradient":""}},"ast-content-background-meta":{"desktop":{"background-color":"var(--ast-global-color-5)","background-image":"","background-repeat":"repeat","background-position":"center center","background-size":"auto","background-attachment":"scroll","background-type":"","background-media":"","overlay-type":"","overlay-color":"","overlay-opacity":"","overlay-gradient":""},"tablet":{"background-color":"var(--ast-global-color-5)","background-image":"","background-repeat":"repeat","background-position":"center center","background-size":"auto","background-attachment":"scroll","background-type":"","background-media":"","overlay-type":"","overlay-color":"","overlay-opacity":"","overlay-gradient":""},"mobile":{"background-color":"var(--ast-global-color-5)","background-image":"","background-repeat":"repeat","background-position":"center center","background-size":"auto","background-attachment":"scroll","background-type":"","background-media":"","overlay-type":"","overlay-color":"","overlay-opacity":"","overlay-gradient":""}},"footnotes":""},"class_list":["post-64","page","type-page","status-publish","hentry"],"post_mailing_queue_ids":[],"_links":{"self":[{"href":"https:\/\/agora.xtec.cat\/escolaserradeprades\/wp-json\/wp\/v2\/pages\/64","targetHints":{"allow":["GET"]}}],"collection":[{"href":"https:\/\/agora.xtec.cat\/escolaserradeprades\/wp-json\/wp\/v2\/pages"}],"about":[{"href":"https:\/\/agora.xtec.cat\/escolaserradeprades\/wp-json\/wp\/v2\/types\/page"}],"author":[{"embeddable":true,"href":"https:\/\/agora.xtec.cat\/escolaserradeprades\/wp-json\/wp\/v2\/users\/1"}],"replies":[{"embeddable":true,"href":"https:\/\/agora.xtec.cat\/escolaserradeprades\/wp-json\/wp\/v2\/comments?post=64"}],"version-history":[{"count":3,"href":"https:\/\/agora.xtec.cat\/escolaserradeprades\/wp-json\/wp\/v2\/pages\/64\/revisions"}],"predecessor-version":[{"id":5760,"href":"https:\/\/agora.xtec.cat\/escolaserradeprades\/wp-json\/wp\/v2\/pages\/64\/revisions\/5760"}],"wp:attachment":[{"href":"https:\/\/agora.xtec.cat\/escolaserradeprades\/wp-json\/wp\/v2\/media?parent=64"}],"curies":[{"name":"wp","href":"https:\/\/api.w.org\/{rel}","templated":true}]}}

<p><a href="https://agora.xtec.cat/zermsp/wp-content/uploads/usu1052/2014/09/Projecte-Educatiu-ZERmsp.pdf">Projecte Educatiu de la ZER Montsant &#8211; Serra de Prades</a> (PEZ) (en revisió curs 19/20)</p>
<p><a href="https://agora.xtec.cat/zermsp/docs/projecte-linguistic/">Projecte Lingüístic de la ZER Montsant &#8211; Serra de Prades</a> (PL) (actualitzat l&#8217;octubre del 2019)</p>
<p><a href="https://agora.xtec.cat/zermsp/wp-content/uploads/usu1052/2020/01/NOFC.pdf">Normes d&#8217;organització i funcionament de la ZER Montsant &#8211; Serra de Prades (NOFZ)</a> (en revisió curs 19/20)</p>
<p><a href="http://Pla d'Obertura de Centre" target="_blank" rel="noopener">Pla d&#8217;Obertura de Centre</a> (POC)</p>
<p><a href="https://agora.xtec.cat/escolaserradeprades/projecte-educatiu/projecte-de-convivencia/" target="_blank" rel="noopener">Pla de convivència (PAZ)</a></p>
<p><a href="https://agora.xtec.cat/escolaserradeprades/projecte-educatiu/pla-dadequacio-a-les-altes-temperatures-pocat/" target="_blank" rel="noopener">Pla d&#8217;Adequació a les Altes Temperatures (POCAT)</a></p>
<p><a href="https://agora.xtec.cat/escolaserradeprades/projecte-educatiu/projecte-de-la-comunitat-educativa-construim-el-nostre-pati/" target="_blank" rel="noopener">Projecte de la comunitat educativa: construïm el nostre pati</a></p>
<p><a href="https://agora.xtec.cat/escolaserradeprades/wp-content/uploads/usu1898/2022/10/43005510_pla_menjador_22_23_v2.pdf" target="_blank" rel="noopener">Pla de menjador curs 22/23</a></p>
<p><strong>Protocol en cas de situació d&#8217;emergència o risc</strong></p>
<p>&nbsp;</p>
<p><a href="https://agora.xtec.cat/escolaserradeprades/wp-content/uploads/usu1898/2020/02/protocol_emergencia.jpg"><img loading="lazy" decoding="async" class="alignnone wp-image-509" src="https://agora.xtec.cat/escolaserradeprades/wp-content/uploads/usu1898/2020/02/protocol_emergencia-724x1024.jpg" alt="" width="735" height="1040" srcset="https://agora.xtec.cat/escolaserradeprades/wp-content/uploads/usu1898/2020/02/protocol_emergencia.jpg 724w, https://agora.xtec.cat/escolaserradeprades/wp-content/uploads/usu1898/2020/02/protocol_emergencia-212x300.jpg 212w" sizes="auto, (max-width: 735px) 100vw, 735px" /></a></p>
<p>&nbsp;</p>
<p>&nbsp;</p>
<p>&nbsp;</p>

<p>Projecte Educatiu de la ZER Montsant &#8211; Serra de Prades (PEZ) (en revisió curs 19/20) Projecte Lingüístic de la ZER Montsant &#8211; Serra de Prades (PL) (actualitzat l&#8217;octubre del 2019) Normes d&#8217;organització i funcionament de la ZER Montsant &#8211; Serra de Prades (NOFZ) (en revisió curs 19/20) Pla d&#8217;Obertura de Centre (POC) Pla de convivència [&hellip;]</p>
