{"id":28,"date":"2014-09-18T12:29:35","date_gmt":"2014-09-18T11:29:35","guid":{"rendered":"http:\/\/agora.xtec.cat\/escolaserradeprades\/?page_id=28"},"modified":"2025-09-29T16:15:40","modified_gmt":"2025-09-29T14:15:40","slug":"consell-escolar","status":"publish","type":"page","link":"https:\/\/agora.xtec.cat\/escolaserradeprades\/lescola\/consell-escolar\/","title":{"rendered":"Consell escolar"},"content":{"rendered":"<p><strong>EL CONSELL ESCOLAR A L&#8217;ESCOLA SERRA DE PRADES<\/strong><\/p>\n<p><em>S\u00edlvia Rold\u00e1n i Pons, Presidenta<\/em><\/p>\n<p><em>C\u00e8lia Sanjuan i Blanco, Secret\u00e0ria<\/em><\/p>\n<p><em>Cristina Val\u00e8ncia; Elisenda S\u00e1nchez, Representants de les docents<\/em><\/p>\n<p><em>Teresa Maria Bonet, Representant de l&#8217;Ajuntament<\/em><\/p>\n<p><em>Sergi Serra, Representant de fam\u00edlies<\/em><\/p>\n<p><em>Arantxa Guirro, Representant de l&#8217;AFA<\/em><\/p>\n<p>Georgina Must\u00e9, Representat Comissi\u00f3 Menjador<\/p>\n<p>&nbsp;<\/p>\n<p><strong>COMPOSICI\u00d3 DEL CONSELL ESCOLAR<\/strong><\/p>\n<p>El consell escolar d&#8217;un centre p\u00fablic est\u00e0 integrat per:<\/p>\n<ul>\n<li>El director o directora, que el presideix.<\/li>\n<li>El cap o la cap d&#8217;estudis.<\/li>\n<li>Un o una representant de l&#8217;ajuntament de la localitat on es troba situat el centre.<\/li>\n<li>El secretari o secret\u00e0ria del centre que assisteix amb veu i sense vot i exerceix la secretaria del consell.<\/li>\n<li>Els i les representants del professorat s&#8217;elegeixen pel claustre.<\/li>\n<li>Els i les representants de l&#8217;alumnat i dels pares i mares o tutors, elegits respectivament per ells i entre ells.<\/li>\n<\/ul>\n<p style=\"color: #444444;\"><strong>FUNCIONS DEL CONSELL ESCOLAR<\/strong><\/p>\n<p>Corresponen al consell escolar les funcions seg\u00fcents:<\/p>\n<ul>\n<li>Aprovar el projecte educatiu i les modificacions corresponents per una majoria de tres cinquenes parts dels membres.<\/li>\n<li>Aprovar la programaci\u00f3 general anual del centre i avaluar-ne el desenvolupament i els resultats.<\/li>\n<li>Aprovar les propostes d&#8217;acords de corresponsabilitat, convenis i altres acords de col\u00b7laboraci\u00f3 del centre amb entitats o institucions.<\/li>\n<li>Aprovar les normes d&#8217;organitzaci\u00f3 i funcionament i les modificacions corresponents.<\/li>\n<li>Aprovar la carta de comprom\u00eds educatiu.<\/li>\n<li>Aprovar el pressupost del centre i el rendiment de comptes.<\/li>\n<li>Intervenir en el procediment d&#8217;admissi\u00f3 d&#8217;alumnes.<\/li>\n<li>Participar en el procediment de selecci\u00f3 i en la proposta de cessament del director o directora.<\/li>\n<li>Intervenir en la resoluci\u00f3 dels conflictes i, si escau, revisar les sancions als alumnes.<\/li>\n<li>Aprovar les directrius per a la programaci\u00f3 d&#8217;activitats escolars complement\u00e0ries i d&#8217;activitats extraescolars, i avaluar-ne el desenvolupament.<\/li>\n<li>Participar en les an\u00e0lisis i les avaluacions del funcionament general del centre i con\u00e8ixer l&#8217;evoluci\u00f3 del rendiment escolar.<\/li>\n<li>Aprovar els criteris de col\u00b7laboraci\u00f3 amb altres centres i amb l&#8217;entorn.<\/li>\n<li>Qualsevol altra que li sigui atribu\u00efda per les normes legals o reglament\u00e0ries.<\/li>\n<\/ul>\n<p><strong>FUNCIONAMENT DEL CONSELL ESCOLAR<\/strong><\/p>\n<p>El consell escolar ha d&#8217;aprovar les seves normes de funcionament. En all\u00f2 que no estigui previst s&#8217;han d&#8217;aplicar les normes reguladores dels \u00f2rgans col\u00b7legiats de l&#8217;Administraci\u00f3 de la Generalitat.<\/p>\n<p>El consell escolar del centre es reuneix preceptivament una vegada al trimestre i sempre que el convoca el director o directora del centre o ho sol\u00b7licita al menys un ter\u00e7 de les seves persones membres. A m\u00e9s, s&#8217;ha de fer una reuni\u00f3 a principi de curs i una altra a la seva finalitzaci\u00f3.<\/p>\n<p>El consell escolar actua normalment en ple. Es poden constituir comissions espec\u00edfiques d\u2019estudi i informaci\u00f3, a les quals, en tot cas, s\u2019hi ha d\u2019incorporar la direcci\u00f3 del centre, o en la seva representaci\u00f3, un altre \u00f2rgan\u00a0unipersonal de direcci\u00f3,\u00a0un professor o professora, i un alumne o alumna o un representant o una representant de les mares i els pares. Els centres de titularitat p\u00fablica, a m\u00e9s, hi ha d&#8217;haver preceptivament\u00a0una\u00a0<strong>comissi\u00f3 econ\u00f2mica<\/strong>\u00a0que supervisa la gesti\u00f3 econ\u00f2mica del centre.<\/p>\n<p><strong>RENOVACI\u00d3 DELS MEMBRES DEL CONSELL ESCOLAR<\/strong><\/p>\n<p>Les persones del consell escolar s\u00f3n elegides per\u00a0<strong>un per\u00edode de quatre anys<\/strong>\u00a0i es renoven per meitats cada dos anys.<\/p>\n<p>Les eleccions per a la constituci\u00f3 o renovaci\u00f3 de membres del consell escolar, les convoca el director o directora del centre p\u00fablic, amb quinze dies d&#8217;antelaci\u00f3, dintre del per\u00edode que fixa el Departament d&#8217;Ensenyament.<\/p>\n<p>Les\u00a0<strong>vacants<\/strong>\u00a0del consell escolar s&#8217;han d&#8217;ocupar pel procediment establert a les normes d&#8217;organitzaci\u00f3 i funcionament del centre; si aquestes no ho preveuen, les ha d&#8217;ocupar la seg\u00fcent candidatura m\u00e9s votada en les darreres eleccions. Si no hi ha m\u00e9s candidats o candidates per cobrir-les, romanen sense cobrir fins a la propera renovaci\u00f3 del consell escolar.<\/p>\n<p>La condici\u00f3 de membre del consell escolar es perd quan es deixa el c\u00e0rrec que comporta ser-ne membre, quan es deixa de complir algun dels requisits per ser elegible o quan l&#8217;\u00f2rgan que l&#8217;ha designat en revoca la designaci\u00f3.<\/p>\n<p>&nbsp;<\/p>\n<p><strong>M\u00c9S INFORMACI\u00d3 A:<\/strong><a href=\"https:\/\/educacio.gencat.cat\/ca\/arees-actuacio\/centres-serveis-educatius\/centres\/consells-escolars-centres\/\" target=\"_blank\" rel=\"noopener\"> https:\/\/educacio.gencat.cat\/ca\/arees-actuacio\/centres-serveis-educatius\/centres\/consells-escolars-centres\/<\/a><\/p>\n","protected":false},"excerpt":{"rendered":"<p>EL CONSELL ESCOLAR A L&#8217;ESCOLA SERRA DE PRADES S\u00edlvia Rold\u00e1n i Pons, Presidenta C\u00e8lia Sanjuan i Blanco, Secret\u00e0ria Cristina Val\u00e8ncia; Elisenda S\u00e1nchez, Representants de les docents Teresa Maria Bonet, Representant de l&#8217;Ajuntament Sergi Serra, Representant de fam\u00edlies Arantxa Guirro, Representant de l&#8217;AFA Georgina Must\u00e9, Representat Comissi\u00f3 Menjador &nbsp; COMPOSICI\u00d3 DEL CONSELL ESCOLAR El consell escolar [&hellip;]<\/p>\n","protected":false},"author":1,"featured_media":0,"parent":22,"menu_order":30,"comment_status":"closed","ping_status":"closed","template":"page-templates\/side-menu.php","meta":{"_bbp_topic_count":0,"_bbp_reply_count":0,"_bbp_total_topic_count":0,"_bbp_total_reply_count":0,"_bbp_voice_count":0,"_bbp_anonymous_reply_count":0,"_bbp_topic_count_hidden":0,"_bbp_reply_count_hidden":0,"_bbp_forum_subforum_count":0,"site-sidebar-layout":"default","site-content-layout":"","ast-site-content-layout":"","site-content-style":"default","site-sidebar-style":"default","ast-global-header-display":"","ast-banner-title-visibility":"","ast-main-header-display":"","ast-hfb-above-header-display":"","ast-hfb-below-header-display":"","ast-hfb-mobile-header-display":"","site-post-title":"","ast-breadcrumbs-content":"","ast-featured-img":"","footer-sml-layout":"","theme-transparent-header-meta":"","adv-header-id-meta":"","stick-header-meta":"","header-above-stick-meta":"","header-main-stick-meta":"","header-below-stick-meta":"","astra-migrate-meta-layouts":"default","ast-page-background-enabled":"default","ast-page-background-meta":{"desktop":{"background-color":"var(--ast-global-color-4)","background-image":"","background-repeat":"repeat","background-position":"center center","background-size":"auto","background-attachment":"scroll","background-type":"","background-media":"","overlay-type":"","overlay-color":"","overlay-opacity":"","overlay-gradient":""},"tablet":{"background-color":"","background-image":"","background-repeat":"repeat","background-position":"center center","background-size":"auto","background-attachment":"scroll","background-type":"","background-media":"","overlay-type":"","overlay-color":"","overlay-opacity":"","overlay-gradient":""},"mobile":{"background-color":"","background-image":"","background-repeat":"repeat","background-position":"center center","background-size":"auto","background-attachment":"scroll","background-type":"","background-media":"","overlay-type":"","overlay-color":"","overlay-opacity":"","overlay-gradient":""}},"ast-content-background-meta":{"desktop":{"background-color":"var(--ast-global-color-5)","background-image":"","background-repeat":"repeat","background-position":"center center","background-size":"auto","background-attachment":"scroll","background-type":"","background-media":"","overlay-type":"","overlay-color":"","overlay-opacity":"","overlay-gradient":""},"tablet":{"background-color":"var(--ast-global-color-5)","background-image":"","background-repeat":"repeat","background-position":"center center","background-size":"auto","background-attachment":"scroll","background-type":"","background-media":"","overlay-type":"","overlay-color":"","overlay-opacity":"","overlay-gradient":""},"mobile":{"background-color":"var(--ast-global-color-5)","background-image":"","background-repeat":"repeat","background-position":"center center","background-size":"auto","background-attachment":"scroll","background-type":"","background-media":"","overlay-type":"","overlay-color":"","overlay-opacity":"","overlay-gradient":""}},"footnotes":""},"class_list":["post-28","page","type-page","status-publish","hentry"],"post_mailing_queue_ids":[],"_links":{"self":[{"href":"https:\/\/agora.xtec.cat\/escolaserradeprades\/wp-json\/wp\/v2\/pages\/28","targetHints":{"allow":["GET"]}}],"collection":[{"href":"https:\/\/agora.xtec.cat\/escolaserradeprades\/wp-json\/wp\/v2\/pages"}],"about":[{"href":"https:\/\/agora.xtec.cat\/escolaserradeprades\/wp-json\/wp\/v2\/types\/page"}],"author":[{"embeddable":true,"href":"https:\/\/agora.xtec.cat\/escolaserradeprades\/wp-json\/wp\/v2\/users\/1"}],"replies":[{"embeddable":true,"href":"https:\/\/agora.xtec.cat\/escolaserradeprades\/wp-json\/wp\/v2\/comments?post=28"}],"version-history":[{"count":6,"href":"https:\/\/agora.xtec.cat\/escolaserradeprades\/wp-json\/wp\/v2\/pages\/28\/revisions"}],"predecessor-version":[{"id":9927,"href":"https:\/\/agora.xtec.cat\/escolaserradeprades\/wp-json\/wp\/v2\/pages\/28\/revisions\/9927"}],"up":[{"embeddable":true,"href":"https:\/\/agora.xtec.cat\/escolaserradeprades\/wp-json\/wp\/v2\/pages\/22"}],"wp:attachment":[{"href":"https:\/\/agora.xtec.cat\/escolaserradeprades\/wp-json\/wp\/v2\/media?parent=28"}],"curies":[{"name":"wp","href":"https:\/\/api.w.org\/{rel}","templated":true}]}}

<p><strong>EL CONSELL ESCOLAR A L&#8217;ESCOLA SERRA DE PRADES</strong></p>
<p><em>Sílvia Roldán i Pons, Presidenta</em></p>
<p><em>Cèlia Sanjuan i Blanco, Secretària</em></p>
<p><em>Cristina València; Elisenda Sánchez, Representants de les docents</em></p>
<p><em>Teresa Maria Bonet, Representant de l&#8217;Ajuntament</em></p>
<p><em>Sergi Serra, Representant de famílies</em></p>
<p><em>Arantxa Guirro, Representant de l&#8217;AFA</em></p>
<p>Georgina Musté, Representat Comissió Menjador</p>
<p>&nbsp;</p>
<p><strong>COMPOSICIÓ DEL CONSELL ESCOLAR</strong></p>
<p>El consell escolar d&#8217;un centre públic està integrat per:</p>
<ul>
<li>El director o directora, que el presideix.</li>
<li>El cap o la cap d&#8217;estudis.</li>
<li>Un o una representant de l&#8217;ajuntament de la localitat on es troba situat el centre.</li>
<li>El secretari o secretària del centre que assisteix amb veu i sense vot i exerceix la secretaria del consell.</li>
<li>Els i les representants del professorat s&#8217;elegeixen pel claustre.</li>
<li>Els i les representants de l&#8217;alumnat i dels pares i mares o tutors, elegits respectivament per ells i entre ells.</li>
</ul>
<p style="color: #444444;"><strong>FUNCIONS DEL CONSELL ESCOLAR</strong></p>
<p>Corresponen al consell escolar les funcions següents:</p>
<ul>
<li>Aprovar el projecte educatiu i les modificacions corresponents per una majoria de tres cinquenes parts dels membres.</li>
<li>Aprovar la programació general anual del centre i avaluar-ne el desenvolupament i els resultats.</li>
<li>Aprovar les propostes d&#8217;acords de corresponsabilitat, convenis i altres acords de col·laboració del centre amb entitats o institucions.</li>
<li>Aprovar les normes d&#8217;organització i funcionament i les modificacions corresponents.</li>
<li>Aprovar la carta de compromís educatiu.</li>
<li>Aprovar el pressupost del centre i el rendiment de comptes.</li>
<li>Intervenir en el procediment d&#8217;admissió d&#8217;alumnes.</li>
<li>Participar en el procediment de selecció i en la proposta de cessament del director o directora.</li>
<li>Intervenir en la resolució dels conflictes i, si escau, revisar les sancions als alumnes.</li>
<li>Aprovar les directrius per a la programació d&#8217;activitats escolars complementàries i d&#8217;activitats extraescolars, i avaluar-ne el desenvolupament.</li>
<li>Participar en les anàlisis i les avaluacions del funcionament general del centre i conèixer l&#8217;evolució del rendiment escolar.</li>
<li>Aprovar els criteris de col·laboració amb altres centres i amb l&#8217;entorn.</li>
<li>Qualsevol altra que li sigui atribuïda per les normes legals o reglamentàries.</li>
</ul>
<p><strong>FUNCIONAMENT DEL CONSELL ESCOLAR</strong></p>
<p>El consell escolar ha d&#8217;aprovar les seves normes de funcionament. En allò que no estigui previst s&#8217;han d&#8217;aplicar les normes reguladores dels òrgans col·legiats de l&#8217;Administració de la Generalitat.</p>
<p>El consell escolar del centre es reuneix preceptivament una vegada al trimestre i sempre que el convoca el director o directora del centre o ho sol·licita al menys un terç de les seves persones membres. A més, s&#8217;ha de fer una reunió a principi de curs i una altra a la seva finalització.</p>
<p>El consell escolar actua normalment en ple. Es poden constituir comissions específiques d’estudi i informació, a les quals, en tot cas, s’hi ha d’incorporar la direcció del centre, o en la seva representació, un altre òrgan unipersonal de direcció, un professor o professora, i un alumne o alumna o un representant o una representant de les mares i els pares. Els centres de titularitat pública, a més, hi ha d&#8217;haver preceptivament una <strong>comissió econòmica</strong> que supervisa la gestió econòmica del centre.</p>
<p><strong>RENOVACIÓ DELS MEMBRES DEL CONSELL ESCOLAR</strong></p>
<p>Les persones del consell escolar són elegides per <strong>un període de quatre anys</strong> i es renoven per meitats cada dos anys.</p>
<p>Les eleccions per a la constitució o renovació de membres del consell escolar, les convoca el director o directora del centre públic, amb quinze dies d&#8217;antelació, dintre del període que fixa el Departament d&#8217;Ensenyament.</p>
<p>Les <strong>vacants</strong> del consell escolar s&#8217;han d&#8217;ocupar pel procediment establert a les normes d&#8217;organització i funcionament del centre; si aquestes no ho preveuen, les ha d&#8217;ocupar la següent candidatura més votada en les darreres eleccions. Si no hi ha més candidats o candidates per cobrir-les, romanen sense cobrir fins a la propera renovació del consell escolar.</p>
<p>La condició de membre del consell escolar es perd quan es deixa el càrrec que comporta ser-ne membre, quan es deixa de complir algun dels requisits per ser elegible o quan l&#8217;òrgan que l&#8217;ha designat en revoca la designació.</p>
<p>&nbsp;</p>
<p><strong>MÉS INFORMACIÓ A:</strong><a href="https://educacio.gencat.cat/ca/arees-actuacio/centres-serveis-educatius/centres/consells-escolars-centres/" target="_blank" rel="noopener"> https://educacio.gencat.cat/ca/arees-actuacio/centres-serveis-educatius/centres/consells-escolars-centres/</a></p>

<p>EL CONSELL ESCOLAR A L&#8217;ESCOLA SERRA DE PRADES Sílvia Roldán i Pons, Presidenta Cèlia Sanjuan i Blanco, Secretària Cristina València; Elisenda Sánchez, Representants de les docents Teresa Maria Bonet, Representant de l&#8217;Ajuntament Sergi Serra, Representant de famílies Arantxa Guirro, Representant de l&#8217;AFA Georgina Musté, Representat Comissió Menjador &nbsp; COMPOSICIÓ DEL CONSELL ESCOLAR El consell escolar [&hellip;]</p>
