{"id":26,"date":"2014-09-18T12:24:32","date_gmt":"2014-09-18T11:24:32","guid":{"rendered":"http:\/\/agora.xtec.cat\/escolaserradeprades\/?page_id=26"},"modified":"2025-10-01T10:35:26","modified_gmt":"2025-10-01T08:35:26","slug":"historia","status":"publish","type":"page","link":"https:\/\/agora.xtec.cat\/escolaserradeprades\/lescola\/historia\/","title":{"rendered":"Hist\u00f2ria"},"content":{"rendered":"<p><b>Ubicaci\u00f3<\/b><\/p>\n<p><span style=\"font-weight: 400;\">L\u2019Escola Serra de Prades \u00e9s la seu de la ZER Montsant &#8211; Serra de Prades, ubicada a la vila de Prades, a la comarca del Baix Camp, caracteritzada per la pedra vermella de l\u2019entorn i amb la que s\u2019han constru\u00eft els edificis.<\/span><\/p>\n<p><span style=\"font-weight: 400;\">El municipi se situa als 950 metres d\u2019al\u00e7ada, fet que condiciona el clima atl\u00e0ntic singular per la zona. El terme municipal arriba als 33 km2, enmig de les Muntanyes de Prades i limita amb les comarques de la Conca de Barber\u00e0, el Priorat i l\u2019Alt Camp. Dins del terme s\u2019hi troba el Tossal de la Baltasana, de 1201m, que \u00e9s la muntanya m\u00e9s alta del Camp de Tarragona.<\/span><\/p>\n<p><span style=\"font-weight: 400;\">Actualment Prades t\u00e9 uns 600 habitants. La poblaci\u00f3 activa es dedica eminentment al sector terciari. L\u2019agricultura ha anat perdent pes en els darrers anys i el cultiu tradicional de la patata, l\u2019avellana o el castanyer han quedat en segon pla. S\u2019han introdu\u00eft per\u00f2, nous cultius com el ll\u00fapol, la poma amb denominaci\u00f3 d&#8217;origen i la t\u00f2fona.<\/span><\/p>\n<p><span style=\"font-weight: 400;\">\u00c9s un poble din\u00e0mic i viu, que gaudeix de festes tradicionals com la Festa de la Farigola, l\u2019Aplec a l\u2019ermita de l\u2019Abellera, la Festa Prades Bosc, el Concurs de Gossos d\u2019Atura, les Fires o la Festa de la Patata, entre moltes altres. T\u00e9 un teixit social i cultural ric, divers i actiu.<\/span><\/p>\n<p>&nbsp;<\/p>\n<p><b>Caracter\u00edstiques<\/b><\/p>\n<p><span style=\"font-weight: 400;\">L\u2019Escola Serra de Prades \u00e9s un centre p\u00fablic que ofereix el primer i segon cicle d\u2019educaci\u00f3 infantil i educaci\u00f3 prim\u00e0ria. \u00c9s el centre adscrit per l\u2019alumnat dels pobles de Capafonts i la Febr\u00f3. El curs 2025-2026 l\u2019escola amb 47 alumnes d&#8217;1 a 12 anys, distribu\u00efts en cinc grups: dos grups educaci\u00f3 infantil (1r cicle i 2n cicle), cicle inicial, cicle mitj\u00e0 i cicle superior; que s\u00f3n atesos per cinc mestres, una teei i una vetlladora. Aquest repartiment pot variar en funci\u00f3 de la matr\u00edcula, ja que el centre t\u00e9 tres grups autoritzats pel Departament d\u2019Educaci\u00f3.<\/span><\/p>\n<p><span style=\"font-weight: 400;\">L\u2019escola tamb\u00e9 rep els docents especialistes de la ZER Montsant &#8211; Serra de Prades per impartir educaci\u00f3 f\u00edsica, m\u00fasica, llengua anglesa i educaci\u00f3 especial.<\/span><\/p>\n<p><span style=\"font-weight: 400;\">Les fam\u00edlies i l\u2019alumnat del centre s\u00f3n heterogenis pel que fa al nivell socioecon\u00f2mic familiar, a l\u2019origen (Romania, Ucra\u00efna, G\u00e0mbia, Marroc i Col\u00f2mbia) i a la implicaci\u00f3 a l\u2019escola.<\/span><\/p>\n<p><span style=\"font-weight: 400;\">Pel que fa a la participaci\u00f3, les fam\u00edlies estan adherides a l\u2019Associaci\u00f3 de Fam\u00edlies d&#8217;Alumnes. Des de l\u2019entitat fan activitats i donen suport a les propostes que es duen a terme des de l\u2019escola. Tot i aix\u00f2, el grau de participaci\u00f3 general ha anat canviant en els darrers anys.<\/span><\/p>\n<p>&nbsp;<\/p>\n<p><b>Instal\u00b7lacions<\/b><\/p>\n<p><span style=\"font-weight: 400;\">El recinte escolar est\u00e0 ubicat a la cara sud del poble, entre els carrers Pau Picasso, Joan Mir\u00f3 i Antoni Gaud\u00ed. En aquest espai de 1500 m2 s\u2019hi situa un edifici constru\u00eft l\u2019any 1956 d\u2019una sola planta, a un nivell inferior des del carrer principal, per on s\u2019accedeix a trav\u00e9s d\u2019unes escales i tamb\u00e9, des del carrer Antoni Gaud\u00ed. L\u2019edifici principal consta de 736 m2 repartits en cinc aules, una sala polivalent, tres lavabos i una sala de mestres. Des de l\u2019inici, aquest edifici ha sofert diverses ampliacions.\u00a0<\/span><\/p>\n<p><span style=\"font-weight: 400;\">A l\u2019extrem oest, hi ha situat des del curs 2010\/2011 un m\u00f2dul prefabricat que cont\u00e9 un aula destinada al servei de menjador i aula de ci\u00e8ncia; i una aula polivalent on s\u2019hi imparteixen algunes extraescolars. Hi ha un petit magatzem i dos lavabos.<\/span><\/p>\n<p>&nbsp;<\/p>\n<p><span style=\"font-weight: 400;\">A l\u2019exterior, l\u2019escola t\u00e9 la zona de pati, amb un petit hort al\u00e7at, hotel d\u2019insectes, zona d\u2019aventura, arbres, arbustos i plantes; taules de p\u00edcnic, camp de futbol, pista poliesportiva i zona de roc\u00f2drom.<\/span><\/p>\n<p>&nbsp;<\/p>\n<p><b>Serveis i equipaments<\/b><\/p>\n<p><span style=\"font-weight: 400;\">L\u2019escola disposa de servei de menjador gestionat actualment pel Consell Comarcal del Baix Camp a trav\u00e9s de c\u00e0tering amb l\u00ednia calenta di\u00e0ria. Tamb\u00e9 dona servei de transport escolar a l\u2019alumnat des de Capafonts fins a Prades.\u00a0<\/span><\/p>\n<p><span style=\"font-weight: 400;\">Disposem d\u2019un espai de pati renaturalitzat amb zones diferenciades per potenciar el joc i les activitats l\u00fadiques i educatives a l\u2019exterior.<\/span><\/p>\n<p><span style=\"font-weight: 400;\">Totes les aules estan equipades amb pissarra digital interactiva, projector, biblioteca d\u2019aula i taules de treball cooperatiu.<\/span><\/p>\n<p><span style=\"font-weight: 400;\">L\u2019escola fa \u00fas tamb\u00e9 dels equipaments municipals com la Sala del Ball, l\u2019Auditori 1 d\u2019Octubre, la zona poliesportiva i el camp de futbol municipal, entre altres.<\/span><\/p>\n<p>&nbsp;<\/p>\n","protected":false},"excerpt":{"rendered":"<p>Ubicaci\u00f3 L\u2019Escola Serra de Prades \u00e9s la seu de la ZER Montsant &#8211; Serra de Prades, ubicada a la vila de Prades, a la comarca del Baix Camp, caracteritzada per la pedra vermella de l\u2019entorn i amb la que s\u2019han constru\u00eft els edificis. El municipi se situa als 950 metres d\u2019al\u00e7ada, fet que condiciona el [&hellip;]<\/p>\n","protected":false},"author":1,"featured_media":0,"parent":22,"menu_order":20,"comment_status":"closed","ping_status":"closed","template":"page-templates\/side-menu.php","meta":{"_bbp_topic_count":0,"_bbp_reply_count":0,"_bbp_total_topic_count":0,"_bbp_total_reply_count":0,"_bbp_voice_count":0,"_bbp_anonymous_reply_count":0,"_bbp_topic_count_hidden":0,"_bbp_reply_count_hidden":0,"_bbp_forum_subforum_count":0,"site-sidebar-layout":"default","site-content-layout":"","ast-site-content-layout":"","site-content-style":"default","site-sidebar-style":"default","ast-global-header-display":"","ast-banner-title-visibility":"","ast-main-header-display":"","ast-hfb-above-header-display":"","ast-hfb-below-header-display":"","ast-hfb-mobile-header-display":"","site-post-title":"","ast-breadcrumbs-content":"","ast-featured-img":"","footer-sml-layout":"","theme-transparent-header-meta":"","adv-header-id-meta":"","stick-header-meta":"","header-above-stick-meta":"","header-main-stick-meta":"","header-below-stick-meta":"","astra-migrate-meta-layouts":"default","ast-page-background-enabled":"default","ast-page-background-meta":{"desktop":{"background-color":"var(--ast-global-color-4)","background-image":"","background-repeat":"repeat","background-position":"center center","background-size":"auto","background-attachment":"scroll","background-type":"","background-media":"","overlay-type":"","overlay-color":"","overlay-opacity":"","overlay-gradient":""},"tablet":{"background-color":"","background-image":"","background-repeat":"repeat","background-position":"center center","background-size":"auto","background-attachment":"scroll","background-type":"","background-media":"","overlay-type":"","overlay-color":"","overlay-opacity":"","overlay-gradient":""},"mobile":{"background-color":"","background-image":"","background-repeat":"repeat","background-position":"center center","background-size":"auto","background-attachment":"scroll","background-type":"","background-media":"","overlay-type":"","overlay-color":"","overlay-opacity":"","overlay-gradient":""}},"ast-content-background-meta":{"desktop":{"background-color":"var(--ast-global-color-5)","background-image":"","background-repeat":"repeat","background-position":"center center","background-size":"auto","background-attachment":"scroll","background-type":"","background-media":"","overlay-type":"","overlay-color":"","overlay-opacity":"","overlay-gradient":""},"tablet":{"background-color":"var(--ast-global-color-5)","background-image":"","background-repeat":"repeat","background-position":"center center","background-size":"auto","background-attachment":"scroll","background-type":"","background-media":"","overlay-type":"","overlay-color":"","overlay-opacity":"","overlay-gradient":""},"mobile":{"background-color":"var(--ast-global-color-5)","background-image":"","background-repeat":"repeat","background-position":"center center","background-size":"auto","background-attachment":"scroll","background-type":"","background-media":"","overlay-type":"","overlay-color":"","overlay-opacity":"","overlay-gradient":""}},"footnotes":""},"class_list":["post-26","page","type-page","status-publish","hentry"],"post_mailing_queue_ids":[],"_links":{"self":[{"href":"https:\/\/agora.xtec.cat\/escolaserradeprades\/wp-json\/wp\/v2\/pages\/26","targetHints":{"allow":["GET"]}}],"collection":[{"href":"https:\/\/agora.xtec.cat\/escolaserradeprades\/wp-json\/wp\/v2\/pages"}],"about":[{"href":"https:\/\/agora.xtec.cat\/escolaserradeprades\/wp-json\/wp\/v2\/types\/page"}],"author":[{"embeddable":true,"href":"https:\/\/agora.xtec.cat\/escolaserradeprades\/wp-json\/wp\/v2\/users\/1"}],"replies":[{"embeddable":true,"href":"https:\/\/agora.xtec.cat\/escolaserradeprades\/wp-json\/wp\/v2\/comments?post=26"}],"version-history":[{"count":3,"href":"https:\/\/agora.xtec.cat\/escolaserradeprades\/wp-json\/wp\/v2\/pages\/26\/revisions"}],"predecessor-version":[{"id":9955,"href":"https:\/\/agora.xtec.cat\/escolaserradeprades\/wp-json\/wp\/v2\/pages\/26\/revisions\/9955"}],"up":[{"embeddable":true,"href":"https:\/\/agora.xtec.cat\/escolaserradeprades\/wp-json\/wp\/v2\/pages\/22"}],"wp:attachment":[{"href":"https:\/\/agora.xtec.cat\/escolaserradeprades\/wp-json\/wp\/v2\/media?parent=26"}],"curies":[{"name":"wp","href":"https:\/\/api.w.org\/{rel}","templated":true}]}}

Història

<p><b>Ubicació</b></p>
<p><span style="font-weight: 400;">L’Escola Serra de Prades és la seu de la ZER Montsant &#8211; Serra de Prades, ubicada a la vila de Prades, a la comarca del Baix Camp, caracteritzada per la pedra vermella de l’entorn i amb la que s’han construït els edificis.</span></p>
<p><span style="font-weight: 400;">El municipi se situa als 950 metres d’alçada, fet que condiciona el clima atlàntic singular per la zona. El terme municipal arriba als 33 km2, enmig de les Muntanyes de Prades i limita amb les comarques de la Conca de Barberà, el Priorat i l’Alt Camp. Dins del terme s’hi troba el Tossal de la Baltasana, de 1201m, que és la muntanya més alta del Camp de Tarragona.</span></p>
<p><span style="font-weight: 400;">Actualment Prades té uns 600 habitants. La població activa es dedica eminentment al sector terciari. L’agricultura ha anat perdent pes en els darrers anys i el cultiu tradicional de la patata, l’avellana o el castanyer han quedat en segon pla. S’han introduït però, nous cultius com el llúpol, la poma amb denominació d&#8217;origen i la tòfona.</span></p>
<p><span style="font-weight: 400;">És un poble dinàmic i viu, que gaudeix de festes tradicionals com la Festa de la Farigola, l’Aplec a l’ermita de l’Abellera, la Festa Prades Bosc, el Concurs de Gossos d’Atura, les Fires o la Festa de la Patata, entre moltes altres. Té un teixit social i cultural ric, divers i actiu.</span></p>
<p>&nbsp;</p>
<p><b>Característiques</b></p>
<p><span style="font-weight: 400;">L’Escola Serra de Prades és un centre públic que ofereix el primer i segon cicle d’educació infantil i educació primària. És el centre adscrit per l’alumnat dels pobles de Capafonts i la Febró. El curs 2025-2026 l’escola amb 47 alumnes d&#8217;1 a 12 anys, distribuïts en cinc grups: dos grups educació infantil (1r cicle i 2n cicle), cicle inicial, cicle mitjà i cicle superior; que són atesos per cinc mestres, una teei i una vetlladora. Aquest repartiment pot variar en funció de la matrícula, ja que el centre té tres grups autoritzats pel Departament d’Educació.</span></p>
<p><span style="font-weight: 400;">L’escola també rep els docents especialistes de la ZER Montsant &#8211; Serra de Prades per impartir educació física, música, llengua anglesa i educació especial.</span></p>
<p><span style="font-weight: 400;">Les famílies i l’alumnat del centre són heterogenis pel que fa al nivell socioeconòmic familiar, a l’origen (Romania, Ucraïna, Gàmbia, Marroc i Colòmbia) i a la implicació a l’escola.</span></p>
<p><span style="font-weight: 400;">Pel que fa a la participació, les famílies estan adherides a l’Associació de Famílies d&#8217;Alumnes. Des de l’entitat fan activitats i donen suport a les propostes que es duen a terme des de l’escola. Tot i això, el grau de participació general ha anat canviant en els darrers anys.</span></p>
<p>&nbsp;</p>
<p><b>Instal·lacions</b></p>
<p><span style="font-weight: 400;">El recinte escolar està ubicat a la cara sud del poble, entre els carrers Pau Picasso, Joan Miró i Antoni Gaudí. En aquest espai de 1500 m2 s’hi situa un edifici construït l’any 1956 d’una sola planta, a un nivell inferior des del carrer principal, per on s’accedeix a través d’unes escales i també, des del carrer Antoni Gaudí. L’edifici principal consta de 736 m2 repartits en cinc aules, una sala polivalent, tres lavabos i una sala de mestres. Des de l’inici, aquest edifici ha sofert diverses ampliacions. </span></p>
<p><span style="font-weight: 400;">A l’extrem oest, hi ha situat des del curs 2010/2011 un mòdul prefabricat que conté un aula destinada al servei de menjador i aula de ciència; i una aula polivalent on s’hi imparteixen algunes extraescolars. Hi ha un petit magatzem i dos lavabos.</span></p>
<p>&nbsp;</p>
<p><span style="font-weight: 400;">A l’exterior, l’escola té la zona de pati, amb un petit hort alçat, hotel d’insectes, zona d’aventura, arbres, arbustos i plantes; taules de pícnic, camp de futbol, pista poliesportiva i zona de rocòdrom.</span></p>
<p>&nbsp;</p>
<p><b>Serveis i equipaments</b></p>
<p><span style="font-weight: 400;">L’escola disposa de servei de menjador gestionat actualment pel Consell Comarcal del Baix Camp a través de càtering amb línia calenta diària. També dona servei de transport escolar a l’alumnat des de Capafonts fins a Prades. </span></p>
<p><span style="font-weight: 400;">Disposem d’un espai de pati renaturalitzat amb zones diferenciades per potenciar el joc i les activitats lúdiques i educatives a l’exterior.</span></p>
<p><span style="font-weight: 400;">Totes les aules estan equipades amb pissarra digital interactiva, projector, biblioteca d’aula i taules de treball cooperatiu.</span></p>
<p><span style="font-weight: 400;">L’escola fa ús també dels equipaments municipals com la Sala del Ball, l’Auditori 1 d’Octubre, la zona poliesportiva i el camp de futbol municipal, entre altres.</span></p>
<p>&nbsp;</p>

<p>Ubicació L’Escola Serra de Prades és la seu de la ZER Montsant &#8211; Serra de Prades, ubicada a la vila de Prades, a la comarca del Baix Camp, caracteritzada per la pedra vermella de l’entorn i amb la que s’han construït els edificis. El municipi se situa als 950 metres d’alçada, fet que condiciona el [&hellip;]</p>
