{"id":73,"date":"2014-09-18T14:01:51","date_gmt":"2014-09-18T13:01:51","guid":{"rendered":"http:\/\/agora.xtec.cat\/escolaserrademiralles\/?page_id=73"},"modified":"2024-09-10T11:35:30","modified_gmt":"2024-09-10T09:35:30","slug":"menjador-escolar","status":"publish","type":"page","link":"https:\/\/agora.xtec.cat\/escolaserrademiralles\/serveis\/menjador-escolar\/","title":{"rendered":"Menjador escolar"},"content":{"rendered":"<p>Per a qualsevol consulta relacionada amb el funcionament diari de menjador, cal que truqueu al coordinador <strong>Jose\u00a0<\/strong> al tel\u00e8fon 663294815 (a partir de les 10)<\/p>\n<p>L\u2019empresa \u00a0que \u00a0s\u2019encarrega \u00a0del \u00a0servei \u00a0\u00e9s<strong> SerhsFood<\/strong>\u00a0 i \u00a0el \u00a0monitoratge de la mateixa empresa. \u00a0Aquest \u00a0servei \u00a0est\u00e0 \u00a0gestionat \u00a0pel \u00a0Consell \u00a0Comarcal \u00a0del Maresme.<\/p>\n<p>Els alumnes podran utilitzar el menjador de manera continuada, o b\u00e9 de manera espor\u00e0dica. El preu del servei \u00e9s 7,25\u20ac per als comensals fixes i 7,98\u20ac per als espor\u00e0dics. Trobareu m\u00e9s informaci\u00f3 al web\u00a0 <a href=\"https:\/\/www.ccmaresme.cat\/\">https:\/\/www.ccmaresme.cat\/<\/a><\/p>\n","protected":false},"excerpt":{"rendered":"<p>Per a qualsevol consulta relacionada amb el funcionament diari de menjador, cal que truqueu al coordinador Jose\u00a0 al tel\u00e8fon 663294815 (a partir de les 10)<br \/>\nL\u2019empresa \u00a0que \u00a0s\u2019encarrega \u00a0del \u00a0servei \u00a0\u00e9s SerhsFood\u00a0 i \u00a0el \u00a0monitoratge de la mateixa empresa. \u00a0Aquest \u00a0servei \u00a0est\u00e0 \u00a0gestionat \u00a0pel \u00a0Consell \u00a0Comarcal&hellip;  <a href=\"https:\/\/agora.xtec.cat\/escolaserrademiralles\/serveis\/menjador-escolar\/\" title=\"Read Menjador escolar\">Llegeix m\u00e9s\u00bb<\/a><\/p>\n","protected":false},"author":1,"featured_media":0,"parent":66,"menu_order":30,"comment_status":"closed","ping_status":"closed","template":"page-templates\/side-menu.php","meta":{"_bbp_topic_count":0,"_bbp_reply_count":0,"_bbp_total_topic_count":0,"_bbp_total_reply_count":0,"_bbp_voice_count":0,"_bbp_anonymous_reply_count":0,"_bbp_topic_count_hidden":0,"_bbp_reply_count_hidden":0,"_bbp_forum_subforum_count":0,"footnotes":""},"class_list":["post-73","page","type-page","status-publish","hentry"],"post_mailing_queue_ids":[],"_links":{"self":[{"href":"https:\/\/agora.xtec.cat\/escolaserrademiralles\/wp-json\/wp\/v2\/pages\/73","targetHints":{"allow":["GET"]}}],"collection":[{"href":"https:\/\/agora.xtec.cat\/escolaserrademiralles\/wp-json\/wp\/v2\/pages"}],"about":[{"href":"https:\/\/agora.xtec.cat\/escolaserrademiralles\/wp-json\/wp\/v2\/types\/page"}],"author":[{"embeddable":true,"href":"https:\/\/agora.xtec.cat\/escolaserrademiralles\/wp-json\/wp\/v2\/users\/1"}],"replies":[{"embeddable":true,"href":"https:\/\/agora.xtec.cat\/escolaserrademiralles\/wp-json\/wp\/v2\/comments?post=73"}],"version-history":[{"count":4,"href":"https:\/\/agora.xtec.cat\/escolaserrademiralles\/wp-json\/wp\/v2\/pages\/73\/revisions"}],"predecessor-version":[{"id":2876,"href":"https:\/\/agora.xtec.cat\/escolaserrademiralles\/wp-json\/wp\/v2\/pages\/73\/revisions\/2876"}],"up":[{"embeddable":true,"href":"https:\/\/agora.xtec.cat\/escolaserrademiralles\/wp-json\/wp\/v2\/pages\/66"}],"wp:attachment":[{"href":"https:\/\/agora.xtec.cat\/escolaserrademiralles\/wp-json\/wp\/v2\/media?parent=73"}],"curies":[{"name":"wp","href":"https:\/\/api.w.org\/{rel}","templated":true}]}}

<p>Per a qualsevol consulta relacionada amb el funcionament diari de menjador, cal que truqueu al coordinador <strong>Jose </strong> al telèfon 663294815 (a partir de les 10)</p>
<p>L’empresa  que  s’encarrega  del  servei  és<strong> SerhsFood</strong>  i  el  monitoratge de la mateixa empresa.  Aquest  servei  està  gestionat  pel  Consell  Comarcal  del Maresme.</p>
<p>Els alumnes podran utilitzar el menjador de manera continuada, o bé de manera esporàdica. El preu del servei és 7,25€ per als comensals fixes i 7,98€ per als esporàdics. Trobareu més informació al web  <a href="https://www.ccmaresme.cat/">https://www.ccmaresme.cat/</a></p>

<p>Per a qualsevol consulta relacionada amb el funcionament diari de menjador, cal que truqueu al coordinador Jose  al telèfon 663294815 (a partir de les 10)<br />
L’empresa  que  s’encarrega  del  servei  és SerhsFood  i  el  monitoratge de la mateixa empresa.  Aquest  servei  està  gestionat  pel  Consell  Comarcal&hellip;  <a href="https://agora.xtec.cat/escolaserrademiralles/serveis/menjador-escolar/" title="Read Menjador escolar">Llegeix més»</a></p>
