{"id":219,"date":"2016-01-11T17:11:02","date_gmt":"2016-01-11T16:11:02","guid":{"rendered":"http:\/\/agora.xtec.cat\/escolaserrademiralles\/?page_id=219"},"modified":"2020-05-12T16:03:02","modified_gmt":"2020-05-12T14:03:02","slug":"eap","status":"publish","type":"page","link":"https:\/\/agora.xtec.cat\/escolaserrademiralles\/recursos-humans\/eap\/","title":{"rendered":"EAP"},"content":{"rendered":"<p>L&#8217;Equip d\u2019Atenci\u00f3 Psicopedag\u00f2gica d\u00f3na suport en la resposta a la diversitat de l\u2019alumnat i en relaci\u00f3 als alumnes que presenten necessitats educatives especials.<\/p>\n<ul>\n<li>Identificaci\u00f3 i avaluaci\u00f3 de les necessitats especials dels alumnes<\/li>\n<li>Adaptacions curriculars<\/li>\n<li>Assessorament sobre aspectes psicopedag\u00f2gics i d\u2019atenci\u00f3 a la diversitat de necessitats de l\u2019alumnat<\/li>\n<li>Orientaci\u00f3 acad\u00e8mica i professional a l\u2019alumnat, fam\u00edlies i equips docents<\/li>\n<li>Col\u00b7laboraci\u00f3 amb els serveis socials i sanitaris<\/li>\n<\/ul>\n<p>La professional adscrita al nostre centre \u00e9s la Mireia Caralt.<\/p>\n","protected":false},"excerpt":{"rendered":"<p>L&#8217;Equip d\u2019Atenci\u00f3 Psicopedag\u00f2gica d\u00f3na suport en la resposta a la diversitat de l\u2019alumnat i en relaci\u00f3 als alumnes que presenten necessitats educatives especials.<\/p>\n<ul>\n<li>Identificaci\u00f3 i avaluaci\u00f3 de les necessitats especials dels alumnes<\/li>\n<li>Adaptacions curriculars<\/li>\n<li>Assessorament sobre aspectes psicopedag\u00f2gics i d\u2019atenci\u00f3 a la diversitat de necessitats de l\u2019alumnat<\/li>\n<li>Orientaci\u00f3 acad\u00e8mica&hellip;  <a href=\"https:\/\/agora.xtec.cat\/escolaserrademiralles\/recursos-humans\/eap\/\" title=\"Read EAP\">Llegeix m\u00e9s\u00bb<\/a><br \/>\n","protected":false},"author":1,"featured_media":0,"parent":196,"menu_order":20,"comment_status":"closed","ping_status":"closed","template":"","meta":{"_bbp_topic_count":0,"_bbp_reply_count":0,"_bbp_total_topic_count":0,"_bbp_total_reply_count":0,"_bbp_voice_count":0,"_bbp_anonymous_reply_count":0,"_bbp_topic_count_hidden":0,"_bbp_reply_count_hidden":0,"_bbp_forum_subforum_count":0,"footnotes":""},"class_list":["post-219","page","type-page","status-publish","hentry"],"post_mailing_queue_ids":[],"_links":{"self":[{"href":"https:\/\/agora.xtec.cat\/escolaserrademiralles\/wp-json\/wp\/v2\/pages\/219","targetHints":{"allow":["GET"]}}],"collection":[{"href":"https:\/\/agora.xtec.cat\/escolaserrademiralles\/wp-json\/wp\/v2\/pages"}],"about":[{"href":"https:\/\/agora.xtec.cat\/escolaserrademiralles\/wp-json\/wp\/v2\/types\/page"}],"author":[{"embeddable":true,"href":"https:\/\/agora.xtec.cat\/escolaserrademiralles\/wp-json\/wp\/v2\/users\/1"}],"replies":[{"embeddable":true,"href":"https:\/\/agora.xtec.cat\/escolaserrademiralles\/wp-json\/wp\/v2\/comments?post=219"}],"version-history":[{"count":3,"href":"https:\/\/agora.xtec.cat\/escolaserrademiralles\/wp-json\/wp\/v2\/pages\/219\/revisions"}],"predecessor-version":[{"id":1082,"href":"https:\/\/agora.xtec.cat\/escolaserrademiralles\/wp-json\/wp\/v2\/pages\/219\/revisions\/1082"}],"up":[{"embeddable":true,"href":"https:\/\/agora.xtec.cat\/escolaserrademiralles\/wp-json\/wp\/v2\/pages\/196"}],"wp:attachment":[{"href":"https:\/\/agora.xtec.cat\/escolaserrademiralles\/wp-json\/wp\/v2\/media?parent=219"}],"curies":[{"name":"wp","href":"https:\/\/api.w.org\/{rel}","templated":true}]}}

<p>L&#8217;Equip d’Atenció Psicopedagògica dóna suport en la resposta a la diversitat de l’alumnat i en relació als alumnes que presenten necessitats educatives especials.</p>
<ul>
<li>Identificació i avaluació de les necessitats especials dels alumnes</li>
<li>Adaptacions curriculars</li>
<li>Assessorament sobre aspectes psicopedagògics i d’atenció a la diversitat de necessitats de l’alumnat</li>
<li>Orientació acadèmica i professional a l’alumnat, famílies i equips docents</li>
<li>Col·laboració amb els serveis socials i sanitaris</li>
</ul>
<p>La professional adscrita al nostre centre és la Mireia Caralt.</p>

<p>L&#8217;Equip d’Atenció Psicopedagògica dóna suport en la resposta a la diversitat de l’alumnat i en relació als alumnes que presenten necessitats educatives especials.</p>
<ul>
<li>Identificació i avaluació de les necessitats especials dels alumnes</li>
<li>Adaptacions curriculars</li>
<li>Assessorament sobre aspectes psicopedagògics i d’atenció a la diversitat de necessitats de l’alumnat</li>
<li>Orientació acadèmica&hellip;  <a href="https://agora.xtec.cat/escolaserrademiralles/recursos-humans/eap/" title="Read EAP">Llegeix més»</a><br />
