{"id":32,"date":"2014-09-18T12:31:33","date_gmt":"2014-09-18T11:31:33","guid":{"rendered":"http:\/\/agora.xtec.cat\/escolaserenavall\/?page_id=32"},"modified":"2026-02-24T09:38:22","modified_gmt":"2026-02-24T08:38:22","slug":"calendari-del-curs","status":"publish","type":"page","link":"https:\/\/agora.xtec.cat\/escolaserenavall\/","title":{"rendered":"JORNADA DE PORTES OBERTES"},"content":{"rendered":"<p><img loading=\"lazy\" decoding=\"async\" class=\"alignnone wp-image-1690 aligncenter\" src=\"https:\/\/agora.xtec.cat\/escolaserenavall\/wp-content\/uploads\/usu114\/2026\/02\/targeto-2026-02-03-130501-300x141.png\" alt=\"\" width=\"442\" height=\"208\" srcset=\"https:\/\/agora.xtec.cat\/escolaserenavall\/wp-content\/uploads\/usu114\/2026\/02\/targeto-2026-02-03-130501-300x141.png 300w, https:\/\/agora.xtec.cat\/escolaserenavall\/wp-content\/uploads\/usu114\/2026\/02\/targeto-2026-02-03-130501-1024x482.png 1024w, https:\/\/agora.xtec.cat\/escolaserenavall\/wp-content\/uploads\/usu114\/2026\/02\/targeto-2026-02-03-130501-768x362.png 768w, https:\/\/agora.xtec.cat\/escolaserenavall\/wp-content\/uploads\/usu114\/2026\/02\/targeto-2026-02-03-130501-1536x723.png 1536w, https:\/\/agora.xtec.cat\/escolaserenavall\/wp-content\/uploads\/usu114\/2026\/02\/targeto-2026-02-03-130501.png 1720w\" sizes=\"auto, (max-width: 442px) 100vw, 442px\" \/><\/p>\n<p style=\"text-align: center;\">US INFORMEM QUE LES PORTES OBERTES S&#8217;HAN DUT A TERME:<\/p>\n<p style=\"text-align: center;\"><strong><span style=\"color: #ff6600;\">DISSABTE 21 de FEBRER<\/span> <\/strong><\/p>\n<p style=\"text-align: center;\"><strong>(ED. INFANTIL I ED. PRIM\u00c0RIA)<\/strong><\/p>\n<p style=\"text-align: center;\">SI NO VAU TENIR L&#8217;OPORTUNITAT D&#8217;ASSISTIR-HI, PODEU POSAR-VOS EN CONTACTE AMB NOSALTRES A TRAV\u00c9S DEL TEL\u00c8FON:<\/p>\n<p style=\"text-align: center;\">93 792 81 86<\/p>\n<p style=\"text-align: center;\">\n<p style=\"text-align: center;\"><span style=\"color: #993300;\">*El per\u00edode per formalitzar la preinscripci\u00f3 ser\u00e0 del\u00a0<strong>4 al 18 de mar\u00e7<\/strong>.<\/span><\/p>\n","protected":false},"excerpt":{"rendered":"<p>US INFORMEM QUE LES PORTES OBERTES S&#8217;HAN DUT A TERME: DISSABTE 21 de FEBRER (ED. INFANTIL I ED. PRIM\u00c0RIA) SI NO VAU TENIR L&#8217;OPORTUNITAT D&#8217;ASSISTIR-HI, PODEU POSAR-VOS EN CONTACTE AMB NOSALTRES A TRAV\u00c9S DEL TEL\u00c8FON: 93 792 81 86 *El per\u00edode per formalitzar la preinscripci\u00f3 ser\u00e0 del\u00a04 al 18 de mar\u00e7.<\/p>\n","protected":false},"author":1,"featured_media":0,"parent":0,"menu_order":50,"comment_status":"closed","ping_status":"closed","template":"","meta":{"_bbp_topic_count":0,"_bbp_reply_count":0,"_bbp_total_topic_count":0,"_bbp_total_reply_count":0,"_bbp_voice_count":0,"_bbp_anonymous_reply_count":0,"_bbp_topic_count_hidden":0,"_bbp_reply_count_hidden":0,"_bbp_forum_subforum_count":0,"site-sidebar-layout":"default","site-content-layout":"","ast-site-content-layout":"default","site-content-style":"default","site-sidebar-style":"default","ast-global-header-display":"","ast-banner-title-visibility":"","ast-main-header-display":"","ast-hfb-above-header-display":"","ast-hfb-below-header-display":"","ast-hfb-mobile-header-display":"","site-post-title":"","ast-breadcrumbs-content":"","ast-featured-img":"","footer-sml-layout":"","theme-transparent-header-meta":"default","adv-header-id-meta":"","stick-header-meta":"","header-above-stick-meta":"","header-main-stick-meta":"","header-below-stick-meta":"","astra-migrate-meta-layouts":"set","ast-page-background-enabled":"default","ast-page-background-meta":{"desktop":{"background-color":"var(--ast-global-color-4)","background-image":"","background-repeat":"repeat","background-position":"center center","background-size":"auto","background-attachment":"scroll","background-type":"","background-media":"","overlay-type":"","overlay-color":"","overlay-opacity":"","overlay-gradient":""},"tablet":{"background-color":"","background-image":"","background-repeat":"repeat","background-position":"center center","background-size":"auto","background-attachment":"scroll","background-type":"","background-media":"","overlay-type":"","overlay-color":"","overlay-opacity":"","overlay-gradient":""},"mobile":{"background-color":"","background-image":"","background-repeat":"repeat","background-position":"center center","background-size":"auto","background-attachment":"scroll","background-type":"","background-media":"","overlay-type":"","overlay-color":"","overlay-opacity":"","overlay-gradient":""}},"ast-content-background-meta":{"desktop":{"background-color":"var(--ast-global-color-5)","background-image":"","background-repeat":"repeat","background-position":"center center","background-size":"auto","background-attachment":"scroll","background-type":"","background-media":"","overlay-type":"","overlay-color":"","overlay-opacity":"","overlay-gradient":""},"tablet":{"background-color":"var(--ast-global-color-5)","background-image":"","background-repeat":"repeat","background-position":"center center","background-size":"auto","background-attachment":"scroll","background-type":"","background-media":"","overlay-type":"","overlay-color":"","overlay-opacity":"","overlay-gradient":""},"mobile":{"background-color":"var(--ast-global-color-5)","background-image":"","background-repeat":"repeat","background-position":"center center","background-size":"auto","background-attachment":"scroll","background-type":"","background-media":"","overlay-type":"","overlay-color":"","overlay-opacity":"","overlay-gradient":""}},"footnotes":""},"class_list":["post-32","page","type-page","status-publish","hentry"],"post_mailing_queue_ids":[],"_links":{"self":[{"href":"https:\/\/agora.xtec.cat\/escolaserenavall\/wp-json\/wp\/v2\/pages\/32","targetHints":{"allow":["GET"]}}],"collection":[{"href":"https:\/\/agora.xtec.cat\/escolaserenavall\/wp-json\/wp\/v2\/pages"}],"about":[{"href":"https:\/\/agora.xtec.cat\/escolaserenavall\/wp-json\/wp\/v2\/types\/page"}],"author":[{"embeddable":true,"href":"https:\/\/agora.xtec.cat\/escolaserenavall\/wp-json\/wp\/v2\/users\/1"}],"replies":[{"embeddable":true,"href":"https:\/\/agora.xtec.cat\/escolaserenavall\/wp-json\/wp\/v2\/comments?post=32"}],"version-history":[{"count":6,"href":"https:\/\/agora.xtec.cat\/escolaserenavall\/wp-json\/wp\/v2\/pages\/32\/revisions"}],"predecessor-version":[{"id":1833,"href":"https:\/\/agora.xtec.cat\/escolaserenavall\/wp-json\/wp\/v2\/pages\/32\/revisions\/1833"}],"wp:attachment":[{"href":"https:\/\/agora.xtec.cat\/escolaserenavall\/wp-json\/wp\/v2\/media?parent=32"}],"curies":[{"name":"wp","href":"https:\/\/api.w.org\/{rel}","templated":true}]}}

<p><img loading="lazy" decoding="async" class="alignnone wp-image-1690 aligncenter" src="https://agora.xtec.cat/escolaserenavall/wp-content/uploads/usu114/2026/02/targeto-2026-02-03-130501-300x141.png" alt="" width="442" height="208" srcset="https://agora.xtec.cat/escolaserenavall/wp-content/uploads/usu114/2026/02/targeto-2026-02-03-130501-300x141.png 300w, https://agora.xtec.cat/escolaserenavall/wp-content/uploads/usu114/2026/02/targeto-2026-02-03-130501-1024x482.png 1024w, https://agora.xtec.cat/escolaserenavall/wp-content/uploads/usu114/2026/02/targeto-2026-02-03-130501-768x362.png 768w, https://agora.xtec.cat/escolaserenavall/wp-content/uploads/usu114/2026/02/targeto-2026-02-03-130501-1536x723.png 1536w, https://agora.xtec.cat/escolaserenavall/wp-content/uploads/usu114/2026/02/targeto-2026-02-03-130501.png 1720w" sizes="auto, (max-width: 442px) 100vw, 442px" /></p>
<p style="text-align: center;">US INFORMEM QUE LES PORTES OBERTES S&#8217;HAN DUT A TERME:</p>
<p style="text-align: center;"><strong><span style="color: #ff6600;">DISSABTE 21 de FEBRER</span> </strong></p>
<p style="text-align: center;"><strong>(ED. INFANTIL I ED. PRIMÀRIA)</strong></p>
<p style="text-align: center;">SI NO VAU TENIR L&#8217;OPORTUNITAT D&#8217;ASSISTIR-HI, PODEU POSAR-VOS EN CONTACTE AMB NOSALTRES A TRAVÉS DEL TELÈFON:</p>
<p style="text-align: center;">93 792 81 86</p>
<p style="text-align: center;">
<p style="text-align: center;"><span style="color: #993300;">*El període per formalitzar la preinscripció serà del <strong>4 al 18 de març</strong>.</span></p>

<p>US INFORMEM QUE LES PORTES OBERTES S&#8217;HAN DUT A TERME: DISSABTE 21 de FEBRER (ED. INFANTIL I ED. PRIMÀRIA) SI NO VAU TENIR L&#8217;OPORTUNITAT D&#8217;ASSISTIR-HI, PODEU POSAR-VOS EN CONTACTE AMB NOSALTRES A TRAVÉS DEL TELÈFON: 93 792 81 86 *El període per formalitzar la preinscripció serà del 4 al 18 de març.</p>
