{"id":1466,"date":"2026-01-26T09:56:07","date_gmt":"2026-01-26T08:56:07","guid":{"rendered":"https:\/\/agora.xtec.cat\/escolaserenavall\/?page_id=1466"},"modified":"2026-01-26T09:56:07","modified_gmt":"2026-01-26T08:56:07","slug":"recursos-per-atendre-la-diversitat","status":"publish","type":"page","link":"https:\/\/agora.xtec.cat\/escolaserenavall\/preinscripcio-curs-2026-27-2\/recursos-per-atendre-la-diversitat\/","title":{"rendered":"Recursos per atendre la diversitat"},"content":{"rendered":"<p><b>Recursos per atendre la diversitat. Aula d\u2019orientaci\u00f3 i suport<\/b><\/p>\n<p><span style=\"font-weight: 400;\">L\u2019aula d\u2019Orientaci\u00f3 i suport est\u00e0 formada per:<\/span><\/p>\n<ul>\n<li style=\"font-weight: 400;\" aria-level=\"1\"><span style=\"font-weight: 400;\">Dues mestres d\u2019Educaci\u00f3 Especial<\/span><\/li>\n<li style=\"font-weight: 400;\" aria-level=\"1\"><span style=\"font-weight: 400;\">Una mestra d\u2019Audici\u00f3 i Llenguatge<\/span><\/li>\n<li style=\"font-weight: 400;\" aria-level=\"1\"><span style=\"font-weight: 400;\">Aquest curs comptem amb la mateixa persona referent de l\u2019EAP (equip d\u2019assessorament i orientaci\u00f3 psicopedag\u00f2gic que tenim les escoles) que aquest curs continuar\u00e0 venint els divendres al mat\u00ed setmanalment<\/span><\/li>\n<li style=\"font-weight: 400;\" aria-level=\"1\"><span style=\"font-weight: 400;\">Dues vetlladores amb dedicaci\u00f3 parcial de suport individual<\/span><\/li>\n<li style=\"font-weight: 400;\" aria-level=\"1\"><span style=\"font-weight: 400;\">Logopeda del CREDA (serveis de suport als centres educatius per l\u2019alumnat amb greus dificultats d\u2019audici\u00f3, llenguatge o comunicaci\u00f3) amb atenci\u00f3 individualitzada<\/span><\/li>\n<\/ul>\n<p>&nbsp;<\/p>\n<p><span style=\"font-weight: 400;\">Les mestres d\u2019Educaci\u00f3 Especial realitzen sessions de treball en petits grups que es fan des de 2n fins a 6\u00e8 de Prim\u00e0ria atenent:<\/span><\/p>\n<ul>\n<li style=\"font-weight: 400;\" aria-level=\"1\"><span style=\"font-weight: 400;\">Als alumnes NEE (necessitats educatives especials), alumnes de necessitats de tipus socials, nens nouvinguts al nostre sistema educatiu i alumnat amb trastorn d\u2019aprenentatge o comunicaci\u00f3.\u00a0<\/span><\/li>\n<li style=\"font-weight: 400;\" aria-level=\"1\"><span style=\"font-weight: 400;\">Seguiment dels diferents Plans de Suport Individualitzats i de l\u2019alumnat amb diferents tipus de diagn\u00f2stic psicol\u00f2gic i pedag\u00f2gic<\/span><\/li>\n<li style=\"font-weight: 400;\" aria-level=\"1\"><span style=\"font-weight: 400;\">Establim grups de treball amb alumnes d\u2019altes capacitats<\/span><\/li>\n<\/ul>\n<p>&nbsp;<\/p>\n<p><span style=\"font-weight: 400;\">\u00a0La mestra d\u2019Audici\u00f3 i Llenguatge treballa a Ed. Infantil i a 1r de Prim\u00e0ria amb\u00a0<\/span><\/p>\n<ul>\n<li style=\"font-weight: 400;\" aria-level=\"1\"><span style=\"font-weight: 400;\">Sessions d\u2019atenci\u00f3 individualitzada o en petit grup a 1r<\/span><\/li>\n<li style=\"font-weight: 400;\" aria-level=\"1\"><span style=\"font-weight: 400;\">Atenci\u00f3 dins l\u2019aula a Infantil<\/span><\/li>\n<li style=\"font-weight: 400;\" aria-level=\"1\"><span style=\"font-weight: 400;\">Sessions de detecci\u00f3 a I3<\/span><\/li>\n<li style=\"font-weight: 400;\" aria-level=\"1\"><span style=\"font-weight: 400;\">Sessions de consci\u00e8ncia fonol\u00f2gica a I3, I4 i I5<\/span><\/li>\n<\/ul>\n<p><span style=\"font-weight: 400;\">Les tres mestres de l\u2019Aula d\u2019Orientaci\u00f3 i Suport realitzen sessions de coordinaci\u00f3 amb la persona de l\u2019EAP setmanalment.\u00a0<\/span><\/p>\n<p><span style=\"font-weight: 400;\">A m\u00e9s, s\u2019estableixen diferents comissions de treball amb periodicitat bimensual:\u00a0<\/span><\/p>\n<p><span style=\"font-weight: 400;\">Comissi\u00f3 d\u2019atenci\u00f3 educativa inclusiva <\/span><span style=\"font-weight: 400;\">-CAEI- en la que l\u2019equip directiu i l\u2019EAP fan el seguiment de l\u2019alumnat susceptible d\u2019aquests recursos d\u2019atenci\u00f3 a la diversitat.<\/span><\/p>\n<p><span style=\"font-weight: 400;\">Comissi\u00f3 social formada <\/span><span style=\"font-weight: 400;\">per: el director, mestres de l\u2019aula d\u2019orientaci\u00f3 i suport, referent de l\u2019EAP, la psic\u00f2loga municipal i les treballadores dels serveis socials municipals. <\/span><\/p>\n","protected":false},"excerpt":{"rendered":"<p>Recursos per atendre la diversitat. Aula d\u2019orientaci\u00f3 i suport L\u2019aula d\u2019Orientaci\u00f3 i suport est\u00e0 formada per: Dues mestres d\u2019Educaci\u00f3 Especial Una mestra d\u2019Audici\u00f3 i Llenguatge Aquest curs comptem amb la mateixa persona referent de l\u2019EAP (equip d\u2019assessorament i orientaci\u00f3 psicopedag\u00f2gic que tenim les escoles) que aquest curs continuar\u00e0 venint els divendres al mat\u00ed setmanalment Dues [&hellip;]<\/p>\n","protected":false},"author":1,"featured_media":0,"parent":1452,"menu_order":0,"comment_status":"closed","ping_status":"closed","template":"","meta":{"_bbp_topic_count":0,"_bbp_reply_count":0,"_bbp_total_topic_count":0,"_bbp_total_reply_count":0,"_bbp_voice_count":0,"_bbp_anonymous_reply_count":0,"_bbp_topic_count_hidden":0,"_bbp_reply_count_hidden":0,"_bbp_forum_subforum_count":0,"site-sidebar-layout":"default","site-content-layout":"","ast-site-content-layout":"default","site-content-style":"default","site-sidebar-style":"default","ast-global-header-display":"","ast-banner-title-visibility":"","ast-main-header-display":"","ast-hfb-above-header-display":"","ast-hfb-below-header-display":"","ast-hfb-mobile-header-display":"","site-post-title":"","ast-breadcrumbs-content":"","ast-featured-img":"","footer-sml-layout":"","theme-transparent-header-meta":"default","adv-header-id-meta":"","stick-header-meta":"","header-above-stick-meta":"","header-main-stick-meta":"","header-below-stick-meta":"","astra-migrate-meta-layouts":"set","ast-page-background-enabled":"default","ast-page-background-meta":{"desktop":{"background-color":"var(--ast-global-color-4)","background-image":"","background-repeat":"repeat","background-position":"center center","background-size":"auto","background-attachment":"scroll","background-type":"","background-media":"","overlay-type":"","overlay-color":"","overlay-opacity":"","overlay-gradient":""},"tablet":{"background-color":"","background-image":"","background-repeat":"repeat","background-position":"center center","background-size":"auto","background-attachment":"scroll","background-type":"","background-media":"","overlay-type":"","overlay-color":"","overlay-opacity":"","overlay-gradient":""},"mobile":{"background-color":"","background-image":"","background-repeat":"repeat","background-position":"center center","background-size":"auto","background-attachment":"scroll","background-type":"","background-media":"","overlay-type":"","overlay-color":"","overlay-opacity":"","overlay-gradient":""}},"ast-content-background-meta":{"desktop":{"background-color":"var(--ast-global-color-5)","background-image":"","background-repeat":"repeat","background-position":"center center","background-size":"auto","background-attachment":"scroll","background-type":"","background-media":"","overlay-type":"","overlay-color":"","overlay-opacity":"","overlay-gradient":""},"tablet":{"background-color":"var(--ast-global-color-5)","background-image":"","background-repeat":"repeat","background-position":"center center","background-size":"auto","background-attachment":"scroll","background-type":"","background-media":"","overlay-type":"","overlay-color":"","overlay-opacity":"","overlay-gradient":""},"mobile":{"background-color":"var(--ast-global-color-5)","background-image":"","background-repeat":"repeat","background-position":"center center","background-size":"auto","background-attachment":"scroll","background-type":"","background-media":"","overlay-type":"","overlay-color":"","overlay-opacity":"","overlay-gradient":""}},"footnotes":""},"class_list":["post-1466","page","type-page","status-publish","hentry"],"post_mailing_queue_ids":[],"_links":{"self":[{"href":"https:\/\/agora.xtec.cat\/escolaserenavall\/wp-json\/wp\/v2\/pages\/1466","targetHints":{"allow":["GET"]}}],"collection":[{"href":"https:\/\/agora.xtec.cat\/escolaserenavall\/wp-json\/wp\/v2\/pages"}],"about":[{"href":"https:\/\/agora.xtec.cat\/escolaserenavall\/wp-json\/wp\/v2\/types\/page"}],"author":[{"embeddable":true,"href":"https:\/\/agora.xtec.cat\/escolaserenavall\/wp-json\/wp\/v2\/users\/1"}],"replies":[{"embeddable":true,"href":"https:\/\/agora.xtec.cat\/escolaserenavall\/wp-json\/wp\/v2\/comments?post=1466"}],"version-history":[{"count":1,"href":"https:\/\/agora.xtec.cat\/escolaserenavall\/wp-json\/wp\/v2\/pages\/1466\/revisions"}],"predecessor-version":[{"id":1467,"href":"https:\/\/agora.xtec.cat\/escolaserenavall\/wp-json\/wp\/v2\/pages\/1466\/revisions\/1467"}],"up":[{"embeddable":true,"href":"https:\/\/agora.xtec.cat\/escolaserenavall\/wp-json\/wp\/v2\/pages\/1452"}],"wp:attachment":[{"href":"https:\/\/agora.xtec.cat\/escolaserenavall\/wp-json\/wp\/v2\/media?parent=1466"}],"curies":[{"name":"wp","href":"https:\/\/api.w.org\/{rel}","templated":true}]}}

<p><b>Recursos per atendre la diversitat. Aula d’orientació i suport</b></p>
<p><span style="font-weight: 400;">L’aula d’Orientació i suport està formada per:</span></p>
<ul>
<li style="font-weight: 400;" aria-level="1"><span style="font-weight: 400;">Dues mestres d’Educació Especial</span></li>
<li style="font-weight: 400;" aria-level="1"><span style="font-weight: 400;">Una mestra d’Audició i Llenguatge</span></li>
<li style="font-weight: 400;" aria-level="1"><span style="font-weight: 400;">Aquest curs comptem amb la mateixa persona referent de l’EAP (equip d’assessorament i orientació psicopedagògic que tenim les escoles) que aquest curs continuarà venint els divendres al matí setmanalment</span></li>
<li style="font-weight: 400;" aria-level="1"><span style="font-weight: 400;">Dues vetlladores amb dedicació parcial de suport individual</span></li>
<li style="font-weight: 400;" aria-level="1"><span style="font-weight: 400;">Logopeda del CREDA (serveis de suport als centres educatius per l’alumnat amb greus dificultats d’audició, llenguatge o comunicació) amb atenció individualitzada</span></li>
</ul>
<p>&nbsp;</p>
<p><span style="font-weight: 400;">Les mestres d’Educació Especial realitzen sessions de treball en petits grups que es fan des de 2n fins a 6è de Primària atenent:</span></p>
<ul>
<li style="font-weight: 400;" aria-level="1"><span style="font-weight: 400;">Als alumnes NEE (necessitats educatives especials), alumnes de necessitats de tipus socials, nens nouvinguts al nostre sistema educatiu i alumnat amb trastorn d’aprenentatge o comunicació. </span></li>
<li style="font-weight: 400;" aria-level="1"><span style="font-weight: 400;">Seguiment dels diferents Plans de Suport Individualitzats i de l’alumnat amb diferents tipus de diagnòstic psicològic i pedagògic</span></li>
<li style="font-weight: 400;" aria-level="1"><span style="font-weight: 400;">Establim grups de treball amb alumnes d’altes capacitats</span></li>
</ul>
<p>&nbsp;</p>
<p><span style="font-weight: 400;"> La mestra d’Audició i Llenguatge treballa a Ed. Infantil i a 1r de Primària amb </span></p>
<ul>
<li style="font-weight: 400;" aria-level="1"><span style="font-weight: 400;">Sessions d’atenció individualitzada o en petit grup a 1r</span></li>
<li style="font-weight: 400;" aria-level="1"><span style="font-weight: 400;">Atenció dins l’aula a Infantil</span></li>
<li style="font-weight: 400;" aria-level="1"><span style="font-weight: 400;">Sessions de detecció a I3</span></li>
<li style="font-weight: 400;" aria-level="1"><span style="font-weight: 400;">Sessions de consciència fonològica a I3, I4 i I5</span></li>
</ul>
<p><span style="font-weight: 400;">Les tres mestres de l’Aula d’Orientació i Suport realitzen sessions de coordinació amb la persona de l’EAP setmanalment. </span></p>
<p><span style="font-weight: 400;">A més, s’estableixen diferents comissions de treball amb periodicitat bimensual: </span></p>
<p><span style="font-weight: 400;">Comissió d’atenció educativa inclusiva </span><span style="font-weight: 400;">-CAEI- en la que l’equip directiu i l’EAP fan el seguiment de l’alumnat susceptible d’aquests recursos d’atenció a la diversitat.</span></p>
<p><span style="font-weight: 400;">Comissió social formada </span><span style="font-weight: 400;">per: el director, mestres de l’aula d’orientació i suport, referent de l’EAP, la psicòloga municipal i les treballadores dels serveis socials municipals. </span></p>

<p>Recursos per atendre la diversitat. Aula d’orientació i suport L’aula d’Orientació i suport està formada per: Dues mestres d’Educació Especial Una mestra d’Audició i Llenguatge Aquest curs comptem amb la mateixa persona referent de l’EAP (equip d’assessorament i orientació psicopedagògic que tenim les escoles) que aquest curs continuarà venint els divendres al matí setmanalment Dues [&hellip;]</p>
