{"id":77,"date":"2014-09-18T14:05:08","date_gmt":"2014-09-18T13:05:08","guid":{"rendered":"http:\/\/agora.xtec.cat\/escolasegre\/?page_id=77"},"modified":"2026-04-08T09:48:57","modified_gmt":"2026-04-08T07:48:57","slug":"acollida","status":"publish","type":"page","link":"https:\/\/agora.xtec.cat\/escolasegre\/serveis\/acollida\/","title":{"rendered":"Acollida"},"content":{"rendered":"<p><strong>Acollida matinal<\/strong>: de 7:45 h a 9 h.<\/p>\n<p><a href=\"https:\/\/docs.google.com\/forms\/d\/e\/1FAIpQLSfq_y6dvTjqvD6wPt_Qx0103idDcQ2AfuG8Q8FvskTChu3pkw\/viewform\">Formulari d&#8217;inscripci\u00f3 Acollida Matinal<\/a><\/p>\n<p><a href=\"https:\/\/agora.xtec.cat\/escolasegre\/wp-content\/uploads\/usu2393\/2024\/09\/Preus-acollida-matinal.jpg\"><img loading=\"lazy\" decoding=\"async\" class=\"alignnone size-full wp-image-860\" src=\"https:\/\/agora.xtec.cat\/escolasegre\/wp-content\/uploads\/usu2393\/2024\/09\/Preus-acollida-matinal.jpg\" alt=\"\" width=\"641\" height=\"193\" srcset=\"https:\/\/agora.xtec.cat\/escolasegre\/wp-content\/uploads\/usu2393\/2024\/09\/Preus-acollida-matinal.jpg 641w, https:\/\/agora.xtec.cat\/escolasegre\/wp-content\/uploads\/usu2393\/2024\/09\/Preus-acollida-matinal-300x90.jpg 300w\" sizes=\"auto, (max-width: 641px) 100vw, 641px\" \/><\/a><\/p>\n<p><strong>Acollida de tarda<\/strong>: de 16 h a 17 h.\u00a0 \u00a0 \u00a0<em>(la franja fins a les 17.30h NO ha sortit per falta de demanda)<\/em><\/p>\n<p>Inscripci\u00f3:<br \/>\nLa inscripci\u00f3 a l\u2019acollida de tarda es fa a trav\u00e9s d&#8217;aquest enlla\u00e7 en tots el casos, incloent els<br \/>\nespor\u00e0dics:<br \/>\n<a href=\"https:\/\/docs.google.com\/forms\/d\/e\/1FAIpQLSccwDsJ5eZReuYHwhKlQR6ttqaIRjeRKA8tvf3uIkP6fUareQ\/viewform\">Formulari inscripci\u00f3 servei d&#8217;acollida tarda<\/a><\/p>\n<p><a href=\"https:\/\/agora.xtec.cat\/escolasegre\/wp-content\/uploads\/usu2393\/2024\/09\/Preus-acollida-tarda.jpg\"><img loading=\"lazy\" decoding=\"async\" class=\"alignnone wp-image-861\" src=\"https:\/\/agora.xtec.cat\/escolasegre\/wp-content\/uploads\/usu2393\/2024\/09\/Preus-acollida-tarda.jpg\" alt=\"\" width=\"623\" height=\"213\" srcset=\"https:\/\/agora.xtec.cat\/escolasegre\/wp-content\/uploads\/usu2393\/2024\/09\/Preus-acollida-tarda.jpg 673w, https:\/\/agora.xtec.cat\/escolasegre\/wp-content\/uploads\/usu2393\/2024\/09\/Preus-acollida-tarda-300x103.jpg 300w\" sizes=\"auto, (max-width: 623px) 100vw, 623px\" \/><\/a><\/p>\n<p>Correu:\u00a0<a href=\"mailto:vmonserrate@endermar.com\" target=\"_blank\" rel=\"noopener\">vmonserrate@endermar.com<\/a>\u00a0(Vict\u00f2ria &#8211; ENDERMAR)<\/p>\n","protected":false},"excerpt":{"rendered":"<p>Acollida matinal: de 7:45 h a 9 h. Formulari d&#8217;inscripci\u00f3 Acollida Matinal Acollida de tarda: de 16 h a 17 h.\u00a0 \u00a0 \u00a0(la franja fins a les 17.30h NO ha sortit per falta de demanda) Inscripci\u00f3: La inscripci\u00f3 a l\u2019acollida de tarda es fa a trav\u00e9s d&#8217;aquest enlla\u00e7 en tots el casos, incloent els espor\u00e0dics: [&hellip;]<\/p>\n","protected":false},"author":1,"featured_media":0,"parent":66,"menu_order":1,"comment_status":"closed","ping_status":"closed","template":"","meta":{"_bbp_topic_count":0,"_bbp_reply_count":0,"_bbp_total_topic_count":0,"_bbp_total_reply_count":0,"_bbp_voice_count":0,"_bbp_anonymous_reply_count":0,"_bbp_topic_count_hidden":0,"_bbp_reply_count_hidden":0,"_bbp_forum_subforum_count":0,"site-sidebar-layout":"default","site-content-layout":"","ast-site-content-layout":"default","site-content-style":"default","site-sidebar-style":"default","ast-global-header-display":"","ast-banner-title-visibility":"","ast-main-header-display":"","ast-hfb-above-header-display":"","ast-hfb-below-header-display":"","ast-hfb-mobile-header-display":"","site-post-title":"","ast-breadcrumbs-content":"","ast-featured-img":"","footer-sml-layout":"","theme-transparent-header-meta":"default","adv-header-id-meta":"","stick-header-meta":"","header-above-stick-meta":"","header-main-stick-meta":"","header-below-stick-meta":"","astra-migrate-meta-layouts":"set","ast-page-background-enabled":"default","ast-page-background-meta":{"desktop":{"background-color":"var(--ast-global-color-4)","background-image":"","background-repeat":"repeat","background-position":"center center","background-size":"auto","background-attachment":"scroll","background-type":"","background-media":"","overlay-type":"","overlay-color":"","overlay-opacity":"","overlay-gradient":""},"tablet":{"background-color":"","background-image":"","background-repeat":"repeat","background-position":"center center","background-size":"auto","background-attachment":"scroll","background-type":"","background-media":"","overlay-type":"","overlay-color":"","overlay-opacity":"","overlay-gradient":""},"mobile":{"background-color":"","background-image":"","background-repeat":"repeat","background-position":"center center","background-size":"auto","background-attachment":"scroll","background-type":"","background-media":"","overlay-type":"","overlay-color":"","overlay-opacity":"","overlay-gradient":""}},"ast-content-background-meta":{"desktop":{"background-color":"var(--ast-global-color-5)","background-image":"","background-repeat":"repeat","background-position":"center center","background-size":"auto","background-attachment":"scroll","background-type":"","background-media":"","overlay-type":"","overlay-color":"","overlay-opacity":"","overlay-gradient":""},"tablet":{"background-color":"var(--ast-global-color-5)","background-image":"","background-repeat":"repeat","background-position":"center center","background-size":"auto","background-attachment":"scroll","background-type":"","background-media":"","overlay-type":"","overlay-color":"","overlay-opacity":"","overlay-gradient":""},"mobile":{"background-color":"var(--ast-global-color-5)","background-image":"","background-repeat":"repeat","background-position":"center center","background-size":"auto","background-attachment":"scroll","background-type":"","background-media":"","overlay-type":"","overlay-color":"","overlay-opacity":"","overlay-gradient":""}},"footnotes":""},"class_list":["post-77","page","type-page","status-publish","hentry"],"post_mailing_queue_ids":[],"_links":{"self":[{"href":"https:\/\/agora.xtec.cat\/escolasegre\/wp-json\/wp\/v2\/pages\/77","targetHints":{"allow":["GET"]}}],"collection":[{"href":"https:\/\/agora.xtec.cat\/escolasegre\/wp-json\/wp\/v2\/pages"}],"about":[{"href":"https:\/\/agora.xtec.cat\/escolasegre\/wp-json\/wp\/v2\/types\/page"}],"author":[{"embeddable":true,"href":"https:\/\/agora.xtec.cat\/escolasegre\/wp-json\/wp\/v2\/users\/1"}],"replies":[{"embeddable":true,"href":"https:\/\/agora.xtec.cat\/escolasegre\/wp-json\/wp\/v2\/comments?post=77"}],"version-history":[{"count":6,"href":"https:\/\/agora.xtec.cat\/escolasegre\/wp-json\/wp\/v2\/pages\/77\/revisions"}],"predecessor-version":[{"id":1208,"href":"https:\/\/agora.xtec.cat\/escolasegre\/wp-json\/wp\/v2\/pages\/77\/revisions\/1208"}],"up":[{"embeddable":true,"href":"https:\/\/agora.xtec.cat\/escolasegre\/wp-json\/wp\/v2\/pages\/66"}],"wp:attachment":[{"href":"https:\/\/agora.xtec.cat\/escolasegre\/wp-json\/wp\/v2\/media?parent=77"}],"curies":[{"name":"wp","href":"https:\/\/api.w.org\/{rel}","templated":true}]}}