{"id":593,"date":"2023-07-16T12:18:37","date_gmt":"2023-07-16T10:18:37","guid":{"rendered":"https:\/\/agora.xtec.cat\/escolasegre\/?page_id=593"},"modified":"2026-04-14T09:00:55","modified_gmt":"2026-04-14T07:00:55","slug":"el-nostre-equip","status":"publish","type":"page","link":"https:\/\/agora.xtec.cat\/escolasegre\/lescola\/el-nostre-equip\/","title":{"rendered":"El nostre equip"},"content":{"rendered":"<p><strong>EQUIP PEDAG\u00d2GIC<\/strong><\/p>\n<p><span style=\"text-decoration: underline;\"><strong>Equip directiu<\/strong><\/span><br \/>\nDirector del centre: Pau Arasa<br \/>\nCap d&#8217;estudis: M. \u00c0ngels Miquel<br \/>\nSecret\u00e0ria: Remei M\u00e1rquez<\/p>\n<p><span style=\"text-decoration: underline;\"><strong>PAS<\/strong><\/span><\/p>\n<p>Administraci\u00f3: Raquel Rodr\u00edguez<br \/>\nRecepci\u00f3: Ver\u00f3nica Rivera<\/p>\n<table>\n<tbody>\n<tr style=\"height: 32px;\">\n<td style=\"height: 10px; width: 47.9622%;\" colspan=\"3\" scope=\"row\"><b>CORREUS D&#8217;ESCOLA<\/b><\/td>\n<\/tr>\n<tr style=\"height: 32px;\">\n<td style=\"height: 32px; width: 19.5804%;\" scope=\"row\"><span style=\"font-weight: 400;\">Escola Segre<\/span><\/td>\n<td style=\"height: 32px; width: 28.3818%;\" colspan=\"2\" scope=\"row\"><span style=\"font-weight: 400;\">escolasegre@xtec.cat<\/span><\/td>\n<\/tr>\n<tr style=\"height: 32px;\">\n<td style=\"height: 32px; width: 19.5804%;\" scope=\"row\"><span style=\"font-weight: 400;\">Secretaria<\/span><\/td>\n<td style=\"height: 32px; width: 28.3818%;\" colspan=\"2\" scope=\"row\"><span style=\"font-weight: 400;\">secretaria@escolasegre.cat<\/span><\/td>\n<\/tr>\n<tr style=\"height: 32px;\">\n<td style=\"height: 32px; width: 19.5804%;\" scope=\"row\"><span style=\"font-weight: 400;\">AFA<\/span><\/td>\n<td style=\"height: 32px; width: 28.3818%;\" colspan=\"2\" scope=\"row\"><span style=\"font-weight: 400;\">afa@escola<\/span><\/td>\n<\/tr>\n<\/tbody>\n<\/table>\n<p><span style=\"text-decoration: underline;\"><strong>Tutories pel curs 24-25<\/strong><\/span><br \/>\nI3: S\u00f2nia C.<br \/>\nI4: Mireia H.<br \/>\nI5: Anna R,<br \/>\n1r: Anna F<br \/>\n2n: Txus D.<br \/>\n3r: Raquel L.<br \/>\n4t: Carol F<br \/>\n5\u00e8: Alba M<br \/>\n6\u00e8: Olga B.<\/p>\n<p><strong>Especialistes i suport a Educaci\u00f3 Infantil<\/strong>: Remei, Pau, Judith i Roger.<br \/>\n<strong>Especialistes i suport a Educaci\u00f3 Prim\u00e0ria<\/strong>: Arnau, Laura, Mireia, Pau, Alba i M. \u00c0ngels.<br \/>\n<strong>Coordinadora d\u2019atenci\u00f3 a la diversitat<\/strong>: \u00c0ngels<\/p>\n<p><a href=\"https:\/\/agora.xtec.cat\/escolasegre\/wp-content\/uploads\/usu2393\/2025\/09\/IMG_9975.jpg\"><img loading=\"lazy\" decoding=\"async\" class=\"alignnone size-large wp-image-1069\" src=\"https:\/\/agora.xtec.cat\/escolasegre\/wp-content\/uploads\/usu2393\/2025\/09\/IMG_9975-1024x788.jpg\" alt=\"\" width=\"1024\" height=\"788\" srcset=\"https:\/\/agora.xtec.cat\/escolasegre\/wp-content\/uploads\/usu2393\/2025\/09\/IMG_9975-1024x788.jpg 1024w, https:\/\/agora.xtec.cat\/escolasegre\/wp-content\/uploads\/usu2393\/2025\/09\/IMG_9975-300x231.jpg 300w, https:\/\/agora.xtec.cat\/escolasegre\/wp-content\/uploads\/usu2393\/2025\/09\/IMG_9975-768x591.jpg 768w, https:\/\/agora.xtec.cat\/escolasegre\/wp-content\/uploads\/usu2393\/2025\/09\/IMG_9975.jpg 1500w\" sizes=\"auto, (max-width: 1024px) 100vw, 1024px\" \/><\/a><\/p>\n<p><a href=\"https:\/\/agora.xtec.cat\/escolasegre\/wp-content\/uploads\/usu2393\/2024\/09\/1726040091341.jpg\">\u00a0<\/a><\/p>\n","protected":false},"excerpt":{"rendered":"<p>EQUIP PEDAG\u00d2GIC Equip directiu Director del centre: Pau Arasa Cap d&#8217;estudis: M. \u00c0ngels Miquel Secret\u00e0ria: Remei M\u00e1rquez PAS Administraci\u00f3: Raquel Rodr\u00edguez Recepci\u00f3: Ver\u00f3nica Rivera CORREUS D&#8217;ESCOLA Escola Segre escolasegre@xtec.cat Secretaria secretaria@escolasegre.cat AFA afa@escola Tutories pel curs 24-25 I3: S\u00f2nia C. I4: Mireia H. I5: Anna R, 1r: Anna F 2n: Txus D. 3r: Raquel L. [&hellip;]<\/p>\n","protected":false},"author":1,"featured_media":0,"parent":22,"menu_order":3,"comment_status":"closed","ping_status":"closed","template":"","meta":{"_bbp_topic_count":0,"_bbp_reply_count":0,"_bbp_total_topic_count":0,"_bbp_total_reply_count":0,"_bbp_voice_count":0,"_bbp_anonymous_reply_count":0,"_bbp_topic_count_hidden":0,"_bbp_reply_count_hidden":0,"_bbp_forum_subforum_count":0,"site-sidebar-layout":"default","site-content-layout":"","ast-site-content-layout":"default","site-content-style":"default","site-sidebar-style":"default","ast-global-header-display":"","ast-banner-title-visibility":"","ast-main-header-display":"","ast-hfb-above-header-display":"","ast-hfb-below-header-display":"","ast-hfb-mobile-header-display":"","site-post-title":"","ast-breadcrumbs-content":"","ast-featured-img":"","footer-sml-layout":"","theme-transparent-header-meta":"default","adv-header-id-meta":"","stick-header-meta":"","header-above-stick-meta":"","header-main-stick-meta":"","header-below-stick-meta":"","astra-migrate-meta-layouts":"set","ast-page-background-enabled":"default","ast-page-background-meta":{"desktop":{"background-color":"var(--ast-global-color-4)","background-image":"","background-repeat":"repeat","background-position":"center center","background-size":"auto","background-attachment":"scroll","background-type":"","background-media":"","overlay-type":"","overlay-color":"","overlay-opacity":"","overlay-gradient":""},"tablet":{"background-color":"","background-image":"","background-repeat":"repeat","background-position":"center center","background-size":"auto","background-attachment":"scroll","background-type":"","background-media":"","overlay-type":"","overlay-color":"","overlay-opacity":"","overlay-gradient":""},"mobile":{"background-color":"","background-image":"","background-repeat":"repeat","background-position":"center center","background-size":"auto","background-attachment":"scroll","background-type":"","background-media":"","overlay-type":"","overlay-color":"","overlay-opacity":"","overlay-gradient":""}},"ast-content-background-meta":{"desktop":{"background-color":"var(--ast-global-color-5)","background-image":"","background-repeat":"repeat","background-position":"center center","background-size":"auto","background-attachment":"scroll","background-type":"","background-media":"","overlay-type":"","overlay-color":"","overlay-opacity":"","overlay-gradient":""},"tablet":{"background-color":"var(--ast-global-color-5)","background-image":"","background-repeat":"repeat","background-position":"center center","background-size":"auto","background-attachment":"scroll","background-type":"","background-media":"","overlay-type":"","overlay-color":"","overlay-opacity":"","overlay-gradient":""},"mobile":{"background-color":"var(--ast-global-color-5)","background-image":"","background-repeat":"repeat","background-position":"center center","background-size":"auto","background-attachment":"scroll","background-type":"","background-media":"","overlay-type":"","overlay-color":"","overlay-opacity":"","overlay-gradient":""}},"footnotes":""},"class_list":["post-593","page","type-page","status-publish","hentry"],"post_mailing_queue_ids":[],"_links":{"self":[{"href":"https:\/\/agora.xtec.cat\/escolasegre\/wp-json\/wp\/v2\/pages\/593","targetHints":{"allow":["GET"]}}],"collection":[{"href":"https:\/\/agora.xtec.cat\/escolasegre\/wp-json\/wp\/v2\/pages"}],"about":[{"href":"https:\/\/agora.xtec.cat\/escolasegre\/wp-json\/wp\/v2\/types\/page"}],"author":[{"embeddable":true,"href":"https:\/\/agora.xtec.cat\/escolasegre\/wp-json\/wp\/v2\/users\/1"}],"replies":[{"embeddable":true,"href":"https:\/\/agora.xtec.cat\/escolasegre\/wp-json\/wp\/v2\/comments?post=593"}],"version-history":[{"count":6,"href":"https:\/\/agora.xtec.cat\/escolasegre\/wp-json\/wp\/v2\/pages\/593\/revisions"}],"predecessor-version":[{"id":1212,"href":"https:\/\/agora.xtec.cat\/escolasegre\/wp-json\/wp\/v2\/pages\/593\/revisions\/1212"}],"up":[{"embeddable":true,"href":"https:\/\/agora.xtec.cat\/escolasegre\/wp-json\/wp\/v2\/pages\/22"}],"wp:attachment":[{"href":"https:\/\/agora.xtec.cat\/escolasegre\/wp-json\/wp\/v2\/media?parent=593"}],"curies":[{"name":"wp","href":"https:\/\/api.w.org\/{rel}","templated":true}]}}