{"id":886,"date":"2024-11-03T20:24:51","date_gmt":"2024-11-03T19:24:51","guid":{"rendered":"https:\/\/agora.xtec.cat\/escolaseat\/?page_id=886"},"modified":"2024-11-03T20:28:21","modified_gmt":"2024-11-03T19:28:21","slug":"finestra-al-barri","status":"publish","type":"page","link":"https:\/\/agora.xtec.cat\/escolaseat\/finestra-al-barri\/","title":{"rendered":"Finestra al barri"},"content":{"rendered":"<p><img loading=\"lazy\" decoding=\"async\" class=\"aligncenter\" src=\"https:\/\/www.vistaoftalmologos.es\/wp-content\/uploads\/2018\/01\/Depositphotos_8523238_original.jpg\" width=\"373\" height=\"238\" \/><\/p>\n<p>Aqu\u00ed trobareu totes les activitats que fem a l&#8217;escola relacionades amb entitats del barri, aix\u00ed com els esdeveniments familiars m\u00e9s importants que s&#8217;organitzen al barri.<\/p>\n<p>Entitats del barri amb les qu\u00e8 col\u00b7laborem<\/p>\n<p><img loading=\"lazy\" decoding=\"async\" class=\"alignnone alignleft\" src=\"https:\/\/entitatslamarina.org\/wp-content\/uploads\/2022\/03\/estrellas-altas.png\" alt=\"CENTRE CULTURAL ESTRELLES ALTAS \u2013 Uni\u00f3 d'Entitats de la Marina\" width=\"157\" height=\"157\" \/><img loading=\"lazy\" decoding=\"async\" class=\"alignleft\" src=\"https:\/\/encrypted-tbn0.gstatic.com\/images?q=tbn:ANd9GcSrHPZy0fEN80ZHx3-l3ks-evf2VtfVRZwJ9g&amp;s\" alt=\"La Marina Viva\" width=\"104\" height=\"107\" \/><img loading=\"lazy\" decoding=\"async\" class=\"alignleft\" src=\"https:\/\/ci3.googleusercontent.com\/mail-sig\/AIorK4weDdjAb0KuNNeOy5IwX1ygNM6_3XWbYJCyx264LtiB0OXQwqUrNjKWzv9zNCgpVmwy9nCljGM\" width=\"79\" height=\"97\" \/><img loading=\"lazy\" decoding=\"async\" class=\"alignleft\" src=\"https:\/\/encrypted-tbn0.gstatic.com\/images?q=tbn:ANd9GcT95ply98i2WV39QE_Z-Mb4Pot7ykkp2D2I-g&amp;s\" alt=\"Ludoteca Planeta Galeta\" width=\"108\" height=\"108\" \/><a href=\"https:\/\/agora.xtec.cat\/escolaseat\/wp-content\/uploads\/usu3041\/2024\/11\/unnamed.png\"><img loading=\"lazy\" decoding=\"async\" class=\"aligncenter wp-image-861\" src=\"https:\/\/agora.xtec.cat\/escolaseat\/wp-content\/uploads\/usu3041\/2024\/11\/unnamed.png\" alt=\"\" width=\"127\" height=\"67\" \/><\/a><\/p>\n","protected":false},"excerpt":{"rendered":"<p>Aqu\u00ed trobareu totes les activitats que fem a l&#8217;escola relacionades amb entitats del barri, aix\u00ed com els esdeveniments familiars m\u00e9s importants que s&#8217;organitzen al barri.<br \/>\nEntitats del barri amb les qu\u00e8 col\u00b7laborem<br \/>\n<a href=\"https:\/\/agora.xtec.cat\/escolaseat\/wp-content\/uploads\/usu3041\/2024\/11\/unnamed.png\"><\/a><\/p>\n","protected":false},"author":1,"featured_media":0,"parent":0,"menu_order":0,"comment_status":"closed","ping_status":"closed","template":"","meta":{"footnotes":""},"class_list":["post-886","page","type-page","status-publish","hentry"],"post_mailing_queue_ids":[],"_links":{"self":[{"href":"https:\/\/agora.xtec.cat\/escolaseat\/wp-json\/wp\/v2\/pages\/886","targetHints":{"allow":["GET"]}}],"collection":[{"href":"https:\/\/agora.xtec.cat\/escolaseat\/wp-json\/wp\/v2\/pages"}],"about":[{"href":"https:\/\/agora.xtec.cat\/escolaseat\/wp-json\/wp\/v2\/types\/page"}],"author":[{"embeddable":true,"href":"https:\/\/agora.xtec.cat\/escolaseat\/wp-json\/wp\/v2\/users\/1"}],"replies":[{"embeddable":true,"href":"https:\/\/agora.xtec.cat\/escolaseat\/wp-json\/wp\/v2\/comments?post=886"}],"version-history":[{"count":3,"href":"https:\/\/agora.xtec.cat\/escolaseat\/wp-json\/wp\/v2\/pages\/886\/revisions"}],"predecessor-version":[{"id":891,"href":"https:\/\/agora.xtec.cat\/escolaseat\/wp-json\/wp\/v2\/pages\/886\/revisions\/891"}],"wp:attachment":[{"href":"https:\/\/agora.xtec.cat\/escolaseat\/wp-json\/wp\/v2\/media?parent=886"}],"curies":[{"name":"wp","href":"https:\/\/api.w.org\/{rel}","templated":true}]}}