{"id":82,"date":"2014-09-18T14:10:51","date_gmt":"2014-09-18T13:10:51","guid":{"rendered":"http:\/\/agora.xtec.cat\/escolaseat\/?page_id=82"},"modified":"2026-04-16T10:21:07","modified_gmt":"2026-04-16T08:21:07","slug":"casal-destiu","status":"publish","type":"page","link":"https:\/\/agora.xtec.cat\/escolaseat\/serveis\/acollida\/casal-destiu\/","title":{"rendered":"Not\u00edcies menjador"},"content":{"rendered":"<p><a href=\"https:\/\/agora.xtec.cat\/escolaseat\/wp-content\/uploads\/usu3041\/2026\/04\/CARTELL-SANT-JORDI-seat--scaled.jpg\"><img loading=\"lazy\" decoding=\"async\" class=\"aligncenter  wp-image-3546\" src=\"https:\/\/agora.xtec.cat\/escolaseat\/wp-content\/uploads\/usu3041\/2026\/04\/CARTELL-SANT-JORDI-seat--scaled.jpg\" alt=\"\" width=\"481\" height=\"721\" srcset=\"https:\/\/agora.xtec.cat\/escolaseat\/wp-content\/uploads\/usu3041\/2026\/04\/CARTELL-SANT-JORDI-seat--scaled.jpg 1707w, https:\/\/agora.xtec.cat\/escolaseat\/wp-content\/uploads\/usu3041\/2026\/04\/CARTELL-SANT-JORDI-seat--200x300.jpg 200w, https:\/\/agora.xtec.cat\/escolaseat\/wp-content\/uploads\/usu3041\/2026\/04\/CARTELL-SANT-JORDI-seat--683x1024.jpg 683w, https:\/\/agora.xtec.cat\/escolaseat\/wp-content\/uploads\/usu3041\/2026\/04\/CARTELL-SANT-JORDI-seat--768x1152.jpg 768w, https:\/\/agora.xtec.cat\/escolaseat\/wp-content\/uploads\/usu3041\/2026\/04\/CARTELL-SANT-JORDI-seat--1024x1536.jpg 1024w, https:\/\/agora.xtec.cat\/escolaseat\/wp-content\/uploads\/usu3041\/2026\/04\/CARTELL-SANT-JORDI-seat--1365x2048.jpg 1365w\" sizes=\"auto, (max-width: 481px) 100vw, 481px\" \/><\/a><\/p>\n<p>&nbsp;<\/p>\n<p>&#8212;&#8212;&#8212;&#8212;&#8212;&#8212;&#8212;&#8212;&#8212;&#8212;&#8212;&#8212;&#8212;&#8212;&#8212;&#8212;&#8212;&#8212;&#8212;&#8212;&#8212;&#8212;&#8212;&#8212;&#8212;&#8212;&#8212;&#8212;&#8212;&#8212;&#8212;&#8212;&#8212;&#8212;&#8212;&#8212;&#8212;&#8212;&#8212;&#8212;&#8212;&#8212;&#8212;&#8212;&#8212;&#8212;&#8212;&#8212;&#8212;&#8212;&#8212;&#8212;&#8212;&#8212;&#8212;&#8212;&#8212;&#8212;&#8212;&#8212;&#8212;&#8212;&#8212;&#8212;&#8212;&#8212;&#8212;&#8212;&#8212;&#8212;&#8212;&#8212;&#8212;&#8212;&#8212;&#8212;&#8212;&#8212;&#8212;&#8212;&#8212;&#8212;&#8212;&#8212;&#8212;&#8212;<\/p>\n<p>Ja podeu consultar el <a href=\"https:\/\/agora.xtec.cat\/escolaseat\/general\/prova-2\/\" target=\"_blank\" rel=\"noopener\">pla per menjar millor als menjadors escolars<\/a>. Uns documents que us ajudaran a entendre millor al proposta de men\u00fas que oferim al menjador i que us donar\u00e0 eines per elaborar a casa uns \u00e0pats m\u00e9s nutritius i saludables.<\/p>\n<p>&nbsp;<\/p>\n","protected":false},"excerpt":{"rendered":"<p><a href=\"https:\/\/agora.xtec.cat\/escolaseat\/wp-content\/uploads\/usu3041\/2026\/04\/CARTELL-SANT-JORDI-seat--scaled.jpg\"><\/a><br \/>\n&nbsp;<br \/>\n&#8212;&#8212;&#8212;&#8212;&#8212;&#8212;&#8212;&#8212;&#8212;&#8212;&#8212;&#8212;&#8212;&#8212;&#8212;&#8212;&#8212;&#8212;&#8212;&#8212;&#8212;&#8212;&#8212;&#8212;&#8212;&#8212;&#8212;&#8212;&#8212;&#8212;&#8212;&#8212;&#8212;&#8212;&#8212;&#8212;&#8212;&#8212;&#8212;&#8212;&#8212;&#8212;&#8212;&#8212;&#8212;&#8212;&#8212;&#8212;&#8212;&#8212;&#8212;&#8212;&#8212;&#8212;&#8212;&#8212;&#8212;&#8212;&#8212;&#8212;&#8212;&#8212;&#8212;&#8212;&#8212;&#8212;&#8212;&#8212;&#8212;&#8212;&#8212;&#8212;&#8212;&#8212;&#8212;&#8212;&#8212;&#8212;&#8212;&#8212;&#8212;&#8212;&#8212;&#8212;&#8212;&#8212;<br \/>\nJa podeu consultar el <a href=\"https:\/\/agora.xtec.cat\/escolaseat\/general\/prova-2\/\" target=\"_blank\" rel=\"noopener\">pla per menjar millor als menjadors escolars<\/a>. Uns documents que us ajudaran a entendre millor al proposta de men\u00fas que oferim al menjador i que us donar\u00e0 eines per elaborar a casa uns \u00e0pats m\u00e9s nutritius i&hellip;  <a href=\"https:\/\/agora.xtec.cat\/escolaseat\/serveis\/acollida\/casal-destiu\/\" title=\"Read Not\u00edcies menjador\">Llegeix m\u00e9s\u00bb<\/a><\/p>\n","protected":false},"author":1,"featured_media":0,"parent":77,"menu_order":50,"comment_status":"closed","ping_status":"closed","template":"page-templates\/side-menu.php","meta":{"footnotes":""},"class_list":["post-82","page","type-page","status-publish","hentry"],"post_mailing_queue_ids":[],"_links":{"self":[{"href":"https:\/\/agora.xtec.cat\/escolaseat\/wp-json\/wp\/v2\/pages\/82","targetHints":{"allow":["GET"]}}],"collection":[{"href":"https:\/\/agora.xtec.cat\/escolaseat\/wp-json\/wp\/v2\/pages"}],"about":[{"href":"https:\/\/agora.xtec.cat\/escolaseat\/wp-json\/wp\/v2\/types\/page"}],"author":[{"embeddable":true,"href":"https:\/\/agora.xtec.cat\/escolaseat\/wp-json\/wp\/v2\/users\/1"}],"replies":[{"embeddable":true,"href":"https:\/\/agora.xtec.cat\/escolaseat\/wp-json\/wp\/v2\/comments?post=82"}],"version-history":[{"count":5,"href":"https:\/\/agora.xtec.cat\/escolaseat\/wp-json\/wp\/v2\/pages\/82\/revisions"}],"predecessor-version":[{"id":3547,"href":"https:\/\/agora.xtec.cat\/escolaseat\/wp-json\/wp\/v2\/pages\/82\/revisions\/3547"}],"up":[{"embeddable":true,"href":"https:\/\/agora.xtec.cat\/escolaseat\/wp-json\/wp\/v2\/pages\/77"}],"wp:attachment":[{"href":"https:\/\/agora.xtec.cat\/escolaseat\/wp-json\/wp\/v2\/media?parent=82"}],"curies":[{"name":"wp","href":"https:\/\/api.w.org\/{rel}","templated":true}]}}