{"id":82,"date":"2014-09-18T14:10:51","date_gmt":"2014-09-18T13:10:51","guid":{"rendered":"http:\/\/agora.xtec.cat\/escolasantvicenc\/?page_id=82"},"modified":"2024-03-07T11:50:54","modified_gmt":"2024-03-07T10:50:54","slug":"plaentornbagessud","status":"publish","type":"page","link":"https:\/\/agora.xtec.cat\/escolasantvicenc\/projectes-descola\/plaentornbagessud\/","title":{"rendered":"Pla de l&#8217;entorn Bages Sud"},"content":{"rendered":"<p><span id=\"goog_414066839\">La nostra escola forma part del\u00a0<\/span>Pla Educatiu\u00a0<span id=\"goog_414066836\"><\/span><span id=\"goog_414066837\"><\/span>d&#8217;Entorn<span id=\"goog_414066840\"><\/span>\u00a0del Bages Sud.<\/p>\n<div>\n<p>A m\u00e9s a m\u00e9s de les escoles i instituts del nostre municipi (Escola Bressol El Niu, Escola de M\u00fasica, Escola FEDAC Sant Vicen\u00e7, Escola PuigSoler i Institut Castellet), tamb\u00e9 en formen part les escoles i instituts de Castellgal\u00ed, Castellbell i Vilar, Monistrol de Montserrat i el Pont de Vilomara i Rocafort.<\/p>\n<p><a href=\"http:\/\/bagessudpee.svc.cat\" target=\"_blank\" rel=\"noopener\"><img loading=\"lazy\" decoding=\"async\" class=\"wp-image-538 aligncenter\" src=\"https:\/\/agora.xtec.cat\/escolasantvicenc\/wp-content\/uploads\/usu2936\/2024\/02\/cropped-PEE-Bages-Sud_marca_color_horitzontal_RGB-2-1024x576.jpg\" alt=\"\" width=\"228\" height=\"128\" srcset=\"https:\/\/agora.xtec.cat\/escolasantvicenc\/wp-content\/uploads\/usu2936\/2024\/02\/cropped-PEE-Bages-Sud_marca_color_horitzontal_RGB-2-1024x576.jpg 1024w, https:\/\/agora.xtec.cat\/escolasantvicenc\/wp-content\/uploads\/usu2936\/2024\/02\/cropped-PEE-Bages-Sud_marca_color_horitzontal_RGB-2-300x169.jpg 300w, https:\/\/agora.xtec.cat\/escolasantvicenc\/wp-content\/uploads\/usu2936\/2024\/02\/cropped-PEE-Bages-Sud_marca_color_horitzontal_RGB-2-768x432.jpg 768w, https:\/\/agora.xtec.cat\/escolasantvicenc\/wp-content\/uploads\/usu2936\/2024\/02\/cropped-PEE-Bages-Sud_marca_color_horitzontal_RGB-2-1536x865.jpg 1536w, https:\/\/agora.xtec.cat\/escolasantvicenc\/wp-content\/uploads\/usu2936\/2024\/02\/cropped-PEE-Bages-Sud_marca_color_horitzontal_RGB-2.jpg 1922w\" sizes=\"auto, (max-width: 228px) 100vw, 228px\" \/><\/a><\/p>\n<\/div>\n","protected":false},"excerpt":{"rendered":"<p>La nostra escola forma part del\u00a0Pla Educatiu\u00a0d&#8217;Entorn\u00a0del Bages Sud.<\/p>\n<p>A m\u00e9s a m\u00e9s de les escoles i instituts del nostre municipi (Escola Bressol El Niu, Escola de M\u00fasica, Escola FEDAC Sant Vicen\u00e7, Escola PuigSoler i Institut Castellet), tamb\u00e9 en formen part les escoles i instituts de&hellip;  <a href=\"https:\/\/agora.xtec.cat\/escolasantvicenc\/projectes-descola\/plaentornbagessud\/\" title=\"Read Pla de l&#8217;entorn Bages Sud\">Llegeix m\u00e9s\u00bb<\/a><\/p>\n","protected":false},"author":1,"featured_media":0,"parent":572,"menu_order":50,"comment_status":"closed","ping_status":"closed","template":"page-templates\/side-menu.php","meta":{"_bbp_topic_count":0,"_bbp_reply_count":0,"_bbp_total_topic_count":0,"_bbp_total_reply_count":0,"_bbp_voice_count":0,"_bbp_anonymous_reply_count":0,"_bbp_topic_count_hidden":0,"_bbp_reply_count_hidden":0,"_bbp_forum_subforum_count":0,"footnotes":""},"class_list":["post-82","page","type-page","status-publish","hentry"],"post_mailing_queue_ids":[],"_links":{"self":[{"href":"https:\/\/agora.xtec.cat\/escolasantvicenc\/wp-json\/wp\/v2\/pages\/82","targetHints":{"allow":["GET"]}}],"collection":[{"href":"https:\/\/agora.xtec.cat\/escolasantvicenc\/wp-json\/wp\/v2\/pages"}],"about":[{"href":"https:\/\/agora.xtec.cat\/escolasantvicenc\/wp-json\/wp\/v2\/types\/page"}],"author":[{"embeddable":true,"href":"https:\/\/agora.xtec.cat\/escolasantvicenc\/wp-json\/wp\/v2\/users\/1"}],"replies":[{"embeddable":true,"href":"https:\/\/agora.xtec.cat\/escolasantvicenc\/wp-json\/wp\/v2\/comments?post=82"}],"version-history":[{"count":3,"href":"https:\/\/agora.xtec.cat\/escolasantvicenc\/wp-json\/wp\/v2\/pages\/82\/revisions"}],"predecessor-version":[{"id":550,"href":"https:\/\/agora.xtec.cat\/escolasantvicenc\/wp-json\/wp\/v2\/pages\/82\/revisions\/550"}],"up":[{"embeddable":true,"href":"https:\/\/agora.xtec.cat\/escolasantvicenc\/wp-json\/wp\/v2\/pages\/572"}],"wp:attachment":[{"href":"https:\/\/agora.xtec.cat\/escolasantvicenc\/wp-json\/wp\/v2\/media?parent=82"}],"curies":[{"name":"wp","href":"https:\/\/api.w.org\/{rel}","templated":true}]}}