{"id":71,"date":"2021-11-21T12:44:56","date_gmt":"2021-11-21T11:44:56","guid":{"rendered":"http:\/\/agora.xtec.cat\/escolasantvi\/?page_id=71"},"modified":"2022-02-17T17:10:40","modified_gmt":"2022-02-17T16:10:40","slug":"classroom","status":"publish","type":"page","link":"https:\/\/agora.xtec.cat\/escolasantvi\/projecte-educatiu\/classroom\/","title":{"rendered":"Projecte Aules Virtuals"},"content":{"rendered":"<h5>Cada grup classe t\u00e9 una aula virtual anomenada <strong>Classroom<\/strong>. Quan les nenes i els nens s\u00f3n petits, els pares i les mares hi accedeixen per veure les activitats i fotografies.<\/h5>\n<h5>A partir de segon de Prim\u00e0ria els infants aprenen a accedir-hi i tamb\u00e9 a utilitzar el correu electr\u00f2nic, el Drive, les videoconfer\u00e8ncies i a fer les tasques de l&#8217;aula virtual.<\/h5>\n<h5>Per accedir a l&#8217;aula virtual cada alumne\/a t\u00e9 un mail <strong>@escolasantvi.cat<\/strong><\/h5>\n<p><a href=\"https:\/\/drive.google.com\/file\/d\/1ONO2zA3V42A_CRrzhoDK63WaD9-BQUfQ\/view?usp=sharing\"><img loading=\"lazy\" decoding=\"async\" class=\"wp-image-3205 alignleft\" src=\"https:\/\/agora.xtec.cat\/escolasantvi\/wp-content\/uploads\/usu1759\/2020\/11\/portada-tutorial-classroom-300x166.png\" alt=\"\" width=\"549\" height=\"304\" srcset=\"https:\/\/agora.xtec.cat\/escolasantvi\/wp-content\/uploads\/usu1759\/2020\/11\/portada-tutorial-classroom-300x166.png 300w, https:\/\/agora.xtec.cat\/escolasantvi\/wp-content\/uploads\/usu1759\/2020\/11\/portada-tutorial-classroom-768x426.png 768w, https:\/\/agora.xtec.cat\/escolasantvi\/wp-content\/uploads\/usu1759\/2020\/11\/portada-tutorial-classroom.png 784w\" sizes=\"auto, (max-width: 549px) 100vw, 549px\" \/><\/a><\/p>\n<p>&nbsp;<\/p>\n<p>&nbsp;<\/p>\n<p>&nbsp;<\/p>\n<p>&nbsp;<\/p>\n<p>&nbsp;<\/p>\n<p>&nbsp;<\/p>\n<p><a href=\"https:\/\/drive.google.com\/file\/d\/1ONO2zA3V42A_CRrzhoDK63WaD9-BQUfQ\/view?usp=sharing\">(Clica per veure el tutorial)<\/a><\/p>\n<blockquote class=\"twitter-tweet\" data-width=\"500\" data-dnt=\"true\">\n<p lang=\"ca\" dir=\"ltr\">Ara mateix. 2n treballa <a href=\"https:\/\/twitter.com\/hashtag\/scratchjunior?src=hash&amp;ref_src=twsrc%5Etfw\">#scratchjunior<\/a> i el correu electr\u00f2nic propi <a href=\"https:\/\/twitter.com\/santvimollet?ref_src=twsrc%5Etfw\">@santvimollet<\/a> <a href=\"https:\/\/twitter.com\/hashtag\/internetsegura?src=hash&amp;ref_src=twsrc%5Etfw\">#internetsegura<\/a> <a href=\"https:\/\/twitter.com\/hashtag\/TAC?src=hash&amp;ref_src=twsrc%5Etfw\">#TAC<\/a> <a href=\"https:\/\/twitter.com\/ajmollet?ref_src=twsrc%5Etfw\">@ajmollet<\/a> <a href=\"https:\/\/t.co\/G4XWf84SfZ\">pic.twitter.com\/G4XWf84SfZ<\/a><\/p>\n<p>&mdash; Escola Sant Vicen\u00e7 (@santvimollet) <a href=\"https:\/\/twitter.com\/santvimollet\/status\/1230808670293970944?ref_src=twsrc%5Etfw\">February 21, 2020<\/a><\/p><\/blockquote>\n<p><script async src=\"https:\/\/platform.twitter.com\/widgets.js\" charset=\"utf-8\"><\/script><\/p>\n","protected":false},"excerpt":{"rendered":"<p>Cada grup classe t\u00e9 una aula virtual anomenada Classroom. Quan les nenes i els nens s\u00f3n petits, els pares i [&hellip;]<\/p>\n","protected":false},"author":1,"featured_media":0,"parent":64,"menu_order":3,"comment_status":"closed","ping_status":"closed","template":"page-templates\/side-menu.php","meta":{"_bbp_topic_count":0,"_bbp_reply_count":0,"_bbp_total_topic_count":0,"_bbp_total_reply_count":0,"_bbp_voice_count":0,"_bbp_anonymous_reply_count":0,"_bbp_topic_count_hidden":0,"_bbp_reply_count_hidden":0,"_bbp_forum_subforum_count":0,"site-sidebar-layout":"default","site-content-layout":"","ast-site-content-layout":"","site-content-style":"default","site-sidebar-style":"default","ast-global-header-display":"","ast-banner-title-visibility":"","ast-main-header-display":"","ast-hfb-above-header-display":"","ast-hfb-below-header-display":"","ast-hfb-mobile-header-display":"","site-post-title":"","ast-breadcrumbs-content":"","ast-featured-img":"","footer-sml-layout":"","theme-transparent-header-meta":"","adv-header-id-meta":"","stick-header-meta":"","header-above-stick-meta":"","header-main-stick-meta":"","header-below-stick-meta":"","astra-migrate-meta-layouts":"default","ast-page-background-enabled":"default","ast-page-background-meta":{"desktop":{"background-color":"var(--ast-global-color-4)","background-image":"","background-repeat":"repeat","background-position":"center center","background-size":"auto","background-attachment":"scroll","background-type":"","background-media":"","overlay-type":"","overlay-color":"","overlay-opacity":"","overlay-gradient":""},"tablet":{"background-color":"","background-image":"","background-repeat":"repeat","background-position":"center center","background-size":"auto","background-attachment":"scroll","background-type":"","background-media":"","overlay-type":"","overlay-color":"","overlay-opacity":"","overlay-gradient":""},"mobile":{"background-color":"","background-image":"","background-repeat":"repeat","background-position":"center center","background-size":"auto","background-attachment":"scroll","background-type":"","background-media":"","overlay-type":"","overlay-color":"","overlay-opacity":"","overlay-gradient":""}},"ast-content-background-meta":{"desktop":{"background-color":"var(--ast-global-color-5)","background-image":"","background-repeat":"repeat","background-position":"center center","background-size":"auto","background-attachment":"scroll","background-type":"","background-media":"","overlay-type":"","overlay-color":"","overlay-opacity":"","overlay-gradient":""},"tablet":{"background-color":"var(--ast-global-color-5)","background-image":"","background-repeat":"repeat","background-position":"center center","background-size":"auto","background-attachment":"scroll","background-type":"","background-media":"","overlay-type":"","overlay-color":"","overlay-opacity":"","overlay-gradient":""},"mobile":{"background-color":"var(--ast-global-color-5)","background-image":"","background-repeat":"repeat","background-position":"center center","background-size":"auto","background-attachment":"scroll","background-type":"","background-media":"","overlay-type":"","overlay-color":"","overlay-opacity":"","overlay-gradient":""}},"footnotes":""},"class_list":["post-71","page","type-page","status-publish","hentry"],"post_mailing_queue_ids":[],"_links":{"self":[{"href":"https:\/\/agora.xtec.cat\/escolasantvi\/wp-json\/wp\/v2\/pages\/71","targetHints":{"allow":["GET"]}}],"collection":[{"href":"https:\/\/agora.xtec.cat\/escolasantvi\/wp-json\/wp\/v2\/pages"}],"about":[{"href":"https:\/\/agora.xtec.cat\/escolasantvi\/wp-json\/wp\/v2\/types\/page"}],"author":[{"embeddable":true,"href":"https:\/\/agora.xtec.cat\/escolasantvi\/wp-json\/wp\/v2\/users\/1"}],"replies":[{"embeddable":true,"href":"https:\/\/agora.xtec.cat\/escolasantvi\/wp-json\/wp\/v2\/comments?post=71"}],"version-history":[{"count":3,"href":"https:\/\/agora.xtec.cat\/escolasantvi\/wp-json\/wp\/v2\/pages\/71\/revisions"}],"predecessor-version":[{"id":3606,"href":"https:\/\/agora.xtec.cat\/escolasantvi\/wp-json\/wp\/v2\/pages\/71\/revisions\/3606"}],"up":[{"embeddable":true,"href":"https:\/\/agora.xtec.cat\/escolasantvi\/wp-json\/wp\/v2\/pages\/64"}],"wp:attachment":[{"href":"https:\/\/agora.xtec.cat\/escolasantvi\/wp-json\/wp\/v2\/media?parent=71"}],"curies":[{"name":"wp","href":"https:\/\/api.w.org\/{rel}","templated":true}]}}