{"id":3353,"date":"2018-11-26T17:19:05","date_gmt":"2018-11-26T16:19:05","guid":{"rendered":"http:\/\/agora.xtec.cat\/escolasantsadurni\/?page_id=3353"},"modified":"2025-02-20T13:24:10","modified_gmt":"2025-02-20T12:24:10","slug":"festival-de-final-de-curs","status":"publish","type":"page","link":"https:\/\/agora.xtec.cat\/escolasantsadurni\/festes\/festival-de-final-de-curs\/","title":{"rendered":"Festival de Final de Curs"},"content":{"rendered":"<p>Quan arriba la fi del curs, alumnes i mestres s&#8217;acomiaden de les fam\u00edlies i els companys\/es amb un festival. Els nens i nenes preparen danses i les escenifiquen. I els m\u00e9s grans de l&#8217;escola, els i les alumnes de 6\u00e8, representen una obra de Teatre que han estat preparant durant molts dies. Tamb\u00e9 hi ha repartiment d&#8217;orles a I-5 i a 6\u00e8, un record que mai s&#8217;oblidar\u00e0!<\/p>\n<p><img loading=\"lazy\" decoding=\"async\" class=\"alignright size-medium wp-image-14653\" src=\"https:\/\/agora.xtec.cat\/escolasantsadurni\/wp-content\/uploads\/usu1491\/2025\/02\/IMG-20250219-WA0009-300x225.jpg\" alt=\"\" width=\"300\" height=\"225\" srcset=\"https:\/\/agora.xtec.cat\/escolasantsadurni\/wp-content\/uploads\/usu1491\/2025\/02\/IMG-20250219-WA0009-300x225.jpg 300w, https:\/\/agora.xtec.cat\/escolasantsadurni\/wp-content\/uploads\/usu1491\/2025\/02\/IMG-20250219-WA0009-1024x768.jpg 1024w, https:\/\/agora.xtec.cat\/escolasantsadurni\/wp-content\/uploads\/usu1491\/2025\/02\/IMG-20250219-WA0009-768x576.jpg 768w, https:\/\/agora.xtec.cat\/escolasantsadurni\/wp-content\/uploads\/usu1491\/2025\/02\/IMG-20250219-WA0009-1536x1152.jpg 1536w, https:\/\/agora.xtec.cat\/escolasantsadurni\/wp-content\/uploads\/usu1491\/2025\/02\/IMG-20250219-WA0009-200x150.jpg 200w, https:\/\/agora.xtec.cat\/escolasantsadurni\/wp-content\/uploads\/usu1491\/2025\/02\/IMG-20250219-WA0009.jpg 2000w\" sizes=\"auto, (max-width: 300px) 100vw, 300px\" \/> <img loading=\"lazy\" decoding=\"async\" class=\"size-medium wp-image-14654 alignleft\" src=\"https:\/\/agora.xtec.cat\/escolasantsadurni\/wp-content\/uploads\/usu1491\/2025\/02\/IMG-20250219-WA0023-300x225.jpg\" alt=\"\" width=\"300\" height=\"225\" srcset=\"https:\/\/agora.xtec.cat\/escolasantsadurni\/wp-content\/uploads\/usu1491\/2025\/02\/IMG-20250219-WA0023-300x225.jpg 300w, https:\/\/agora.xtec.cat\/escolasantsadurni\/wp-content\/uploads\/usu1491\/2025\/02\/IMG-20250219-WA0023-1024x768.jpg 1024w, https:\/\/agora.xtec.cat\/escolasantsadurni\/wp-content\/uploads\/usu1491\/2025\/02\/IMG-20250219-WA0023-768x576.jpg 768w, https:\/\/agora.xtec.cat\/escolasantsadurni\/wp-content\/uploads\/usu1491\/2025\/02\/IMG-20250219-WA0023-1536x1152.jpg 1536w, https:\/\/agora.xtec.cat\/escolasantsadurni\/wp-content\/uploads\/usu1491\/2025\/02\/IMG-20250219-WA0023-200x150.jpg 200w, https:\/\/agora.xtec.cat\/escolasantsadurni\/wp-content\/uploads\/usu1491\/2025\/02\/IMG-20250219-WA0023.jpg 2048w\" sizes=\"auto, (max-width: 300px) 100vw, 300px\" \/><\/p>\n<p style=\"text-align: center;\">\n","protected":false},"excerpt":{"rendered":"<p>Quan arriba la fi del curs, alumnes i mestres s&#8217;acomiaden de les fam\u00edlies i els companys\/es amb un festival. Els nens i nenes preparen danses i les escenifiquen. I els m\u00e9s grans de l&#8217;escola, els i les alumnes de 6\u00e8, representen una obra de Teatre&hellip;  <a href=\"https:\/\/agora.xtec.cat\/escolasantsadurni\/festes\/festival-de-final-de-curs\/\" title=\"Read Festival de Final de Curs\">Llegeix m\u00e9s\u00bb<\/a><\/p>\n","protected":false},"author":1,"featured_media":0,"parent":3267,"menu_order":70,"comment_status":"closed","ping_status":"closed","template":"page-templates\/side-menu.php","meta":{"_bbp_topic_count":0,"_bbp_reply_count":0,"_bbp_total_topic_count":0,"_bbp_total_reply_count":0,"_bbp_voice_count":0,"_bbp_anonymous_reply_count":0,"_bbp_topic_count_hidden":0,"_bbp_reply_count_hidden":0,"_bbp_forum_subforum_count":0,"footnotes":""},"class_list":["post-3353","page","type-page","status-publish","hentry"],"post_mailing_queue_ids":[],"_links":{"self":[{"href":"https:\/\/agora.xtec.cat\/escolasantsadurni\/wp-json\/wp\/v2\/pages\/3353","targetHints":{"allow":["GET"]}}],"collection":[{"href":"https:\/\/agora.xtec.cat\/escolasantsadurni\/wp-json\/wp\/v2\/pages"}],"about":[{"href":"https:\/\/agora.xtec.cat\/escolasantsadurni\/wp-json\/wp\/v2\/types\/page"}],"author":[{"embeddable":true,"href":"https:\/\/agora.xtec.cat\/escolasantsadurni\/wp-json\/wp\/v2\/users\/1"}],"replies":[{"embeddable":true,"href":"https:\/\/agora.xtec.cat\/escolasantsadurni\/wp-json\/wp\/v2\/comments?post=3353"}],"version-history":[{"count":6,"href":"https:\/\/agora.xtec.cat\/escolasantsadurni\/wp-json\/wp\/v2\/pages\/3353\/revisions"}],"predecessor-version":[{"id":14656,"href":"https:\/\/agora.xtec.cat\/escolasantsadurni\/wp-json\/wp\/v2\/pages\/3353\/revisions\/14656"}],"up":[{"embeddable":true,"href":"https:\/\/agora.xtec.cat\/escolasantsadurni\/wp-json\/wp\/v2\/pages\/3267"}],"wp:attachment":[{"href":"https:\/\/agora.xtec.cat\/escolasantsadurni\/wp-json\/wp\/v2\/media?parent=3353"}],"curies":[{"name":"wp","href":"https:\/\/api.w.org\/{rel}","templated":true}]}}