{"id":3324,"date":"2018-11-20T19:01:57","date_gmt":"2018-11-20T18:01:57","guid":{"rendered":"http:\/\/agora.xtec.cat\/escolasantsadurni\/?page_id=3324"},"modified":"2025-02-21T15:49:06","modified_gmt":"2025-02-21T14:49:06","slug":"carnaval","status":"publish","type":"page","link":"https:\/\/agora.xtec.cat\/escolasantsadurni\/festes\/carnaval\/","title":{"rendered":"Carnaval"},"content":{"rendered":"<p>El Carnestoltes \u00e9s una de les festes anuals m\u00e9s esperades per tots els nens i nenes de l&#8217;escola. \u00c9s una celebraci\u00f3 molt antiga que ha evolucionat al llarg dels anys i que actualment se celebra a moltes parts del m\u00f3n.<\/p>\n<p>Aquesta festivitat s&#8217;inicia amb l&#8217;arribada del Dijous Gras i del Rei Carnestoltes, i finalitza el Dimecres de Cendra amb l&#8217;enterrament de la sardina.<\/p>\n<p>Al nostre centre, aquesta festa se celebra ballant i cantant al pati. La setmana de Carnaval seguim les consignes ordenades pel Rei Carnestoltes. Els nens i nenes es disfressen lliurement i l&#8217;alumnat preparara danses per a representar davant de la resta de companys i companyes.<\/p>\n<p>A m\u00e9s, posteriorment es fa la tradici\u00f3 de la Vella Quaresma, que \u00e9s una dona de set cames que ens regala menjar i que ens indica el temps que manca per a arribar a la primavera.<\/p>\n<p><img loading=\"lazy\" decoding=\"async\" class=\"size-medium wp-image-14752 aligncenter\" src=\"https:\/\/agora.xtec.cat\/escolasantsadurni\/wp-content\/uploads\/usu1491\/2025\/02\/Captura1-2-210x300.jpg\" alt=\"\" width=\"210\" height=\"300\" srcset=\"https:\/\/agora.xtec.cat\/escolasantsadurni\/wp-content\/uploads\/usu1491\/2025\/02\/Captura1-2-210x300.jpg 210w, https:\/\/agora.xtec.cat\/escolasantsadurni\/wp-content\/uploads\/usu1491\/2025\/02\/Captura1-2.jpg 477w\" sizes=\"auto, (max-width: 210px) 100vw, 210px\" \/><\/p>\n","protected":false},"excerpt":{"rendered":"<p>El Carnestoltes \u00e9s una de les festes anuals m\u00e9s esperades per tots els nens i nenes de l&#8217;escola. \u00c9s una celebraci\u00f3 molt antiga que ha evolucionat al llarg dels anys i que actualment se celebra a moltes parts del m\u00f3n.<br \/>\nAquesta festivitat s&#8217;inicia amb l&#8217;arribada del&hellip;  <a href=\"https:\/\/agora.xtec.cat\/escolasantsadurni\/festes\/carnaval\/\" title=\"Read Carnaval\">Llegeix m\u00e9s\u00bb<\/a><\/p>\n","protected":false},"author":1,"featured_media":0,"parent":3267,"menu_order":40,"comment_status":"closed","ping_status":"closed","template":"page-templates\/side-menu.php","meta":{"_bbp_topic_count":0,"_bbp_reply_count":0,"_bbp_total_topic_count":0,"_bbp_total_reply_count":0,"_bbp_voice_count":0,"_bbp_anonymous_reply_count":0,"_bbp_topic_count_hidden":0,"_bbp_reply_count_hidden":0,"_bbp_forum_subforum_count":0,"footnotes":""},"class_list":["post-3324","page","type-page","status-publish","hentry"],"post_mailing_queue_ids":[],"_links":{"self":[{"href":"https:\/\/agora.xtec.cat\/escolasantsadurni\/wp-json\/wp\/v2\/pages\/3324","targetHints":{"allow":["GET"]}}],"collection":[{"href":"https:\/\/agora.xtec.cat\/escolasantsadurni\/wp-json\/wp\/v2\/pages"}],"about":[{"href":"https:\/\/agora.xtec.cat\/escolasantsadurni\/wp-json\/wp\/v2\/types\/page"}],"author":[{"embeddable":true,"href":"https:\/\/agora.xtec.cat\/escolasantsadurni\/wp-json\/wp\/v2\/users\/1"}],"replies":[{"embeddable":true,"href":"https:\/\/agora.xtec.cat\/escolasantsadurni\/wp-json\/wp\/v2\/comments?post=3324"}],"version-history":[{"count":5,"href":"https:\/\/agora.xtec.cat\/escolasantsadurni\/wp-json\/wp\/v2\/pages\/3324\/revisions"}],"predecessor-version":[{"id":14753,"href":"https:\/\/agora.xtec.cat\/escolasantsadurni\/wp-json\/wp\/v2\/pages\/3324\/revisions\/14753"}],"up":[{"embeddable":true,"href":"https:\/\/agora.xtec.cat\/escolasantsadurni\/wp-json\/wp\/v2\/pages\/3267"}],"wp:attachment":[{"href":"https:\/\/agora.xtec.cat\/escolasantsadurni\/wp-json\/wp\/v2\/media?parent=3324"}],"curies":[{"name":"wp","href":"https:\/\/api.w.org\/{rel}","templated":true}]}}