{"id":32,"date":"2014-09-18T12:31:33","date_gmt":"2014-09-18T11:31:33","guid":{"rendered":"http:\/\/agora.xtec.cat\/escolasantsadurni\/?page_id=32"},"modified":"2025-07-03T09:14:08","modified_gmt":"2025-07-03T07:14:08","slug":"calendari-del-curs","status":"publish","type":"page","link":"https:\/\/agora.xtec.cat\/escolasantsadurni\/calendari-del-curs\/","title":{"rendered":"Calendari del curs"},"content":{"rendered":"<h4><a href=\"https:\/\/agora.xtec.cat\/escolasantsadurni\/wp-content\/uploads\/usu1491\/2025\/07\/Calendari-Escolar-Curs-2025-2026.pdf\" target=\"_blank\" rel=\"noopener\"><img loading=\"lazy\" decoding=\"async\" class=\"aligncenter wp-image-15063\" src=\"https:\/\/agora.xtec.cat\/escolasantsadurni\/wp-content\/uploads\/usu1491\/2025\/07\/Captura-de-pantalla-2025-07-02-a-les-19.55.01-220x300.png\" alt=\"\" width=\"149\" height=\"203\" srcset=\"https:\/\/agora.xtec.cat\/escolasantsadurni\/wp-content\/uploads\/usu1491\/2025\/07\/Captura-de-pantalla-2025-07-02-a-les-19.55.01-220x300.png 220w, https:\/\/agora.xtec.cat\/escolasantsadurni\/wp-content\/uploads\/usu1491\/2025\/07\/Captura-de-pantalla-2025-07-02-a-les-19.55.01-752x1024.png 752w, https:\/\/agora.xtec.cat\/escolasantsadurni\/wp-content\/uploads\/usu1491\/2025\/07\/Captura-de-pantalla-2025-07-02-a-les-19.55.01-768x1046.png 768w, https:\/\/agora.xtec.cat\/escolasantsadurni\/wp-content\/uploads\/usu1491\/2025\/07\/Captura-de-pantalla-2025-07-02-a-les-19.55.01.png 918w\" sizes=\"auto, (max-width: 149px) 100vw, 149px\" \/><\/a><\/h4>\n<h4 style=\"text-align: center;\"><a href=\"https:\/\/agora.xtec.cat\/escolasantsadurni\/wp-content\/uploads\/usu1491\/2025\/07\/Calendari-Escolar-Curs-2025-2026.pdf\">Calendari Escolar Curs 2025-2026<\/a><\/h4>\n<p><strong style=\"color: #008080; font-size: 1.125em;\">Inici de curs 2025\/26:<\/strong><\/p>\n<div class=\"entry-content\" style=\"text-align: left;\">\n<p>8 de setembre de 2025.<\/p>\n<p><strong>ADAPTACI\u00d3 A I3<\/strong>: del 8 al 10 de setembre de 2025.<\/p>\n<h4><span style=\"color: #008080;\"><strong>Vacances:<\/strong><\/span><\/h4>\n<p><strong>NADAL: <\/strong>del <strong>20 de desembre<\/strong> de 2025 al <strong>7 de gener<\/strong> de 2026, ambd\u00f3s inclosos.<\/p>\n<p><strong>SETMANA SANTA: <\/strong>del <strong>28 de mar\u00e7 al 6 d\u2019abri<\/strong>l de 2026, ambd\u00f3s inclosos.<\/p>\n<h4><span style=\"color: #008080;\"><strong>Dies festius<\/strong>:<\/span><\/h4>\n<p>11 de setembre, 22 de setembre (festa local), 1 de desembre (festa local), 8 de desembre,1 de maig i 24 de juny.<\/p>\n<p><strong style=\"color: #008080; font-size: 1.125em;\">Dies festius de lliure disposici\u00f3 acordats pel Consell Escolar Municipal:<\/strong><\/p>\n<\/div>\n<div class=\"entry-content\" style=\"text-align: left;\">\n<div class=\"layoutArea\">\n<div class=\"column\">\n<p>Divendres 31 d\u2019octubre de 2025.<\/p>\n<p>Dilluns 16 de febrer de 2026.<\/p>\n<p>Dijous 30 d&#8217;abril de 2026.<\/p>\n<p>Dilluns 25 de maig de2026.<\/p>\n<h4 style=\"text-align: left;\"><strong style=\"color: #008080; font-family: inherit; font-size: 1em;\">COL\u00d2NIES<\/strong><\/h4>\n<\/div>\n<\/div>\n<\/div>\n<div class=\"entry-content\">\n<div class=\"layoutArea\" style=\"text-align: left;\">\n<div class=\"column\">\n<p>Col\u00f2nies (2n, 4t i 6\u00e8): del <strong>20 al 22 de maig<\/strong> a la Casa de col\u00f2nies Can Miquel\u00f3 (Sant Mart\u00ed de Cap Centelles).<\/p>\n<h4 style=\"text-align: left;\"><span style=\"color: #008080;\"><strong>SORTIDES<\/strong><\/span><\/h4>\n<h4><strong><span style=\"text-decoration: underline; color: #008080;\">Educaci\u00f3 infantil<\/span><\/strong><\/h4>\n<p><strong>24 d&#8217;octubre<\/strong>: La Granja (Santa Mar\u00eda de Palautordera).<\/p>\n<p><strong>13 de mar\u00e7<\/strong>: Casa de col\u00f2nies Mogent (Llinars del Vall\u00e8s): <strong>Cultura popular catalana<\/strong>.<\/p>\n<p><strong>24 d&#8217;abril<\/strong>: Can Ribas (Bigues i Riells).<\/p>\n<h4><strong><span style=\"text-decoration: underline; color: #008080;\">Educaci\u00f3 prim\u00e0ria<\/span><\/strong><\/h4>\n<p><strong>21 de novembre: <\/strong>Casa de col\u00f2nies Mogent (Llinars del Vall\u00e8s): <strong>Cultura popular catalana.<\/strong><\/p>\n<p><strong>24 d&#8217;abril<\/strong>: Can Ribas (Bigues i Riells).<\/p>\n<p><strong>22 de maig:<\/strong> Can Putxet (Sant Celoni). <strong>Grups de 1r, 3r i 5\u00e8<\/strong>.<\/p>\n<p>&nbsp;<\/p>\n<h4><strong style=\"color: #008080; font-size: 1.125em;\">Jornada intensiva:<\/strong><\/h4>\n<\/div>\n<\/div>\n<p style=\"text-align: left;\">19 de desembre de 2025.<\/p>\n<p style=\"text-align: left;\">Del 8 al 19 de juny (ambd\u00f3s inclosos).<\/p>\n<p style=\"text-align: left;\">L\u2019<b>horari lectiu<\/b> del centre \u00e9s de 9 a 12:30 h i de 15:00 a 16:30 h. L\u2019horari lectiu de jornada intensiva \u00e9s de 9 a 13h.<em><br \/>\n<\/em><\/p>\n<p style=\"text-align: left;\">Per als alumnes que inicien l\u2019escolaritzaci\u00f3 a I3 s\u2019organitza un breu per\u00edode d\u2019adaptaci\u00f3 que suposa una certa modificaci\u00f3 dels horaris dels tres primers dies de classe, i que es fa saber a les fam\u00edlies en les reunions pr\u00e8vies corresponents.<\/p>\n<h4 style=\"text-align: left;\"><a href=\"https:\/\/agora.xtec.cat\/escolasantsadurni\/wp-content\/uploads\/usu1491\/2025\/07\/Calendari-Escolar-Curs-2025-2026.pdf\">Calendari Escolar Curs 2025-2026<\/a><\/h4>\n<\/div>\n<p>&nbsp;<\/p>\n<p>&nbsp;<\/p>\n<p>&nbsp;<\/p>\n<p>&nbsp;<\/p>\n","protected":false},"excerpt":{"rendered":"<p><a href=\"https:\/\/agora.xtec.cat\/escolasantsadurni\/wp-content\/uploads\/usu1491\/2025\/07\/Calendari-Escolar-Curs-2025-2026.pdf\" target=\"_blank\" rel=\"noopener\"><\/a><br \/>\n<a href=\"https:\/\/agora.xtec.cat\/escolasantsadurni\/wp-content\/uploads\/usu1491\/2025\/07\/Calendari-Escolar-Curs-2025-2026.pdf\">Calendari Escolar Curs 2025-2026<\/a><br \/>\nInici de curs 2025\/26:<\/p>\n<p>8 de setembre de 2025.<br \/>\nADAPTACI\u00d3 A I3: del 8 al 10 de setembre de 2025.<br \/>\nVacances:<br \/>\nNADAL: del 20 de desembre de 2025 al 7 de gener de 2026, ambd\u00f3s inclosos.<br \/>\nSETMANA SANTA: del 28 de mar\u00e7 al&hellip;  <a href=\"https:\/\/agora.xtec.cat\/escolasantsadurni\/calendari-del-curs\/\" title=\"Read Calendari del curs\">Llegeix m\u00e9s\u00bb<\/a><\/p>\n","protected":false},"author":1,"featured_media":0,"parent":0,"menu_order":50,"comment_status":"closed","ping_status":"closed","template":"page-templates\/side-menu.php","meta":{"_bbp_topic_count":0,"_bbp_reply_count":0,"_bbp_total_topic_count":0,"_bbp_total_reply_count":0,"_bbp_voice_count":0,"_bbp_anonymous_reply_count":0,"_bbp_topic_count_hidden":0,"_bbp_reply_count_hidden":0,"_bbp_forum_subforum_count":0,"footnotes":""},"class_list":["post-32","page","type-page","status-publish","hentry"],"post_mailing_queue_ids":[],"_links":{"self":[{"href":"https:\/\/agora.xtec.cat\/escolasantsadurni\/wp-json\/wp\/v2\/pages\/32","targetHints":{"allow":["GET"]}}],"collection":[{"href":"https:\/\/agora.xtec.cat\/escolasantsadurni\/wp-json\/wp\/v2\/pages"}],"about":[{"href":"https:\/\/agora.xtec.cat\/escolasantsadurni\/wp-json\/wp\/v2\/types\/page"}],"author":[{"embeddable":true,"href":"https:\/\/agora.xtec.cat\/escolasantsadurni\/wp-json\/wp\/v2\/users\/1"}],"replies":[{"embeddable":true,"href":"https:\/\/agora.xtec.cat\/escolasantsadurni\/wp-json\/wp\/v2\/comments?post=32"}],"version-history":[{"count":6,"href":"https:\/\/agora.xtec.cat\/escolasantsadurni\/wp-json\/wp\/v2\/pages\/32\/revisions"}],"predecessor-version":[{"id":15065,"href":"https:\/\/agora.xtec.cat\/escolasantsadurni\/wp-json\/wp\/v2\/pages\/32\/revisions\/15065"}],"wp:attachment":[{"href":"https:\/\/agora.xtec.cat\/escolasantsadurni\/wp-json\/wp\/v2\/media?parent=32"}],"curies":[{"name":"wp","href":"https:\/\/api.w.org\/{rel}","templated":true}]}}