{"id":2836,"date":"2018-10-15T15:36:07","date_gmt":"2018-10-15T13:36:07","guid":{"rendered":"http:\/\/agora.xtec.cat\/escolasantsadurni\/?page_id=2836"},"modified":"2025-02-20T11:54:23","modified_gmt":"2025-02-20T10:54:23","slug":"educacio-per-a-la-salut","status":"publish","type":"page","link":"https:\/\/agora.xtec.cat\/escolasantsadurni\/activitats-i-tallers-2\/tallers\/educacio-per-a-la-salut\/","title":{"rendered":"Educaci\u00f3 per a la salut"},"content":{"rendered":"<p><strong>OBJECTIUS<\/strong><\/p>\n<p>&#8211; Potenciar els h\u00e0bits saludables de la poblaci\u00f3 diana.<br \/>\n&#8211; Conscienciar el col\u00b7lectiu d\u2019infants i joves sobre possibles conductes de risc.<br \/>\n&#8211; Donar a con\u00e8ixer i potenciar els factors de protecci\u00f3 davant un trastorn de salut.<br \/>\n&#8211; Fomentar l\u2019esperit cr\u00edtic en el moment de prendre decisions.<\/p>\n<p><strong>ACTIVITATS<\/strong><\/p>\n<p><strong>Alimentaci\u00f3 saludable destinat a infantil i prim\u00e0ria<\/strong><\/p>\n<p>Tallers sobre alimentaci\u00f3 adaptats a les necessitats de cada cicle.<\/p>\n<p><strong>Higiene postural<\/strong><\/p>\n<p>Xerrada taller sobre la higiene postural.<\/p>\n<p><strong>Pantalles 1, respecte i ciberespecte\u00a0<\/strong><\/p>\n<p>Xerrada Taller sobre el respecte i els usos de les TIC (Tecnologies de la Informaci\u00f3 i la Comunicaci\u00f3).<\/p>\n<p><strong>Pantalles 1 Bon \u00fas \/ Mal \u00fas de les TIC<\/strong><\/p>\n<p>Xerrada taller participatiu complementari al teatre de pantalles.<\/p>\n<p><strong>La pressi\u00f3 del grup, aprendre a decidir<\/strong><\/p>\n<p>Una din\u00e0mica participativa i activa amb suport audiovisual per afavorir la reflexi\u00f3 grupal i despertar el pensament cr\u00edtic.<\/p>\n<p><a href=\"https:\/\/agora.xtec.cat\/escolasantsadurni\/wp-content\/uploads\/usu1491\/2018\/10\/Salut.png\"><img loading=\"lazy\" decoding=\"async\" class=\"alignnone size-large wp-image-2925\" src=\"https:\/\/agora.xtec.cat\/escolasantsadurni\/wp-content\/uploads\/usu1491\/2018\/10\/Salut-1024x520.png\" alt=\"\" width=\"1024\" height=\"520\" \/><\/a><\/p>\n","protected":false},"excerpt":{"rendered":"<p>OBJECTIUS<br \/>\n&#8211; Potenciar els h\u00e0bits saludables de la poblaci\u00f3 diana.<br \/>\n&#8211; Conscienciar el col\u00b7lectiu d\u2019infants i joves sobre possibles conductes de risc.<br \/>\n&#8211; Donar a con\u00e8ixer i potenciar els factors de protecci\u00f3 davant un trastorn de salut.<br \/>\n&#8211; Fomentar l\u2019esperit cr\u00edtic en el moment de prendre decisions.<br \/>\nACTIVITATS<br \/>\nAlimentaci\u00f3 saludable destinat&hellip;  <a href=\"https:\/\/agora.xtec.cat\/escolasantsadurni\/activitats-i-tallers-2\/tallers\/educacio-per-a-la-salut\/\" title=\"Read Educaci\u00f3 per a la salut\">Llegeix m\u00e9s\u00bb<\/a><\/p>\n","protected":false},"author":1,"featured_media":0,"parent":2832,"menu_order":20,"comment_status":"closed","ping_status":"closed","template":"page-templates\/side-menu.php","meta":{"_bbp_topic_count":0,"_bbp_reply_count":0,"_bbp_total_topic_count":0,"_bbp_total_reply_count":0,"_bbp_voice_count":0,"_bbp_anonymous_reply_count":0,"_bbp_topic_count_hidden":0,"_bbp_reply_count_hidden":0,"_bbp_forum_subforum_count":0,"footnotes":""},"class_list":["post-2836","page","type-page","status-publish","hentry"],"post_mailing_queue_ids":[],"_links":{"self":[{"href":"https:\/\/agora.xtec.cat\/escolasantsadurni\/wp-json\/wp\/v2\/pages\/2836","targetHints":{"allow":["GET"]}}],"collection":[{"href":"https:\/\/agora.xtec.cat\/escolasantsadurni\/wp-json\/wp\/v2\/pages"}],"about":[{"href":"https:\/\/agora.xtec.cat\/escolasantsadurni\/wp-json\/wp\/v2\/types\/page"}],"author":[{"embeddable":true,"href":"https:\/\/agora.xtec.cat\/escolasantsadurni\/wp-json\/wp\/v2\/users\/1"}],"replies":[{"embeddable":true,"href":"https:\/\/agora.xtec.cat\/escolasantsadurni\/wp-json\/wp\/v2\/comments?post=2836"}],"version-history":[{"count":5,"href":"https:\/\/agora.xtec.cat\/escolasantsadurni\/wp-json\/wp\/v2\/pages\/2836\/revisions"}],"predecessor-version":[{"id":14622,"href":"https:\/\/agora.xtec.cat\/escolasantsadurni\/wp-json\/wp\/v2\/pages\/2836\/revisions\/14622"}],"up":[{"embeddable":true,"href":"https:\/\/agora.xtec.cat\/escolasantsadurni\/wp-json\/wp\/v2\/pages\/2832"}],"wp:attachment":[{"href":"https:\/\/agora.xtec.cat\/escolasantsadurni\/wp-json\/wp\/v2\/media?parent=2836"}],"curies":[{"name":"wp","href":"https:\/\/api.w.org\/{rel}","templated":true}]}}