{"id":2767,"date":"2018-10-08T15:54:52","date_gmt":"2018-10-08T13:54:52","guid":{"rendered":"http:\/\/agora.xtec.cat\/escolasantsadurni\/?page_id=2767"},"modified":"2025-09-16T15:34:04","modified_gmt":"2025-09-16T13:34:04","slug":"carta-de-compromis-educatiu","status":"publish","type":"page","link":"https:\/\/agora.xtec.cat\/escolasantsadurni\/projecte-educatiu-2\/carta-de-compromis-educatiu\/","title":{"rendered":"Carta de Comprom\u00eds Educatiu"},"content":{"rendered":"<p>La implicaci\u00f3 de les fam\u00edlies en el proc\u00e9s educatiu dels fills \u00e9s un element imprescindible per assolir l\u2019\u00e8xit educatiu i contribuir a la millor integraci\u00f3 escolar i social de l\u2019alumnat. En aquest sentit, la carta de comprom\u00eds educatiu ha de ser una eina que faciliti la cooperaci\u00f3 entre les accions educatives de les fam\u00edlies i l\u2019acci\u00f3 educativa del centre educatiu.<\/p>\n<p>La Llei 12\/2009, del 10 de juliol, d\u2019educaci\u00f3 estableix expl\u00edcitament els drets, les llibertats i les obligacions que corresponen a tots els membres de la comunitat escolar (alumnat, fam\u00edlies, professorat i altres professionals que intervenen en el proc\u00e9s educatiu) i determina els principis que orienten l\u2019organitzaci\u00f3 del sistema per satisfer el dret a l\u2019educaci\u00f3 per mitj\u00e0 de la cooperaci\u00f3 entre els diversos agents educatius.<\/p>\n<p>L\u2019article 20 de la Llei d\u2019educaci\u00f3 defineix la carta de comprom\u00eds educatiu, en el marc del projecte educatiu del centre, com el document que expressa els objectius necessaris per assolir un entorn de conviv\u00e8ncia i respecte pel desenvolupament de les activitats educatives i els compromisos que cada fam\u00edlia i el centre s\u2019avenen a adquirir en relaci\u00f3 amb els principis que<br \/>\nla inspiren.<\/p>\n<p><a href=\"https:\/\/agora.xtec.cat\/escolasantsadurni\/wp-content\/uploads\/usu1491\/2025\/09\/Carta-de-compromis-educatiu.pdf\">Carta de comprom\u00eds educatiu<\/a><\/p>\n","protected":false},"excerpt":{"rendered":"<p>La implicaci\u00f3 de les fam\u00edlies en el proc\u00e9s educatiu dels fills \u00e9s un element imprescindible per assolir l\u2019\u00e8xit educatiu i contribuir a la millor integraci\u00f3 escolar i social de l\u2019alumnat. En aquest sentit, la carta de comprom\u00eds educatiu ha de ser una eina que faciliti&hellip;  <a href=\"https:\/\/agora.xtec.cat\/escolasantsadurni\/projecte-educatiu-2\/carta-de-compromis-educatiu\/\" title=\"Read Carta de Comprom\u00eds Educatiu\">Llegeix m\u00e9s\u00bb<\/a><\/p>\n","protected":false},"author":1,"featured_media":0,"parent":2754,"menu_order":50,"comment_status":"closed","ping_status":"closed","template":"page-templates\/side-menu.php","meta":{"_bbp_topic_count":0,"_bbp_reply_count":0,"_bbp_total_topic_count":0,"_bbp_total_reply_count":0,"_bbp_voice_count":0,"_bbp_anonymous_reply_count":0,"_bbp_topic_count_hidden":0,"_bbp_reply_count_hidden":0,"_bbp_forum_subforum_count":0,"footnotes":""},"class_list":["post-2767","page","type-page","status-publish","hentry"],"post_mailing_queue_ids":[],"_links":{"self":[{"href":"https:\/\/agora.xtec.cat\/escolasantsadurni\/wp-json\/wp\/v2\/pages\/2767","targetHints":{"allow":["GET"]}}],"collection":[{"href":"https:\/\/agora.xtec.cat\/escolasantsadurni\/wp-json\/wp\/v2\/pages"}],"about":[{"href":"https:\/\/agora.xtec.cat\/escolasantsadurni\/wp-json\/wp\/v2\/types\/page"}],"author":[{"embeddable":true,"href":"https:\/\/agora.xtec.cat\/escolasantsadurni\/wp-json\/wp\/v2\/users\/1"}],"replies":[{"embeddable":true,"href":"https:\/\/agora.xtec.cat\/escolasantsadurni\/wp-json\/wp\/v2\/comments?post=2767"}],"version-history":[{"count":6,"href":"https:\/\/agora.xtec.cat\/escolasantsadurni\/wp-json\/wp\/v2\/pages\/2767\/revisions"}],"predecessor-version":[{"id":15086,"href":"https:\/\/agora.xtec.cat\/escolasantsadurni\/wp-json\/wp\/v2\/pages\/2767\/revisions\/15086"}],"up":[{"embeddable":true,"href":"https:\/\/agora.xtec.cat\/escolasantsadurni\/wp-json\/wp\/v2\/pages\/2754"}],"wp:attachment":[{"href":"https:\/\/agora.xtec.cat\/escolasantsadurni\/wp-json\/wp\/v2\/media?parent=2767"}],"curies":[{"name":"wp","href":"https:\/\/api.w.org\/{rel}","templated":true}]}}