{"id":15246,"date":"2025-10-14T17:51:38","date_gmt":"2025-10-14T15:51:38","guid":{"rendered":"https:\/\/agora.xtec.cat\/escolasantsadurni\/?page_id=15246"},"modified":"2025-10-14T18:00:12","modified_gmt":"2025-10-14T16:00:12","slug":"tallers-amb-families","status":"publish","type":"page","link":"https:\/\/agora.xtec.cat\/escolasantsadurni\/tallers-amb-families\/","title":{"rendered":"Tallers amb fam\u00edlies"},"content":{"rendered":"<p data-start=\"156\" data-end=\"495\">El Departament d\u2019Educaci\u00f3 i Formaci\u00f3 Professional ofereix activitats formatives adre\u00e7ades a les fam\u00edlies dels centres educatius de prim\u00e0ria i secund\u00e0ria.<br data-start=\"313\" data-end=\"316\" \/>Les sessions, organitzades en dues trobades i dinamitzades per docents experts en la tem\u00e0tica, tracten aspectes clau per a l\u2019acompanyament educatiu dels infants i joves.<\/p>\n<p data-start=\"497\" data-end=\"527\">Temes de les formacions:<\/p>\n<ul data-start=\"528\" data-end=\"685\">\n<li data-start=\"528\" data-end=\"573\">\n<p data-start=\"530\" data-end=\"573\">Sensibilitzaci\u00f3 de fam\u00edlies restauratives<\/p>\n<\/li>\n<li data-start=\"574\" data-end=\"605\">\n<p data-start=\"576\" data-end=\"605\">Benestar digital en fam\u00edlia<\/p>\n<\/li>\n<li data-start=\"606\" data-end=\"685\">\n<p data-start=\"608\" data-end=\"685\">El paper de les fam\u00edlies davant l\u2019assetjament i el ciberassetjament escolar<\/p>\n<\/li>\n<\/ul>\n<p data-start=\"687\" data-end=\"847\">Per a m\u00e9s informaci\u00f3, podeu contactar amb el Servei d&#8217;Escola i Fam\u00edlies del Departament d\u2019Educaci\u00f3 i Formaci\u00f3 Professional a:<\/p>\n<p data-start=\"687\" data-end=\"847\"><a class=\"decorated-link cursor-pointer\" rel=\"noopener\" data-start=\"822\" data-end=\"845\">eif.educacio@gencat.cat<\/a><\/p>\n","protected":false},"excerpt":{"rendered":"<p>El Departament d\u2019Educaci\u00f3 i Formaci\u00f3 Professional ofereix activitats formatives adre\u00e7ades a les fam\u00edlies dels centres educatius de prim\u00e0ria i secund\u00e0ria.Les sessions, organitzades en dues trobades i dinamitzades per docents experts en la tem\u00e0tica, tracten aspectes clau per a l\u2019acompanyament educatiu dels infants i joves.<br \/>\nTemes de&hellip;  <a href=\"https:\/\/agora.xtec.cat\/escolasantsadurni\/tallers-amb-families\/\" title=\"Read Tallers amb fam\u00edlies\">Llegeix m\u00e9s\u00bb<\/a><\/p>\n","protected":false},"author":1,"featured_media":0,"parent":0,"menu_order":0,"comment_status":"closed","ping_status":"closed","template":"","meta":{"_bbp_topic_count":0,"_bbp_reply_count":0,"_bbp_total_topic_count":0,"_bbp_total_reply_count":0,"_bbp_voice_count":0,"_bbp_anonymous_reply_count":0,"_bbp_topic_count_hidden":0,"_bbp_reply_count_hidden":0,"_bbp_forum_subforum_count":0,"footnotes":""},"class_list":["post-15246","page","type-page","status-publish","hentry"],"post_mailing_queue_ids":[],"_links":{"self":[{"href":"https:\/\/agora.xtec.cat\/escolasantsadurni\/wp-json\/wp\/v2\/pages\/15246","targetHints":{"allow":["GET"]}}],"collection":[{"href":"https:\/\/agora.xtec.cat\/escolasantsadurni\/wp-json\/wp\/v2\/pages"}],"about":[{"href":"https:\/\/agora.xtec.cat\/escolasantsadurni\/wp-json\/wp\/v2\/types\/page"}],"author":[{"embeddable":true,"href":"https:\/\/agora.xtec.cat\/escolasantsadurni\/wp-json\/wp\/v2\/users\/1"}],"replies":[{"embeddable":true,"href":"https:\/\/agora.xtec.cat\/escolasantsadurni\/wp-json\/wp\/v2\/comments?post=15246"}],"version-history":[{"count":2,"href":"https:\/\/agora.xtec.cat\/escolasantsadurni\/wp-json\/wp\/v2\/pages\/15246\/revisions"}],"predecessor-version":[{"id":15251,"href":"https:\/\/agora.xtec.cat\/escolasantsadurni\/wp-json\/wp\/v2\/pages\/15246\/revisions\/15251"}],"wp:attachment":[{"href":"https:\/\/agora.xtec.cat\/escolasantsadurni\/wp-json\/wp\/v2\/media?parent=15246"}],"curies":[{"name":"wp","href":"https:\/\/api.w.org\/{rel}","templated":true}]}}