{"id":14569,"date":"2025-02-20T08:49:48","date_gmt":"2025-02-20T07:49:48","guid":{"rendered":"https:\/\/agora.xtec.cat\/escolasantsadurni\/?page_id=14569"},"modified":"2026-03-20T09:49:39","modified_gmt":"2026-03-20T08:49:39","slug":"entrevistes-families","status":"publish","type":"page","link":"https:\/\/agora.xtec.cat\/escolasantsadurni\/entrevistes-families\/","title":{"rendered":"Entrevistes fam\u00edlies final de curs"},"content":{"rendered":"<p data-start=\"169\" data-end=\"499\">A la nostra escola facilitem la comunicaci\u00f3 entre fam\u00edlies i professorat mitjan\u00e7ant un sistema senzill i eficient per sol\u00b7licitar entrevistes. Per tal de reservar una reuni\u00f3 amb el tutor o tutora del vostre fill o filla, utilitzem <strong data-start=\"400\" data-end=\"412\">Calendly<\/strong>, una eina que permet seleccionar el dia i la franja hor\u00e0ria que millor us convingui.<\/p>\n<h3 data-start=\"501\" data-end=\"541\">\ud83d\udd17 Com sol\u00b7licitar una entrevista?<\/h3>\n<p data-start=\"542\" data-end=\"756\">1\ufe0f\u20e3 Accediu a <strong data-start=\"556\" data-end=\"589\">l\u2019enlla\u00e7 corresponent al curs<\/strong> del vostre fill o filla.<br data-start=\"614\" data-end=\"617\" \/>2\ufe0f\u20e3 Trieu el dia i l\u2019hora disponibles que millor s\u2019adaptin a vosaltres.<br data-start=\"688\" data-end=\"691\" \/>3\ufe0f\u20e3 Rebreu un correu de confirmaci\u00f3 amb els detalls.<\/p>\n<p data-start=\"542\" data-end=\"756\">\ud83d\udce9 <strong data-start=\"968\" data-end=\"1051\">Per sol\u00b7licitar la vostra entrevista, accediu a l\u2019enlla\u00e7 del curs corresponent.<\/strong><\/p>\n<p data-start=\"542\" data-end=\"756\"><em><strong>PENDENT DE CONVOCAR LES DEL CURS 2025-2026<\/strong><\/em><\/p>\n<p data-start=\"542\" data-end=\"756\">\n","protected":false},"excerpt":{"rendered":"<p>A la nostra escola facilitem la comunicaci\u00f3 entre fam\u00edlies i professorat mitjan\u00e7ant un sistema senzill i eficient per sol\u00b7licitar entrevistes. Per tal de reservar una reuni\u00f3 amb el tutor o tutora del vostre fill o filla, utilitzem Calendly, una eina que permet seleccionar el dia&hellip;  <a href=\"https:\/\/agora.xtec.cat\/escolasantsadurni\/entrevistes-families\/\" title=\"Read Entrevistes fam\u00edlies final de curs\">Llegeix m\u00e9s\u00bb<\/a><\/p>\n","protected":false},"author":1,"featured_media":0,"parent":0,"menu_order":0,"comment_status":"closed","ping_status":"closed","template":"","meta":{"_bbp_topic_count":0,"_bbp_reply_count":0,"_bbp_total_topic_count":0,"_bbp_total_reply_count":0,"_bbp_voice_count":0,"_bbp_anonymous_reply_count":0,"_bbp_topic_count_hidden":0,"_bbp_reply_count_hidden":0,"_bbp_forum_subforum_count":0,"footnotes":""},"class_list":["post-14569","page","type-page","status-publish","hentry"],"post_mailing_queue_ids":[],"_links":{"self":[{"href":"https:\/\/agora.xtec.cat\/escolasantsadurni\/wp-json\/wp\/v2\/pages\/14569","targetHints":{"allow":["GET"]}}],"collection":[{"href":"https:\/\/agora.xtec.cat\/escolasantsadurni\/wp-json\/wp\/v2\/pages"}],"about":[{"href":"https:\/\/agora.xtec.cat\/escolasantsadurni\/wp-json\/wp\/v2\/types\/page"}],"author":[{"embeddable":true,"href":"https:\/\/agora.xtec.cat\/escolasantsadurni\/wp-json\/wp\/v2\/users\/1"}],"replies":[{"embeddable":true,"href":"https:\/\/agora.xtec.cat\/escolasantsadurni\/wp-json\/wp\/v2\/comments?post=14569"}],"version-history":[{"count":6,"href":"https:\/\/agora.xtec.cat\/escolasantsadurni\/wp-json\/wp\/v2\/pages\/14569\/revisions"}],"predecessor-version":[{"id":15612,"href":"https:\/\/agora.xtec.cat\/escolasantsadurni\/wp-json\/wp\/v2\/pages\/14569\/revisions\/15612"}],"wp:attachment":[{"href":"https:\/\/agora.xtec.cat\/escolasantsadurni\/wp-json\/wp\/v2\/media?parent=14569"}],"curies":[{"name":"wp","href":"https:\/\/api.w.org\/{rel}","templated":true}]}}