{"id":14345,"date":"2025-02-17T13:38:38","date_gmt":"2025-02-17T12:38:38","guid":{"rendered":"https:\/\/agora.xtec.cat\/escolasantsadurni\/?page_id=14345"},"modified":"2025-02-20T11:54:37","modified_gmt":"2025-02-20T10:54:37","slug":"dislexia","status":"publish","type":"page","link":"https:\/\/agora.xtec.cat\/escolasantsadurni\/dislexia\/","title":{"rendered":"Necessitats educatives especials: Acompanyar i potenciar l&#8217;aprenentatge"},"content":{"rendered":"<p data-start=\"82\" data-end=\"479\">Cada infant t\u00e9 una manera \u00fanica d&#8217;aprendre, i alguns poden necessitar un suport espec\u00edfic per desenvolupar al m\u00e0xim les seves capacitats. Les necessitats educatives especials (NEE), com la disl\u00e8xia, el TDAH, els trastorns de l\u2019aprenentatge o altres dificultats, poden influir en el seu proc\u00e9s escolar, per\u00f2 amb l\u2019acompanyament adequat, poden assolir els seus objectius amb confian\u00e7a i autonomia.<\/p>\n<p data-start=\"481\" data-end=\"793\">Com a fam\u00edlies, \u00e9s fonamental comprendre les seves necessitats, oferir-los estrat\u00e8gies adaptades i refor\u00e7ar la seva autoestima perqu\u00e8 se sentin capa\u00e7os i motivats. Cada petit avan\u00e7 \u00e9s una gran fita, i la paci\u00e8ncia, la comprensi\u00f3 i el treball conjunt amb l\u2019escola s\u00f3n clau per al seu benestar i desenvolupament.<\/p>\n<p data-start=\"795\" data-end=\"991\">En aquest espai trobareu informaci\u00f3 sobre diferents necessitats educatives, recursos per facilitar l&#8217;aprenentatge a casa i estrat\u00e8gies per refor\u00e7ar les seves habilitats emocionals i acad\u00e8miques.<\/p>\n<p data-start=\"993\" data-end=\"1090\">\ud83d\udc99 <strong data-start=\"998\" data-end=\"1088\">Junts fem que l\u2019aprenentatge sigui una experi\u00e8ncia enriquidora per a tots els infants!<\/strong><\/p>\n<p>DISL\u00c8XIA<\/p>\n<p><strong><a href=\"https:\/\/acd.cat\/que-es-la-dislexia-barcelona\/\">Qu\u00e8 \u00e9s?<\/a><\/strong><\/p>\n<p><a href=\"https:\/\/fapaes.cat\/wp-content\/uploads\/2022\/03\/Butlleti%CC%81-FAPAES-10-2.pdf?utm_source=\"><strong>PAUTES PER FER M\u00c9S F\u00c0CIL ATENDRE ELS NOSTRES FILLS AMB DISL\u00c8XIA<\/strong><\/a><\/p>\n<p>TEA<\/p>\n<p><a href=\"https:\/\/www.sjdhospitalbarcelona.org\/es\/patologias-tratamientos\/trastornos-del-espectro-autista-tea\"><strong>Qu\u00e8 \u00e9s?<\/strong><\/a><\/p>\n<p><strong><a href=\"https:\/\/www.ccgarraf.cat\/actualitat\/informacio-dinteres\/guia-per-a-families-amb-fillses-amb-tea\/?utm_source\">Guia per fam\u00edlies amb fills\/es amb TEA<\/a><\/strong><\/p>\n<p><strong><a href=\"https:\/\/dretssocials.gencat.cat\/ca\/ambits_tematics\/families\/families_en_xarxa\/espaisuport\/trastornespectreautista\/?utm_source=\">Suport i orientaci\u00f3 a les fam\u00edlies de persones amb autisme<\/a><\/strong><\/p>\n<p>TEL<\/p>\n<h6 class=\"uoc-article-hero__title\"><a href=\"https:\/\/www.uoc.edu\/ca\/news\/2023\/228-llenguatge-desenvolupament-societat-futur-inclusiu-nens-nenes-TDL?utm_source=\"><strong>Llenguatge, desenvolupament i societat: com assegurar un futur inclusiu per a nens i nenes amb TDL<\/strong><\/a><\/h6>\n<p><a href=\"https:\/\/irie.uib.cat\/files\/butlleti\/Ara_ho_entenc_Conte_ECLA(1).pdf\"><strong>Conte &#8221; Ara, ho entenc&#8221;<\/strong><\/a><\/p>\n<p>TDAH<\/p>\n<h6><a href=\"https:\/\/tdah.som360.org\/ca\/blog\/com-podem-ajudar-infant-tdah-casa\">Com podem ajudar un infant amb TDAH a casa?<\/a><\/h6>\n<h6 class=\"title-section\"><a href=\"https:\/\/hospital.vallhebron.com\/assistencia\/consells-de-salut\/tdah-com-enfocar-els-estudis-amb-infants-amb-tdah\"><span class=\"field field--name-title field--type-string field--label-hidden\">Com enfocar els estudis amb infants amb TDAH<\/span><\/a><\/h6>\n<h6><a href=\"https:\/\/www.sjdhospitalbarcelona.org\/ca\/noticies\/estudi-revela-practica-mindfulness-eficac-tractament-infants-tdah\">Un estudi revela que la pr\u00e0ctica del mindfulness \u00e9s efica\u00e7 per al tractament dels infants amb TDAH<\/a><\/h6>\n<p>&nbsp;<\/p>\n<p>&nbsp;<\/p>\n","protected":false},"excerpt":{"rendered":"<p>Cada infant t\u00e9 una manera \u00fanica d&#8217;aprendre, i alguns poden necessitar un suport espec\u00edfic per desenvolupar al m\u00e0xim les seves capacitats. Les necessitats educatives especials (NEE), com la disl\u00e8xia, el TDAH, els trastorns de l\u2019aprenentatge o altres dificultats, poden influir en el seu proc\u00e9s escolar,&hellip;  <a href=\"https:\/\/agora.xtec.cat\/escolasantsadurni\/dislexia\/\" title=\"Read Necessitats educatives especials: Acompanyar i potenciar l&#8217;aprenentatge\">Llegeix m\u00e9s\u00bb<\/a><\/p>\n","protected":false},"author":1,"featured_media":0,"parent":0,"menu_order":0,"comment_status":"closed","ping_status":"closed","template":"","meta":{"_bbp_topic_count":0,"_bbp_reply_count":0,"_bbp_total_topic_count":0,"_bbp_total_reply_count":0,"_bbp_voice_count":0,"_bbp_anonymous_reply_count":0,"_bbp_topic_count_hidden":0,"_bbp_reply_count_hidden":0,"_bbp_forum_subforum_count":0,"footnotes":""},"class_list":["post-14345","page","type-page","status-publish","hentry"],"post_mailing_queue_ids":[],"_links":{"self":[{"href":"https:\/\/agora.xtec.cat\/escolasantsadurni\/wp-json\/wp\/v2\/pages\/14345","targetHints":{"allow":["GET"]}}],"collection":[{"href":"https:\/\/agora.xtec.cat\/escolasantsadurni\/wp-json\/wp\/v2\/pages"}],"about":[{"href":"https:\/\/agora.xtec.cat\/escolasantsadurni\/wp-json\/wp\/v2\/types\/page"}],"author":[{"embeddable":true,"href":"https:\/\/agora.xtec.cat\/escolasantsadurni\/wp-json\/wp\/v2\/users\/1"}],"replies":[{"embeddable":true,"href":"https:\/\/agora.xtec.cat\/escolasantsadurni\/wp-json\/wp\/v2\/comments?post=14345"}],"version-history":[{"count":7,"href":"https:\/\/agora.xtec.cat\/escolasantsadurni\/wp-json\/wp\/v2\/pages\/14345\/revisions"}],"predecessor-version":[{"id":14623,"href":"https:\/\/agora.xtec.cat\/escolasantsadurni\/wp-json\/wp\/v2\/pages\/14345\/revisions\/14623"}],"wp:attachment":[{"href":"https:\/\/agora.xtec.cat\/escolasantsadurni\/wp-json\/wp\/v2\/media?parent=14345"}],"curies":[{"name":"wp","href":"https:\/\/api.w.org\/{rel}","templated":true}]}}