{"id":73,"date":"2014-09-18T14:01:51","date_gmt":"2014-09-18T13:01:51","guid":{"rendered":"http:\/\/agora.xtec.cat\/escolasantmartin\/?page_id=73"},"modified":"2024-12-09T16:25:11","modified_gmt":"2024-12-09T15:25:11","slug":"menjador-escolar","status":"publish","type":"page","link":"https:\/\/agora.xtec.cat\/escolasantmartin\/serveis\/menjador-escolar\/","title":{"rendered":"Minjador escolar"},"content":{"rendered":"<p>S&#8217;informe ara comunitat educativa qu&#8217;eth Plan de Foncionament deth Minjador Escolar, s&#8217;aprov\u00e8c en Conselh Escolar deth centre eth dia 24 de seteme de 2024. Aguest document detalhe es normes, procediments e directritzes entath corr\u00e8cte foncionament deth servici de minjador pendent aguest cors escolar.<\/p>\n<p><a href=\"https:\/\/drive.google.com\/file\/d\/1_UR6Dr7uDb58J-net4sRt6YYld9xcP7N\/view?usp=sharing\">Plan de Foncionament deth Minjador Esc\u00f2la Sant Mart\u00ed Gessa 2024-2025<\/a><\/p>\n<p>&nbsp;<\/p>\n<p>Eth servici de minjador escolar compde damb eth sup\u00f2rt financ\u00e8r der <strong>Ajuntament deth Naut Aran<\/strong> (pedania de Gessa) e deth <strong>Conselh Generau d\u2019Aran<\/strong>.<\/p>\n<p>Aguesta collaboracion institucionau permet garantir era contunhitat deth servici, qu&#8217;aufr\u00eds as escolans\/es ua alimentacion equilibrada e avienta pendent era jornada escolara. Gr\u00e0cies\u00a0 ad aguest finan\u00e7ament, era esc\u00f2la p\u00f2t mantier eth minjador en condicions excellentes, en tot assegurar atau eth ben\u00e8ster des mainatges\/mainades.<\/p>\n<p><img loading=\"lazy\" decoding=\"async\" class=\"alignnone size-medium wp-image-2437\" src=\"https:\/\/agora.xtec.cat\/escolasantmartin\/wp-content\/uploads\/usu740\/2021\/04\/menu_escolar-300x171.png\" alt=\"\" width=\"300\" height=\"171\" srcset=\"https:\/\/agora.xtec.cat\/escolasantmartin\/wp-content\/uploads\/usu740\/2021\/04\/menu_escolar-300x171.png 300w, https:\/\/agora.xtec.cat\/escolasantmartin\/wp-content\/uploads\/usu740\/2021\/04\/menu_escolar.png 406w\" sizes=\"auto, (max-width: 300px) 100vw, 300px\" \/><\/p>\n<p>&nbsp;<\/p>\n<p><img loading=\"lazy\" decoding=\"async\" class=\"alignnone size-large wp-image-4029\" src=\"https:\/\/agora.xtec.cat\/escolasantmartin\/wp-content\/uploads\/usu740\/2024\/12\/menu-1024x705.jpg\" alt=\"\" width=\"1024\" height=\"705\" srcset=\"https:\/\/agora.xtec.cat\/escolasantmartin\/wp-content\/uploads\/usu740\/2024\/12\/menu-1024x705.jpg 1024w, https:\/\/agora.xtec.cat\/escolasantmartin\/wp-content\/uploads\/usu740\/2024\/12\/menu-300x207.jpg 300w, https:\/\/agora.xtec.cat\/escolasantmartin\/wp-content\/uploads\/usu740\/2024\/12\/menu-768x529.jpg 768w, https:\/\/agora.xtec.cat\/escolasantmartin\/wp-content\/uploads\/usu740\/2024\/12\/menu.jpg 1526w\" sizes=\"auto, (max-width: 1024px) 100vw, 1024px\" \/><\/p>\n<p>&nbsp;<\/p>\n<p>&nbsp;<\/p>\n","protected":false},"excerpt":{"rendered":"<p>S&#8217;informe ara comunitat educativa qu&#8217;eth Plan de Foncionament deth Minjador Escolar, s&#8217;aprov\u00e8c en Conselh Escolar deth centre eth dia 24 de seteme de 2024. Aguest document detalhe es normes, procediments e directritzes entath corr\u00e8cte foncionament deth servici de minjador pendent aguest cors escolar.<br \/>\n<a href=\"https:\/\/drive.google.com\/file\/d\/1_UR6Dr7uDb58J-net4sRt6YYld9xcP7N\/view?usp=sharing\">Plan de&hellip;  <a href=\"https:\/\/agora.xtec.cat\/escolasantmartin\/serveis\/menjador-escolar\/\" title=\"Read Minjador escolar\">Llegeix m\u00e9s\u00bb<\/a><\/p>\n","protected":false},"author":1,"featured_media":0,"parent":66,"menu_order":30,"comment_status":"closed","ping_status":"closed","template":"page-templates\/side-menu.php","meta":{"_bbp_topic_count":0,"_bbp_reply_count":0,"_bbp_total_topic_count":0,"_bbp_total_reply_count":0,"_bbp_voice_count":0,"_bbp_anonymous_reply_count":0,"_bbp_topic_count_hidden":0,"_bbp_reply_count_hidden":0,"_bbp_forum_subforum_count":0,"footnotes":""},"class_list":["post-73","page","type-page","status-publish","hentry"],"post_mailing_queue_ids":[],"_links":{"self":[{"href":"https:\/\/agora.xtec.cat\/escolasantmartin\/wp-json\/wp\/v2\/pages\/73","targetHints":{"allow":["GET"]}}],"collection":[{"href":"https:\/\/agora.xtec.cat\/escolasantmartin\/wp-json\/wp\/v2\/pages"}],"about":[{"href":"https:\/\/agora.xtec.cat\/escolasantmartin\/wp-json\/wp\/v2\/types\/page"}],"author":[{"embeddable":true,"href":"https:\/\/agora.xtec.cat\/escolasantmartin\/wp-json\/wp\/v2\/users\/1"}],"replies":[{"embeddable":true,"href":"https:\/\/agora.xtec.cat\/escolasantmartin\/wp-json\/wp\/v2\/comments?post=73"}],"version-history":[{"count":6,"href":"https:\/\/agora.xtec.cat\/escolasantmartin\/wp-json\/wp\/v2\/pages\/73\/revisions"}],"predecessor-version":[{"id":4030,"href":"https:\/\/agora.xtec.cat\/escolasantmartin\/wp-json\/wp\/v2\/pages\/73\/revisions\/4030"}],"up":[{"embeddable":true,"href":"https:\/\/agora.xtec.cat\/escolasantmartin\/wp-json\/wp\/v2\/pages\/66"}],"wp:attachment":[{"href":"https:\/\/agora.xtec.cat\/escolasantmartin\/wp-json\/wp\/v2\/media?parent=73"}],"curies":[{"name":"wp","href":"https:\/\/api.w.org\/{rel}","templated":true}]}}