{"id":38,"date":"2014-09-18T12:34:08","date_gmt":"2014-09-18T11:34:08","guid":{"rendered":"http:\/\/agora.xtec.cat\/escolasantmartibcn\/?page_id=38"},"modified":"2025-07-09T10:55:45","modified_gmt":"2025-07-09T08:55:45","slug":"salut","status":"publish","type":"page","link":"https:\/\/agora.xtec.cat\/escolasantmartibcn\/organitzacio\/salut\/","title":{"rendered":"Autoritzacions"},"content":{"rendered":"<p><strong><a href=\"https:\/\/agora.xtec.cat\/escolasantmartibcn\/wp-content\/uploads\/usu2346\/2025\/07\/AUTORITZACIO-DADES-BANCARIES-I_O-INSCRIPCIO-MENJADOR-CURS-2025-2026.pdf\" target=\"_blank\" rel=\"noopener\">AUTORITZACI\u00d3 DADES BANCARIES I\/O INSCRIPCI\u00d3 MENJADOR CURS 2025-2026.pdf<\/a><\/strong><\/p>\n<p><strong><a href=\"https:\/\/agora.xtec.cat\/escolasantmartibcn\/wp-content\/uploads\/usu2346\/2025\/07\/AUTORITZACIO-DADES-BANCARIES-MATERIAL-I-SORTIDES-CURS-2025-2026.pdf\" target=\"_blank\" rel=\"noopener\">AUTORITZACI\u00d3 DADES BANCARIES MATERIAL I SORTIDES CURS 2025-2026.pdf<\/a><\/strong><\/p>\n<p><strong><a href=\"https:\/\/agora.xtec.cat\/escolasantmartibcn\/wp-content\/uploads\/usu2346\/2025\/07\/AUTORITZACIO-SORTIDES-curs-2025-2026.pdf\" target=\"_blank\" rel=\"noopener\">AUTORITZACI\u00d3 SORTIDES CURS 2025-2026.pdf<\/a><\/strong><\/p>\n<p><strong><a href=\"https:\/\/agora.xtec.cat\/escolasantmartibcn\/wp-content\/uploads\/usu2346\/2023\/10\/A0120_Comunicacio_de_desplacament_familiar_temporal.pdf.pdf\" target=\"_blank\" rel=\"noopener\">COMUNICACI\u00d3 DE DESPLA\u00c7AMENT FAMILIAR TEMPORAL.pdf<\/a><\/strong><\/p>\n<p><strong><a href=\"https:\/\/agora.xtec.cat\/escolasantmartibcn\/wp-content\/uploads\/usu2346\/2023\/10\/AUTORITZACIO-5E-I-6E-arribem-sols-de-casa-a-lEscola.pdf\" target=\"_blank\" rel=\"noopener\">AUTORITZACI\u00d3 5\u00e8 I 6\u00e8 arribem sols de casa a l&#8217;Escola.pdf<\/a><\/strong><\/p>\n<p><strong><a href=\"https:\/\/agora.xtec.cat\/escolasantmartibcn\/wp-content\/uploads\/usu2346\/2023\/10\/AUTORITZACIO-5E-I-6E-sortir-sols-Escola.pdf\" target=\"_blank\" rel=\"noopener\">AUTORITZACI\u00d3 5\u00e8 I 6\u00e8 sortir sols Escola.pdf<\/a><\/strong><\/p>\n<p><strong><a href=\"https:\/\/agora.xtec.cat\/escolasantmartibcn\/wp-content\/uploads\/usu2346\/2023\/10\/AUTORITZACIO-ADMINISTRACIO-DE-MEDICAMENTS.pdf\" target=\"_blank\" rel=\"noopener\">AUTORITZACI\u00d3 ADMINISTRACI\u00d3 DE MEDICAMENTS.pdf<\/a><\/strong><\/p>\n<p><strong><a href=\"https:\/\/agora.xtec.cat\/escolasantmartibcn\/wp-content\/uploads\/usu2346\/2025\/07\/FULL-DE-RECOLLIDA-DE-LALUMNE.pdf\" target=\"_blank\" rel=\"noopener\">AUTORITZACI\u00d3 DE RECOLLIDA DE L&#8217;ALUMNE.pdf<\/a><\/strong><\/p>\n<p>&nbsp;<\/p>\n","protected":false},"excerpt":{"rendered":"<p>AUTORITZACI\u00d3 DADES BANCARIES I\/O INSCRIPCI\u00d3 MENJADOR CURS 2025-2026.pdf AUTORITZACI\u00d3 DADES BANCARIES MATERIAL I SORTIDES CURS 2025-2026.pdf AUTORITZACI\u00d3 SORTIDES CURS 2025-2026.pdf COMUNICACI\u00d3 DE DESPLA\u00c7AMENT FAMILIAR TEMPORAL.pdf AUTORITZACI\u00d3 5\u00e8 I 6\u00e8 arribem sols de casa a l&#8217;Escola.pdf AUTORITZACI\u00d3 5\u00e8 I 6\u00e8 sortir sols Escola.pdf AUTORITZACI\u00d3 ADMINISTRACI\u00d3 DE MEDICAMENTS.pdf AUTORITZACI\u00d3 DE RECOLLIDA DE L&#8217;ALUMNE.pdf &nbsp;<\/p>\n","protected":false},"author":1,"featured_media":0,"parent":987,"menu_order":80,"comment_status":"closed","ping_status":"closed","template":"page-templates\/side-menu.php","meta":{"_bbp_topic_count":0,"_bbp_reply_count":0,"_bbp_total_topic_count":0,"_bbp_total_reply_count":0,"_bbp_voice_count":0,"_bbp_anonymous_reply_count":0,"_bbp_topic_count_hidden":0,"_bbp_reply_count_hidden":0,"_bbp_forum_subforum_count":0,"site-sidebar-layout":"default","site-content-layout":"","ast-site-content-layout":"","site-content-style":"default","site-sidebar-style":"default","ast-global-header-display":"","ast-banner-title-visibility":"","ast-main-header-display":"","ast-hfb-above-header-display":"","ast-hfb-below-header-display":"","ast-hfb-mobile-header-display":"","site-post-title":"","ast-breadcrumbs-content":"","ast-featured-img":"","footer-sml-layout":"","theme-transparent-header-meta":"","adv-header-id-meta":"","stick-header-meta":"","header-above-stick-meta":"","header-main-stick-meta":"","header-below-stick-meta":"","astra-migrate-meta-layouts":"default","ast-page-background-enabled":"default","ast-page-background-meta":{"desktop":{"background-color":"var(--ast-global-color-4)","background-image":"","background-repeat":"repeat","background-position":"center center","background-size":"auto","background-attachment":"scroll","background-type":"","background-media":"","overlay-type":"","overlay-color":"","overlay-opacity":"","overlay-gradient":""},"tablet":{"background-color":"","background-image":"","background-repeat":"repeat","background-position":"center center","background-size":"auto","background-attachment":"scroll","background-type":"","background-media":"","overlay-type":"","overlay-color":"","overlay-opacity":"","overlay-gradient":""},"mobile":{"background-color":"","background-image":"","background-repeat":"repeat","background-position":"center center","background-size":"auto","background-attachment":"scroll","background-type":"","background-media":"","overlay-type":"","overlay-color":"","overlay-opacity":"","overlay-gradient":""}},"ast-content-background-meta":{"desktop":{"background-color":"var(--ast-global-color-5)","background-image":"","background-repeat":"repeat","background-position":"center center","background-size":"auto","background-attachment":"scroll","background-type":"","background-media":"","overlay-type":"","overlay-color":"","overlay-opacity":"","overlay-gradient":""},"tablet":{"background-color":"var(--ast-global-color-5)","background-image":"","background-repeat":"repeat","background-position":"center center","background-size":"auto","background-attachment":"scroll","background-type":"","background-media":"","overlay-type":"","overlay-color":"","overlay-opacity":"","overlay-gradient":""},"mobile":{"background-color":"var(--ast-global-color-5)","background-image":"","background-repeat":"repeat","background-position":"center center","background-size":"auto","background-attachment":"scroll","background-type":"","background-media":"","overlay-type":"","overlay-color":"","overlay-opacity":"","overlay-gradient":""}},"footnotes":""},"class_list":["post-38","page","type-page","status-publish","hentry"],"post_mailing_queue_ids":[],"_links":{"self":[{"href":"https:\/\/agora.xtec.cat\/escolasantmartibcn\/wp-json\/wp\/v2\/pages\/38","targetHints":{"allow":["GET"]}}],"collection":[{"href":"https:\/\/agora.xtec.cat\/escolasantmartibcn\/wp-json\/wp\/v2\/pages"}],"about":[{"href":"https:\/\/agora.xtec.cat\/escolasantmartibcn\/wp-json\/wp\/v2\/types\/page"}],"author":[{"embeddable":true,"href":"https:\/\/agora.xtec.cat\/escolasantmartibcn\/wp-json\/wp\/v2\/users\/1"}],"replies":[{"embeddable":true,"href":"https:\/\/agora.xtec.cat\/escolasantmartibcn\/wp-json\/wp\/v2\/comments?post=38"}],"version-history":[{"count":6,"href":"https:\/\/agora.xtec.cat\/escolasantmartibcn\/wp-json\/wp\/v2\/pages\/38\/revisions"}],"predecessor-version":[{"id":3693,"href":"https:\/\/agora.xtec.cat\/escolasantmartibcn\/wp-json\/wp\/v2\/pages\/38\/revisions\/3693"}],"up":[{"embeddable":true,"href":"https:\/\/agora.xtec.cat\/escolasantmartibcn\/wp-json\/wp\/v2\/pages\/987"}],"wp:attachment":[{"href":"https:\/\/agora.xtec.cat\/escolasantmartibcn\/wp-json\/wp\/v2\/media?parent=38"}],"curies":[{"name":"wp","href":"https:\/\/api.w.org\/{rel}","templated":true}]}}