{"id":7985,"date":"2025-10-13T10:54:29","date_gmt":"2025-10-13T08:54:29","guid":{"rendered":"https:\/\/agora.xtec.cat\/escolasantmarti\/?page_id=7985"},"modified":"2025-10-14T15:38:51","modified_gmt":"2025-10-14T13:38:51","slug":"classromm-escola-curs-25-26","status":"publish","type":"page","link":"https:\/\/agora.xtec.cat\/escolasantmarti\/lescola\/classromm-escola-curs-25-26\/","title":{"rendered":"CLASSROOM ESCOLA CURS 25-26"},"content":{"rendered":"<p><a href=\"https:\/\/classroom.google.com\/c\/NzgwNTE2NzU3Mzcx\">CLASSROOM 1r<\/a><br \/>\n<a href=\"https:\/\/classroom.google.com\/c\/ODA1MjgwNjEzMjc5\">CLASSROOM 2n A<\/a><br \/>\n<a href=\"https:\/\/classroom.google.com\/c\/ODA1Mjc5OTM5NTI4\">CLASSROOM 2n B<\/a><br \/>\n<a href=\"https:\/\/classroom.google.com\/c\/ODA1MjgwOTA4NzA4\">CLASSROOM 3r<\/a><br \/>\n<a href=\"https:\/\/classroom.google.com\/c\/ODA1MjgxMTI5Njk4\">CLASSROOM 4t A<\/a><br \/>\n<a href=\"https:\/\/classroom.google.com\/c\/ODA1MjgyNjc3OTY3\">CLASSROOM 4t B<\/a><br \/>\n<a href=\"https:\/\/classroom.google.com\/c\/ODA1MjgxNjcwNDIx\">CLASSROOM 5\u00e8 A<\/a><br \/>\n<a href=\"https:\/\/classroom.google.com\/c\/ODA1MjgwMTkyNjU0\">CLASSROOM 5\u00e8 B<\/a><br \/>\n<a href=\"https:\/\/classroom.google.com\/c\/NzgwNTE3MzA0MzE3\">CLASSROOM 6\u00e8 A<\/a><br \/>\n<a href=\"https:\/\/classroom.google.com\/c\/ODA1MjgyNDE0MzMx\">CLASSROOM 6\u00e8 B<\/a><\/p>\n","protected":false},"excerpt":{"rendered":"<p>CLASSROOM 1r CLASSROOM 2n A CLASSROOM 2n B CLASSROOM 3r CLASSROOM 4t A CLASSROOM 4t B CLASSROOM 5\u00e8 A CLASSROOM 5\u00e8 B CLASSROOM 6\u00e8 A CLASSROOM 6\u00e8 B<\/p>\n","protected":false},"author":1,"featured_media":0,"parent":22,"menu_order":0,"comment_status":"closed","ping_status":"closed","template":"","meta":{"_bbp_topic_count":0,"_bbp_reply_count":0,"_bbp_total_topic_count":0,"_bbp_total_reply_count":0,"_bbp_voice_count":0,"_bbp_anonymous_reply_count":0,"_bbp_topic_count_hidden":0,"_bbp_reply_count_hidden":0,"_bbp_forum_subforum_count":0,"site-sidebar-layout":"default","site-content-layout":"","ast-site-content-layout":"default","site-content-style":"default","site-sidebar-style":"default","ast-global-header-display":"","ast-banner-title-visibility":"","ast-main-header-display":"","ast-hfb-above-header-display":"","ast-hfb-below-header-display":"","ast-hfb-mobile-header-display":"","site-post-title":"","ast-breadcrumbs-content":"","ast-featured-img":"","footer-sml-layout":"","theme-transparent-header-meta":"default","adv-header-id-meta":"","stick-header-meta":"","header-above-stick-meta":"","header-main-stick-meta":"","header-below-stick-meta":"","astra-migrate-meta-layouts":"set","ast-page-background-enabled":"default","ast-page-background-meta":{"desktop":{"background-color":"var(--ast-global-color-4)","background-image":"","background-repeat":"repeat","background-position":"center center","background-size":"auto","background-attachment":"scroll","background-type":"","background-media":"","overlay-type":"","overlay-color":"","overlay-opacity":"","overlay-gradient":""},"tablet":{"background-color":"","background-image":"","background-repeat":"repeat","background-position":"center center","background-size":"auto","background-attachment":"scroll","background-type":"","background-media":"","overlay-type":"","overlay-color":"","overlay-opacity":"","overlay-gradient":""},"mobile":{"background-color":"","background-image":"","background-repeat":"repeat","background-position":"center center","background-size":"auto","background-attachment":"scroll","background-type":"","background-media":"","overlay-type":"","overlay-color":"","overlay-opacity":"","overlay-gradient":""}},"ast-content-background-meta":{"desktop":{"background-color":"var(--ast-global-color-5)","background-image":"","background-repeat":"repeat","background-position":"center center","background-size":"auto","background-attachment":"scroll","background-type":"","background-media":"","overlay-type":"","overlay-color":"","overlay-opacity":"","overlay-gradient":""},"tablet":{"background-color":"var(--ast-global-color-5)","background-image":"","background-repeat":"repeat","background-position":"center center","background-size":"auto","background-attachment":"scroll","background-type":"","background-media":"","overlay-type":"","overlay-color":"","overlay-opacity":"","overlay-gradient":""},"mobile":{"background-color":"var(--ast-global-color-5)","background-image":"","background-repeat":"repeat","background-position":"center center","background-size":"auto","background-attachment":"scroll","background-type":"","background-media":"","overlay-type":"","overlay-color":"","overlay-opacity":"","overlay-gradient":""}},"footnotes":""},"class_list":["post-7985","page","type-page","status-publish","hentry"],"post_mailing_queue_ids":[],"_links":{"self":[{"href":"https:\/\/agora.xtec.cat\/escolasantmarti\/wp-json\/wp\/v2\/pages\/7985","targetHints":{"allow":["GET"]}}],"collection":[{"href":"https:\/\/agora.xtec.cat\/escolasantmarti\/wp-json\/wp\/v2\/pages"}],"about":[{"href":"https:\/\/agora.xtec.cat\/escolasantmarti\/wp-json\/wp\/v2\/types\/page"}],"author":[{"embeddable":true,"href":"https:\/\/agora.xtec.cat\/escolasantmarti\/wp-json\/wp\/v2\/users\/1"}],"replies":[{"embeddable":true,"href":"https:\/\/agora.xtec.cat\/escolasantmarti\/wp-json\/wp\/v2\/comments?post=7985"}],"version-history":[{"count":4,"href":"https:\/\/agora.xtec.cat\/escolasantmarti\/wp-json\/wp\/v2\/pages\/7985\/revisions"}],"predecessor-version":[{"id":7992,"href":"https:\/\/agora.xtec.cat\/escolasantmarti\/wp-json\/wp\/v2\/pages\/7985\/revisions\/7992"}],"up":[{"embeddable":true,"href":"https:\/\/agora.xtec.cat\/escolasantmarti\/wp-json\/wp\/v2\/pages\/22"}],"wp:attachment":[{"href":"https:\/\/agora.xtec.cat\/escolasantmarti\/wp-json\/wp\/v2\/media?parent=7985"}],"curies":[{"name":"wp","href":"https:\/\/api.w.org\/{rel}","templated":true}]}}