{"id":7712,"date":"2025-05-16T15:09:58","date_gmt":"2025-05-16T13:09:58","guid":{"rendered":"https:\/\/agora.xtec.cat\/escolasantmarti\/?page_id=7712"},"modified":"2025-05-16T15:09:58","modified_gmt":"2025-05-16T13:09:58","slug":"7-i-tria-fundesplai","status":"publish","type":"page","link":"https:\/\/agora.xtec.cat\/escolasantmarti\/serveis\/menjador\/7-i-tria-fundesplai\/","title":{"rendered":"7 i TRIA\/Fundesplai"},"content":{"rendered":"<p>&nbsp;<\/p>\n<p><a href=\"https:\/\/agora.xtec.cat\/escolasantmarti\/serveis\/menjador\/7-i-tria-fundesplai\/attachment\/imagen1-7\/\" rel=\"attachment wp-att-7713\"><img loading=\"lazy\" decoding=\"async\" class=\"size-full wp-image-7713 alignright\" src=\"https:\/\/agora.xtec.cat\/escolasantmarti\/wp-content\/uploads\/usu1487\/2025\/05\/Imagen1.jpg\" alt=\"\" width=\"210\" height=\"177\" \/><\/a><\/p>\n<p>&nbsp;<\/p>\n<p>&nbsp;<\/p>\n<p>&nbsp;<\/p>\n<p>&nbsp;<\/p>\n<p>&nbsp;<\/p>\n<p>Benvolgudes fam\u00edlies,<\/p>\n<p>&nbsp;<\/p>\n<p>Us donem la benvinguda al temps educatiu de migdia gestionat per <strong>7 i TRIA\/Fundesplai,<\/strong> i us informem que en comen\u00e7ar el <strong>curs escolar 2024-2025,<\/strong> s\u2019iniciar\u00e0 el servei de menjador el mateix dilluns<strong>9 de setembre de 2024.<\/strong><\/p>\n<p>Des de 7 i TRIA\/Fundesplai entenem el menjador escolar com a espai complementari a l\u2019entorn familiar, i com un temps educatiuen qu\u00e8 les dimensions nutricional i relacional configuren els eixos principals.<\/p>\n<p>Treballem per oferir un espai educatiu on tots els agents: infants, monitoratge, equip de cuina, l\u2019escola i la fam\u00edlia en formin part activa. I treballem conjuntament per afavorir el benestar emocional i el desenvolupament aut\u00f2nom dels infants.<\/p>\n<p>Per aix\u00f2, vetllarem per garantir un bon funcionament del serveii per oferir uns canals de comunicaci\u00f3 fluids amb vosaltres.<\/p>\n<p>Ja podeu descarregar-vos l\u2019APP de 7iTRIA\/Fundesplai per a la gesti\u00f3 dels serveis de Temps de Migdia, a trav\u00e9s de la qual podreu gestionar inscripcions, rebre els informes, veure fotos i v\u00eddeos, rebre not\u00edcies i comunicats rellevants del dia a dia, i molt m\u00e9s!<\/p>\n<p><a href=\"https:\/\/activitats.fundesplai.org\/public\/landing\/app-7itria\">https:\/\/activitats.fundesplai.org\/public\/landing\/app-7itria<\/a><\/p>\n<p>Us adjuntem un breu tutorial de l\u2019aplicaci\u00f3, per a resoldre possibles dubtes de funcionament.<\/p>\n<p>A m\u00e9s, per qualsevol altre dubte relacionat amb la gesti\u00f3 del menjador, podeu adre\u00e7ar-vos a la coordinadora de centre l\u2019ESTHER de 8:30 a les 9:30.<\/p>\n<p>&nbsp;<\/p>\n<p>Gr\u00e0cies per la vostra confian\u00e7a,<\/p>\n<p>Salutacions,<\/p>\n<p>&nbsp;<\/p>\n<p>Equip de 7 i TRIA\/Fundesplai<\/p>\n","protected":false},"excerpt":{"rendered":"<p>&nbsp; &nbsp; &nbsp; &nbsp; &nbsp; &nbsp; Benvolgudes fam\u00edlies, &nbsp; Us donem la benvinguda al temps educatiu de migdia gestionat per 7 i TRIA\/Fundesplai, i us informem que en comen\u00e7ar el curs escolar 2024-2025, s\u2019iniciar\u00e0 el servei de menjador el mateix dilluns9 de setembre de 2024. Des de 7 i TRIA\/Fundesplai entenem el menjador escolar com [&hellip;]<\/p>\n","protected":false},"author":1,"featured_media":0,"parent":28,"menu_order":1,"comment_status":"closed","ping_status":"closed","template":"","meta":{"_bbp_topic_count":0,"_bbp_reply_count":0,"_bbp_total_topic_count":0,"_bbp_total_reply_count":0,"_bbp_voice_count":0,"_bbp_anonymous_reply_count":0,"_bbp_topic_count_hidden":0,"_bbp_reply_count_hidden":0,"_bbp_forum_subforum_count":0,"site-sidebar-layout":"default","site-content-layout":"","ast-site-content-layout":"","site-content-style":"default","site-sidebar-style":"default","ast-global-header-display":"","ast-banner-title-visibility":"","ast-main-header-display":"","ast-hfb-above-header-display":"","ast-hfb-below-header-display":"","ast-hfb-mobile-header-display":"","site-post-title":"","ast-breadcrumbs-content":"","ast-featured-img":"","footer-sml-layout":"","theme-transparent-header-meta":"","adv-header-id-meta":"","stick-header-meta":"","header-above-stick-meta":"","header-main-stick-meta":"","header-below-stick-meta":"","astra-migrate-meta-layouts":"default","ast-page-background-enabled":"default","ast-page-background-meta":{"desktop":{"background-color":"var(--ast-global-color-4)","background-image":"","background-repeat":"repeat","background-position":"center center","background-size":"auto","background-attachment":"scroll","background-type":"","background-media":"","overlay-type":"","overlay-color":"","overlay-opacity":"","overlay-gradient":""},"tablet":{"background-color":"","background-image":"","background-repeat":"repeat","background-position":"center center","background-size":"auto","background-attachment":"scroll","background-type":"","background-media":"","overlay-type":"","overlay-color":"","overlay-opacity":"","overlay-gradient":""},"mobile":{"background-color":"","background-image":"","background-repeat":"repeat","background-position":"center center","background-size":"auto","background-attachment":"scroll","background-type":"","background-media":"","overlay-type":"","overlay-color":"","overlay-opacity":"","overlay-gradient":""}},"ast-content-background-meta":{"desktop":{"background-color":"var(--ast-global-color-5)","background-image":"","background-repeat":"repeat","background-position":"center center","background-size":"auto","background-attachment":"scroll","background-type":"","background-media":"","overlay-type":"","overlay-color":"","overlay-opacity":"","overlay-gradient":""},"tablet":{"background-color":"var(--ast-global-color-5)","background-image":"","background-repeat":"repeat","background-position":"center center","background-size":"auto","background-attachment":"scroll","background-type":"","background-media":"","overlay-type":"","overlay-color":"","overlay-opacity":"","overlay-gradient":""},"mobile":{"background-color":"var(--ast-global-color-5)","background-image":"","background-repeat":"repeat","background-position":"center center","background-size":"auto","background-attachment":"scroll","background-type":"","background-media":"","overlay-type":"","overlay-color":"","overlay-opacity":"","overlay-gradient":""}},"footnotes":""},"class_list":["post-7712","page","type-page","status-publish","hentry"],"post_mailing_queue_ids":[],"_links":{"self":[{"href":"https:\/\/agora.xtec.cat\/escolasantmarti\/wp-json\/wp\/v2\/pages\/7712","targetHints":{"allow":["GET"]}}],"collection":[{"href":"https:\/\/agora.xtec.cat\/escolasantmarti\/wp-json\/wp\/v2\/pages"}],"about":[{"href":"https:\/\/agora.xtec.cat\/escolasantmarti\/wp-json\/wp\/v2\/types\/page"}],"author":[{"embeddable":true,"href":"https:\/\/agora.xtec.cat\/escolasantmarti\/wp-json\/wp\/v2\/users\/1"}],"replies":[{"embeddable":true,"href":"https:\/\/agora.xtec.cat\/escolasantmarti\/wp-json\/wp\/v2\/comments?post=7712"}],"version-history":[{"count":2,"href":"https:\/\/agora.xtec.cat\/escolasantmarti\/wp-json\/wp\/v2\/pages\/7712\/revisions"}],"predecessor-version":[{"id":7715,"href":"https:\/\/agora.xtec.cat\/escolasantmarti\/wp-json\/wp\/v2\/pages\/7712\/revisions\/7715"}],"up":[{"embeddable":true,"href":"https:\/\/agora.xtec.cat\/escolasantmarti\/wp-json\/wp\/v2\/pages\/28"}],"wp:attachment":[{"href":"https:\/\/agora.xtec.cat\/escolasantmarti\/wp-json\/wp\/v2\/media?parent=7712"}],"curies":[{"name":"wp","href":"https:\/\/api.w.org\/{rel}","templated":true}]}}