{"id":711,"date":"2018-02-27T08:00:11","date_gmt":"2018-02-27T07:00:11","guid":{"rendered":"http:\/\/agora.xtec.cat\/escolasantmarti\/?page_id=711"},"modified":"2025-12-06T08:52:25","modified_gmt":"2025-12-06T07:52:25","slug":"carnaval","status":"publish","type":"page","link":"https:\/\/agora.xtec.cat\/escolasantmarti\/celebracions\/carnaval\/","title":{"rendered":"Carnaval"},"content":{"rendered":"<div id=\"2CA9A\" style=\"width: 600px; height: 400px; display: none;\"><img decoding=\"async\" src=\"https:\/\/lh3.googleusercontent.com\/WHf-GgaEFxDGnGSG0atWLN9eV7v5-qhfThMbgT1WUb2T5iPvKtx8psaC3o5ci1WLoE0ZVZywprtoCibxdtkYyAUqKn-UFTumyON3v0xLoy4uV-QVD7-kaGhNOZ32AfqUdN43tc-9Ovtukp42jg8w6KWV0wHTZtssHU4Kd5T5VaNGYykuWAk4puNJJ6avEnEP5uoTXGGxmJ55bSXX3NrTbyVw7OmeGM6j_nrNmyrGgqTDmqpKmJxdKef61PIrhbr5B-YS-1EdBuRnXatAOWjn4rOYG7YupYIHwCU-VUpcOTl4nUShV0pqOzStaiAN6fx5AYKVtCFfIBjZfO8nBb4ggRWnG4YlAd0hVAAFUZLGXDDQF5KZLzXvHBBbn1jmSa4_0-YiBoy3y9uonUAJhuO1h1jH_msKT6uWj75BH2dSwCP86VeqPhJh4XNs7P-44_2qo0I_tf63aGY83lCK9BqbvTax_bC__RrTnk05kQhxJhHAoEQDBKVZVzzJeD1e6ZDEBCn11Jipg80j8NZf9XfcOdq-xU5puy00fAO8V8nkHjI4-p8xy3QuQZrAd4dA8sLwFppgJvjzWfjMmGpM90GpdCxuzfDeILA3Q9GfdD0tR43R5Sat4xd5B7sDtyUSbsrfe91ao04WIjsiggTcx2WcAwRE5qVBeySrrg=w800-h600-no\" data-link=\"https:\/\/photos.google.com\/share\/AF1QipMVuNZB8lFr0B2zcQ4F6PpjA_CpK30eBLaw58vSqcCMWjmFdsQZ3lPcam6VasLxXw\/photo\/AF1QipOc66ChmdRqG_xdq1wJm3iTGz-lb5Hj_lq4YbOV?key=bHhGUHhrWGhfNjVKbzZwbkpwYkhHOG14SV9MMElB\" \/><br \/>\n<img decoding=\"async\" src=\"https:\/\/lh3.googleusercontent.com\/XzDZGpq4sbCm6--MANK74NzTO_m7xaFLgKWQQRu_CY6r_Fx-wDLWvyZgwPYa9tvTHjeFLl7HkHGBtn2XDhFFy3qy_T8KCDDdvgPn0sc5OBuSgowWawdmaB-tHtgsnWgdn2LgrW3ATFQOh1tCmI7TFunMzjXU0Falj9MTItviAG6-cxRd-icEMSDPanoquiHRdF-8WbFGcJXEZeyRTi_INOh0I4a47Ttbe6G3m1wPTLh937xK40FLer_Wcg7Oyq4ocCNNMzmuHszonZpfqDhUuUTGXQd-NaCA0spJ_hXw5Iz1GhW3Djfz3mi5_IqA-d7RFtPLKieuMf-ds1nl3uJHFzgD--QIjy6B7nFbNcm8UzRlUhWamuKt-ffbaICVQ5eQZkdAPuMLFOMNniZ7rRSwPvqMW_Mz-ADmlNpYbIAH0KVgg9_VGgMhcBfDjRgeKf4O-Vzoz84K6BHEvGqO_ztaC4QvzQ8cVyO714FGQQaVvlPmzU8kCpqFewYdNKItMqIRYTaTh0btPkwBQ9TS16aXlwnVcJogWSvo5V3JkywRh6N0wAOwLUkwEJ_UzcuRATFAjgszbzDl8PuOp9yfqqop7pC7qDsPNvx1sWyRt4MyH4PIARHZOgpCCL9lx8K3uS28OMdTQf5IkMNLbi2GxQOpAP1IxKr6cSus7A=w800-h600-no\" data-link=\"https:\/\/photos.google.com\/share\/AF1QipMVuNZB8lFr0B2zcQ4F6PpjA_CpK30eBLaw58vSqcCMWjmFdsQZ3lPcam6VasLxXw\/photo\/AF1QipPtKW3eHwMM45U282Di_aUlk4vAh8gdNwZkxqLN?key=bHhGUHhrWGhfNjVKbzZwbkpwYkhHOG14SV9MMElB\" \/><br \/>\n<img decoding=\"async\" src=\"https:\/\/lh3.googleusercontent.com\/cVqUUE7N6pJiClrcHSQR-y3LybZK6FRDeK3pkUDAJM19ZaIHnWXLBNaz9yD85vy8CF3psw4o4Pco7WOcIR-7874SoWu67QpXhZFxMkMpPxna7VCi2NhantYDq6HlMV8intS1dHZzbd7s7F9gr48Q1-BIYFAhYy7U-FDry2j6zxd8LCdJHWADuSuwBBIj9m71nbxDDTRPCRK00deT2rWDzSTRLGJxHrODvEXv_GlhJSUo1LSPcq7PfQPiJYg0g8fZkG4BHR7SNC7QkPDPaaH0-0Vyk3CPZ6dDUosEp8FXyd6hTMIUJZtoTGYHqKzUf5ZbWiBotBlML2shKr71V1xStargzwHCiAMVXzGn0gI_y6JDF40hnP7OJhqwihVkfUbgUv4VgS3e8nrl_UTK20Z43lW3XO4tUHbPcrnNJO_mHN-XhELvSAfkb3GZ1BQ5RlHo9r-PyIeUPwOHb3tv7ZEVF8JGcKSHDf4jTR7IqhObKVcJNiKBiCNb0uWN8fy3GfGUG6ez6RQztlmSbXzAYeRyJgDnPuripSHg02h7Ts2KMsCarM2-m92DJP98Y-fFAtatiaBcVqKOrTnsXzpxXISD9kMfgMcSfyJBIcnRpnc6hpoSMYUb0zNijH7MpV38apbvEYlfA3_7rLFvTXzHuDHVrbKnDIPEOjhlqQ=w800-h600-no\" data-link=\"https:\/\/photos.google.com\/share\/AF1QipMVuNZB8lFr0B2zcQ4F6PpjA_CpK30eBLaw58vSqcCMWjmFdsQZ3lPcam6VasLxXw\/photo\/AF1QipPwO61ktV2ckl7ccqxfYgMHEZon2BJC1unXTa2D?key=bHhGUHhrWGhfNjVKbzZwbkpwYkhHOG14SV9MMElB\" \/><br \/>\n<img decoding=\"async\" src=\"https:\/\/lh3.googleusercontent.com\/AeRjuQHjmoN6dhXSFRw3t-Ow7V396rrChlAVQPpMR6EBv258vSzY3pxlOY35SAXnrhiQrxojYYd2wc5qNb6lTveYZJ9MEdlei1HavxqxyGWJ39A8pNx0ep8Ra44SuRusx2tplJuo87S2q4h4TU_VL-0o9NjAzX4kSwfbtF6KmKGZYVoHEmxkwpnWtaYco8gUH9v-aUDAqQace9VjMGUFl3i02Z0jW0wi8ZmL_x5VeJ-zLqYfvsYaXg38xRHs3ETqBNlu3f3XXDxupraLkl57wUQKcch5vLsU-bEvV37xhc85oMTeqVvN9f1zrgPrVMBbG3qhEbBhcSSakFRyuR8YuVvz9ccxTbEYBjW3VVvCckuUbAZERNH8Pl5F6wxgsEQXNVDgsjXaeaZWk6ci2FM8VQk-ZzuX-jBHgHR54eoNfAaRP8NHfTW02CHAvFrWfLuuQ173FZIiMTncfKzIwOLQZmIQ4wklkoRFlY123MUGsGgM0jnVhKv5helLrxtSyfcv6hPyaYUNhbG_xYp_06_ja6_JfN6mWm8Rk0wEVLuhLAYtgZ2YOv-_2gAs0Sum8u0PEZRsc1Anygx4Ex_IwLWllf3diqbRrVV_AyvII_rxkvXMzLTV8fsjsxAbFXKziTbxMz4da8brTCRdIqfgBSnXhs2jcznHzlziuw=w800-h600-no\" data-link=\"https:\/\/photos.google.com\/share\/AF1QipMVuNZB8lFr0B2zcQ4F6PpjA_CpK30eBLaw58vSqcCMWjmFdsQZ3lPcam6VasLxXw\/photo\/AF1QipPZ80bKqUnk-CvRZCRM7tPw42liSoUoBWdmHkuy?key=bHhGUHhrWGhfNjVKbzZwbkpwYkhHOG14SV9MMElB\" \/><br \/>\n<img decoding=\"async\" src=\"https:\/\/lh3.googleusercontent.com\/t7r1_yxGqxXwSQ1qHp3jk0Y1NLn_ZhzJ3EhB9dSzHuL4Z4N-82m05ew8tResxk4MBzKild2n69moEgmrBAGtmNnqtiVJOpqv_Mj2H2dPLZgXGttskGD2iy6C83Qc7uok1zT46IstkTAigywwyLycFtcIFd5s7VuDfl_8O7seU3NeJ3iFXP4VVq5GTZmF0M12d2JMw27OoWSrqv7pX0BzWaIIauCHncI3_b5zySaBwPBitM7IdqkWaSs18fJ8pppHl_Z7Bo7WxkCIEEUrqpGSbWw6t0-M3EeoD4L13lIFkIc2P87blRkdal3CKiHq2xNL2SCqXuC8ds4HPYAluJytw6JuA2WD0bDzjpgUFYVkUH-_4BeXscliZX-z7u1WfK8rJAMzOmKkPJP5ejN6VqoY6TSfQfC_TE7yHv7lSNDNSfmACLz6cPjAXUWulQH--sgOBkBlgYmkR4fiEXONxzUQoqAtTVw3_BvfLE-FOMyB4VWvzOvluUXdrKiFmfnPygSz8XTp1PeYnfvKca5Re1u_VJJg6F1PxmRtCAB3_7ruvjwuJtmr3ucZ_DP8IcKVyuebUvAk8cl-oWkr5zLwZxe1nC0wanRBcwnrcztpf9kFEh87ERo8LuscRafKpEfgsw-zuBktd1w88N7iHd7IDk58ZMUo5Cv7PFIf7w=w800-h600-no\" data-link=\"https:\/\/photos.google.com\/share\/AF1QipMVuNZB8lFr0B2zcQ4F6PpjA_CpK30eBLaw58vSqcCMWjmFdsQZ3lPcam6VasLxXw\/photo\/AF1QipPLtab3a2dgLZGqPq-gWFuE8lstGfImM72PvSrL?key=bHhGUHhrWGhfNjVKbzZwbkpwYkhHOG14SV9MMElB\" \/><br \/>\n<img decoding=\"async\" src=\"https:\/\/lh3.googleusercontent.com\/wEoAYatLIe6LOMua7eBHHfZCO55A7GwEEMhMauEfQx_Nl4FLCmtfCbQPK0V8_TkAtV6fw5jmToQfiwEVny85ZDJcC-cmjyTWiOqa8IJWVN1PRmHN8kjOEXVd6RApmNStPXfgpL0KK_uLmot4h-a8hn89DWK0Mmc62D-XkRX5NU-9Q0Z7qmSxgonHb2vfcgXt0uYES3JLHsPph0akkr8K-ClYLCdM8poi-IyfdjOulqtWj11WUUN0c9mR-pSL5WHft0KcgwKTIm1yORPpJ_DTEgha6uqZ8d3weh86WipziIKyTjuc1jBjhP0GgotLysiur-cogqfWJ4M_BQljJ2or2n8rCjMNGdksYrAUU1rM5JdEFrZAXYo-4KJOhOOZxP6ihxfswX4Wz14AfgI8dcl3N_SCS3GNj2tbPE4jkq4VfxjZosnOgb40lu7JbD2KWu2oxu6JHXjNHDAjkTc3mvDALBJn0ZYpFMQLlVUvM8D5sGU0vIlhPcBl6z_hQF6h8GspSGsR32IwiP9ZTCFizvIIUT0ehV2hd34I3qSShXRMR6tHrvflBidaYWdvPjjs8tLkcSUxogNQnxKUavB8sGcEZ88lxm0WRpwFP_yYzyjlhKTpJL8hjfCJt62lQQOF-W9LQms3orfcGYnrQETSZ7NBimkH_NFCQuv5LQ=w800-h600-no\" data-link=\"https:\/\/photos.google.com\/share\/AF1QipMVuNZB8lFr0B2zcQ4F6PpjA_CpK30eBLaw58vSqcCMWjmFdsQZ3lPcam6VasLxXw\/photo\/AF1QipOin2EdvRI__UwZKqCVvdOGmbJWm9ODNx-xaE80?key=bHhGUHhrWGhfNjVKbzZwbkpwYkhHOG14SV9MMElB\" \/><br \/>\n<img decoding=\"async\" src=\"https:\/\/lh3.googleusercontent.com\/XmSqnW0V3xc0Zs7R8q28LUJBA8eu3BsyFyEWA7FOj4sa7vVLDt2OiUq3VUUxewykxfbCfC4bGBQHL1Bs1CFKdpJnEVbGe6SmaJTgBL0xOwBO2JZdbc2c5pvH5Omq496SSUPbp7_l-978eRMprl3fnRYrYkacclJZQ_91sRUmz81deAb8wqvNnUjHx5g48NeUpCdYZtL6DUFo65-bVSh8xxWPNYxKNvVCrHqNyf61I8Hn1qIun5G4-lZ0YVQwzLWfjHqcRj-SD_xWMzU3j9JCcKm0LnNdNxVZ1StqAguVoie2t6SiXSjpc4kk2hHcqxaGLYi619Z_CCk9JOM1vOknT-X4MGTCYWhQ1lD7Ih-VFsGMh65j_BlO9kG5WhfmSQUFpnYeWicW_75zPu0d6HoobvnccFwOX4zcwJ-L4ML4-WM-ZF1lRsrr-oY-xl0Yb7yySrEFgUTq_pM5WxkT_OMq03XkFACen0esVh0D-30piQ62M17uOclQYW41-FyBK-olF7NIC0e3ZvmpxCmCKGTcBCbsFVHDo07C_xGuCu19D-b6GwnvhU__Jstr1tkSkB8OV4wr-H3IoEyJWg1TARJS01AqpQ3I4VfbjDm4cWrDFJgvTbkjSqWHKxnzGKjqls8Nqk7mP8l9uZmD6b2F5ncVtGOgzchtculGaA=w800-h600-no\" data-link=\"https:\/\/photos.google.com\/share\/AF1QipMVuNZB8lFr0B2zcQ4F6PpjA_CpK30eBLaw58vSqcCMWjmFdsQZ3lPcam6VasLxXw\/photo\/AF1QipO8cU5mFMaW8YznZq_0Ncaz8_ZGUXKb70sySL3_?key=bHhGUHhrWGhfNjVKbzZwbkpwYkhHOG14SV9MMElB\" \/><br \/>\n<img decoding=\"async\" src=\"https:\/\/lh3.googleusercontent.com\/bovtNjf0ZXxv00FvIRNO3fyZs1uSWvIHxyED9CAddWEwXsFHWR353pK40X_GIa_6K0G5XG4s5Wn4JrvTCJVP51rVPoAz0B8bZFlwF4sS8y1jT3Ja1gKLOkleu5TtS-n4ZPOluBgISCD2OOepGCI-bHMB54j6DX860wS8MDJmNHoqTKq1kZQawm0QjTMN6BkX6nhhbfc5EaxnVzjZ_TLrvYe3yK_3N166lRVJQy6txSRfbm84-CNuOjv4Qmuad_S7IY6LX6n2XCVNzC1bACF7GS0P4LFYQEGRhXSKAPJCuDQqgOsHAVMW_Ij3fpO8DyZ8MjCSVe4CZO8u996TamQJBHn_PiCaq69Be5deW70sSeD_43vnmXcJPG7sdBPl8G9m_EezaOJ1paJ9McA6uXqDXY2IJtOQ3fo0FIDPMMcl1FKzOmgSjF7jNoQkAk8hTwrL5pzauypnftu_RNmPbiSkRno146BUeXDvVoqXjOZKp6MfNfaPQNLbwgRN7SNVDaQR_FJFjMqc8d42kCtF4a_WfAH1yEFbHtPWBLdcpqKvtl_frUQxgwC_BX6XfnJ1bJpq8MkiWoOYZj03g2AsRWZor8XbP6t8zqmQK36-xAoF_EFtYmVf_PhgCHuf9xT4_Gov44yWFJQUBarLC6jTSa9KrpQdDbkliF3-AQ=w800-h600-no\" data-link=\"https:\/\/photos.google.com\/share\/AF1QipMVuNZB8lFr0B2zcQ4F6PpjA_CpK30eBLaw58vSqcCMWjmFdsQZ3lPcam6VasLxXw\/photo\/AF1QipPMi9BRNSrn9FtqRHR0lU_n9UEuOw61qRemtLYz?key=bHhGUHhrWGhfNjVKbzZwbkpwYkhHOG14SV9MMElB\" \/><br \/>\n<img decoding=\"async\" src=\"https:\/\/lh3.googleusercontent.com\/uKMp2Pd9MlnamJwZCL_p_ozch4HnLfScrYSRHq2i8ssCKdeyNDQaW6ZWgpUElTNeIlm-wA-5low4KbScEnk-oYbpl5Mdxt7v415zbv_h6LLSsmhKiTDI1idKhSXXx8CBftWeu4KngsrV-64hVqyJUZTKNPmhk2TvOhPSwGDmu8JsFhTW2Ja_3lPoD5eDGy1mtS6iIO9la7fyjXZ7TA6kGGUldUa60yL6GnRtaoDkJ4-q7_plMD5MkXFgMwhYAGuQhg3L_pyTUOsKd1TEU2YhujI3ZbwK1IkiMj9q17Bx34Wq5m8t8bO_9kaB6iEfzDSPxPyYnwuWJEETTIPw1S4UZlXpcZNtHd5Y6XppY-XJLQtfID4Slrz8c3sYBKTdVVY5zFhw1nMrn1DHcxf1CD4qCKT8V080pBzIGCVuqIb2h8UhMAX_ZbERToFm4sIL8Gb9MfxfUMNEqcUfahsxtNXspZVishg5JjD1MxMmLTu3smjc_Q2F3gcZMVcsyp9jsn_ezfQ5NFU1cX-H9Pbg_8qWJ3LcpGBLgRiOVDb15YDnTEsitIfsTSJ2z8YBeZvuY1INFc-BeiG58roX0P5gQQPgffoHDLC-WrPDHhQ0q9ttNyPqiHkSDedRZMZ3-aYBL8Xkp99lZZb_aR_GO7uwi2Wcb2h1RkxHEBL-Qw=w800-h600-no\" data-link=\"https:\/\/photos.google.com\/share\/AF1QipMVuNZB8lFr0B2zcQ4F6PpjA_CpK30eBLaw58vSqcCMWjmFdsQZ3lPcam6VasLxXw\/photo\/AF1QipPNfst7H6hCBBehFN-IxqxKRZLKb6NBy-V7G96c?key=bHhGUHhrWGhfNjVKbzZwbkpwYkhHOG14SV9MMElB\" \/><br \/>\n<img decoding=\"async\" src=\"https:\/\/lh3.googleusercontent.com\/uVVPqb70zVlQ_GMYRdaRtPbC1TUkwUGoWJD-5jngqYJuv-K7bCWhFZF7HMsYOv1bPIQ9qjoADy_b8saNm3QRaLWw55odLFYiNKbFGTUS3dwFt9jEx-ei8IEP1mo2xlo26uhJIU8-3KUF-pPqRE8593dX9RQTjrP_aOytELf-x_wjwrA553zJVQ2OYlFnHhNDGJUwwNUVX6uWEs8PASDqghamUoYdWcITc1tn9MqBUiRz0ghmRXYtpyECK5Nn1JsyLf82CDBHTGWnJaDSQwoFnpya8M9fjIn9xCeUK40pV8VOQtfO7nRn0t-sOjme8-Lw6BUAvQdqPYuCrrdrIMg8eP963P1uZ9E_40ynP9OzV1Qkqj8HDvTVTIm47VRpVZP2P1h0GKmln0WDZvzen116hrRyIu_nBp3g-xP08xFnAIZhQGKsDIGfcCUarADq1dnWpMxgiA-dPh5h_duQ_N46_ni9SwldOemyzuVrWGQPoSaT_3RwgIVQYt2zrnPd6TF9-TEncnAaA4AMd73uLDkvKLQDq5CSKxW2ms23CjMOQUjyJTjr4N5iOtAAl_vK05hYewac9fqvJ4CgrjAygltJnUPabui_Vcxkv7EN9LM7ZvPqP_3TuP2DUA2ofgA-7paAz_-pbCjS3XPzaRZoy0LQOiEWFYxC6lJmqw=w800-h600-no\" data-link=\"https:\/\/photos.google.com\/share\/AF1QipMVuNZB8lFr0B2zcQ4F6PpjA_CpK30eBLaw58vSqcCMWjmFdsQZ3lPcam6VasLxXw\/photo\/AF1QipMRk78nh_12gDMtZIDnCOng5dc9dxzLkA1AJzwa?key=bHhGUHhrWGhfNjVKbzZwbkpwYkhHOG14SV9MMElB\" \/><br \/>\n<img decoding=\"async\" src=\"https:\/\/lh3.googleusercontent.com\/nBa5161bOCDe3xVlssQgU_vBwAuB-qUzoSinVb_60pbwUT50xmM9F1yIPPQ6meKFqu8gagz9Ndp6GRXrkmrIZlxtg09zSYvmeGw_c7GMqJvnif4npJXaEzCnxiX8nOmazTflaFVnjVx-chzl6GwuxVCpW0xE8Q7y5yARmQl1ZJ6xwmAWuUrK-mHadWnYpUcJx9LMlZc5WNKKj5SJvX_rKGK8NSII8TaOSFTGDAuTPpFhI3xOFMNafq0N6SEsDZP1FzjrW1EUUKL1pkmtTymToZkK5sobkqtgG_-vYLE4tDly9nsr5YbW0IPdzhuT39bNzeSvwiLawM1VDw24ZCLztO7tze0fvq9-z2JyyRxg6Ng7xv8Yf39cxkrupP5QECA4E4wZaLOuW9TJ2Wq3_nYKBoQw-ty4bFFK-3IZgZG1q-lFoIzxchAnf-Vgq5f5QFhnVdSYQ-impeRmlC08Knp-5D1A2YJKd16RICP83qQAJ4mSYcs3FCbV4kCOOgKTgX0SJBW9RzP8TDwDGyKuZKSngVE-rrgvXmYyowUOO-ppTJiCqe5NrJmvI-X04For6AwmCTD2bcMig7B7qOuHkGAJldWll6gFQYcG3jrCHn3lj-Tr-1irDmGUhmw51pr6jxOI32XVLZ-O2UmqAEdgmhYgGcVESQKj90R-Bw=w800-h600-no\" data-link=\"https:\/\/photos.google.com\/share\/AF1QipMVuNZB8lFr0B2zcQ4F6PpjA_CpK30eBLaw58vSqcCMWjmFdsQZ3lPcam6VasLxXw\/photo\/AF1QipMSJEV-D5UWmb29ElRqDEgjJ8nKTmcuOy8KBlIh?key=bHhGUHhrWGhfNjVKbzZwbkpwYkhHOG14SV9MMElB\" \/><br \/>\n<img decoding=\"async\" src=\"https:\/\/lh3.googleusercontent.com\/cvIs3KVpe58YTdOVhwICXFBKb6kZR2QjqgZ-yHCTpOoydWbz7thNvTSkOgj0POepdKeeNIOUAr36Pt3BxfnWDM5hxafch2YDrOrFxeo2VbHs5XUyzlfyX0s0FJswh9ogXdgK_Y_Ubg1Sg6KhoDEIoPTgj4yt_vxz2gQdV5tubWlKPFa6Ynug9YJlADVoFx4WBl5ZsMBanvorOF16JRFyf1CIaXke_hnRgcAvMpQHPhK0vn6BnMU4jHEA5ERmQGsFixmeaoda_OOG1xi7s78t0nsD121QaY5aBXsL8vPoVtBRbvVqfdAuu4AmwJVXEb0WZzuMgb4k9lHgQI-hJEB1Aqt9MHrndu3ERBWmM9guntju6udGNEwTWTXGYh3KGZe5WGGrt39ZOItvwiqCJC7zgndrenOYmzAO36WuHv35CSHooKEvXgFjwpfCr9-qepVhyrjaRDrV_N6CzVurGf9DfE-V89u_qDUtMysTM7-xtnhBpSmHDt-AVvPsTUXJ9dUkoJzpBiGktuHZ8oA-6NwE6v---J_xCP4lxgM0DRhddg_7muRtLMgD9cYCQjATmrOPblLjXden8-CZid_yM56IWwlpw1e9fius5Tk44WQczCcaB77gTXW4dwqFesQwtP27Fj0dEoKFhkGmYigQjI_sxtVkdPJ-dd4kyQ=w800-h600-no\" data-link=\"https:\/\/photos.google.com\/share\/AF1QipMVuNZB8lFr0B2zcQ4F6PpjA_CpK30eBLaw58vSqcCMWjmFdsQZ3lPcam6VasLxXw\/photo\/AF1QipMBCD6SIKvwyjxAqL6glxpdNKYs4th1Aj3C8HQl?key=bHhGUHhrWGhfNjVKbzZwbkpwYkhHOG14SV9MMElB\" \/><br \/>\n<img decoding=\"async\" src=\"https:\/\/lh3.googleusercontent.com\/WcTF6kfob4H6tNnhSOT9hvjwlDayX64OvRzMu9fyly-2MWHIcafxb8jVpgGuw1xsRghQmn4ljvLskd8c62jyRxEBwBteFtqFBPNJYU0TDojZ1YvvO2_JxMb1P0BLosuukE87mgWnOmH-HxiX0wLR8wThwiAnhuSwbtE41uK3NjQQ0mpRP1XP2WyLaLitNpG6GU4UZELCpWvumtaCEEcA6MUZlIiKzdLJgPsJizuA_4HxkcXqKa-DYwXb4zBLSfLbPCJ24HFPcEfl_ClTN9Y1X5sfTlfPK5vyb34jbfMc55bGhZb6X6FsigOmQMTxHlJLuxJ72JLJ80uiGXCfkConNgDHT5galWFmZP9oLtKb-4sXCrYYIjV5zDrSKa7CMV06HDppHfU8d02_-D_mSgKxx30L42DnIQCemLq8JVjDFR96lTGJ0l10QDEpGIc099csgjUTSJNc2YDlnQ2PJTY1QBp2KuJgw5V0SzbUPTuVgyLaifv-LbHiJpV7KyM-MMfD0RdknHBOnaMAoP9a2caWoZTIAfOCN-ASo0xYTwC9XjnijzZtBwFd9EUjWbgPYZwiLPdrPA33fDQTY_ZsayfxW7O1lz4g92pZozpBgsg4uaTwy0PL-mMkFfg1_KnJ3x2dEcB33DIU9jzV6td1rhyAK-I3EztsSy563Q=w800-h600-no\" data-link=\"https:\/\/photos.google.com\/share\/AF1QipMVuNZB8lFr0B2zcQ4F6PpjA_CpK30eBLaw58vSqcCMWjmFdsQZ3lPcam6VasLxXw\/photo\/AF1QipP7GRKmI99_1Mh2N95Zm8lkuBgwgpq4k3x3wDe3?key=bHhGUHhrWGhfNjVKbzZwbkpwYkhHOG14SV9MMElB\" \/><br \/>\n<img decoding=\"async\" src=\"https:\/\/lh3.googleusercontent.com\/38MVYbhlbuZ51jGGoVYTCD5CdgVHWVOJhJANfMrZX2ElmUDOf78cM715xzKRYGQrHuJb_q7WolGex_i7MKaprZDb1EWJKNo8x0mb5erT0p4xVmn3shzsngXrDGdDcI2f6iTPwuetnTzhQqPR3AZx2iek76l7k1wj4aSYpEclzlMuGsD94EY1EpYRhyvETa7c4wciK1qFvQaJMyynWyg6REffQDqffo2l1Rvvyt1mv9p2L3hXp15-V6SFKTOZ1NF0yHI9nAdiGoBJm5DRHNa5VoFl5O8zztWF0CqpvqnsT7k_pTP2uGRuyvqc7P0Onm-MZ1wklcv0faZnJmJdvb65ETjsmQ97yDHIkX3ns3o7f4H5aWABEGq3pq--uuvbs6an3PtWTxB6jKlQjN0G_svcz238qFhnAiGbNYosW1lqFuaygpmZOGCiEH7Fc6NU9q1dNO68v3mzs5MoGnvO-Npbpx7x1QsBwHs7qFg7Yd-sA1zKiZLGdQKCpPvOmFZSucW16b5JCPEH4jfbpU3arUc3w9eO7bOnjWZqydY67sTaRqdxjXGp7CEAiFofOTudklwwAwYHp26kc_bLaJyZDkZzHYCQcbSkVktojyFf5F6Q56THEH1fX2iSQiFFO6E0-Tx0qt0AMYASsbA3pyXSy8kMdXW9n5Gmc1Gjhg=w800-h600-no\" data-link=\"https:\/\/photos.google.com\/share\/AF1QipMVuNZB8lFr0B2zcQ4F6PpjA_CpK30eBLaw58vSqcCMWjmFdsQZ3lPcam6VasLxXw\/photo\/AF1QipMGoMbRKtUTn6LmLuknmbNn2OuuBbWW7aUnkXd_?key=bHhGUHhrWGhfNjVKbzZwbkpwYkhHOG14SV9MMElB\" \/><br \/>\n<img decoding=\"async\" src=\"https:\/\/lh3.googleusercontent.com\/nH35ezmznlFYWt2h1R3eQ183MzSYDMFQjpxqOe1VkhNzBqLXM8WbY_BqIJli0H2Q7HEWN6QhchOBupcXnIrdmiZa-drGvH-RA1waIRLhdPpUaaIH9ggorAiciKV4SRvfDVj18TYIG_hMiloo3b_uqw7walTAwbGLPmWxK8F5lHTVbrJxagH5GGwf4PL7i6g8GPtREkNSqZlEPD5IfZDs07YmIzF9XbesccQ-IBJa3R5mu6d_cIRA-n6r6qy1sYn8zeVGgHQDBVnWCT3sd9PmEg-RLZNcKMo1s7AiRxlMAAT9SucDDJm0rVVkSIlmZN_nDjQwSTFZex-2uviJ5QvcJhTskmnGem9kSvPUOpd0CbMY_6Mm8GnddHegIN1rGf4bJMObYARmPsHmoCbqgG2r6gzbv1QHjSGjWc5zOfQHf_p7L3vjUgkLVzB5yCusGw06u-uTIelrIsL2jwPdFSVeCnQq3lWo5id_e3EXKm0cE_CSvz2nmSo7GVI1CncXpPQBFWXNaBSAkDtViOpteGCgrpuvS38weuBFXmj2HboGGWftWvWDRBxuT1y4nLOoSe58EtY-RDtzYQ4kRlQBQ9AUP4YziirRyqGWfeO3b810f7i-d09qyGJAV9uuneeWjkdSIV6ibLI-hjDIUIHHyBl4bDQybAZ2NOpqTg=w800-h600-no\" data-link=\"https:\/\/photos.google.com\/share\/AF1QipMVuNZB8lFr0B2zcQ4F6PpjA_CpK30eBLaw58vSqcCMWjmFdsQZ3lPcam6VasLxXw\/photo\/AF1QipOIvXLjFXznGQVrxoICxsRLvcRmgObzKRIPXxrh?key=bHhGUHhrWGhfNjVKbzZwbkpwYkhHOG14SV9MMElB\" \/><br \/>\n<img decoding=\"async\" src=\"https:\/\/lh3.googleusercontent.com\/ti58T72KaJUgRcIqr8W0NPh4sn7ySaiyyU1pTNXqGgc3rjyYjSNIYvhopaZnOfeZ7HVzdqV23mHrypUM2iegfFApIw9GsNgPAVpKkfhKajP6rLEPidrTYYBZ0yoz82-BROd9Kec_dhyYNq5gXSgkKJvbyHFK3_MPeV8oKSKb8F_THyX-bOVInflkIKDNoj6mdCW1R8H6svWb3XwDMenmZmfenixA61Lc8HSYkNWQ6B9Hfx5xbq50B05ZNkeg4msv-eITHUhqna83U5oC0Z1nIeIkubByXP6ZiIi-JSBbJ7iwCNSZEk78I8OKR0y9QCPGrlhV6-RWujdt-Q7UWco69nIJbTSwQEEY1mq8q7YZ2h7Tj7swUSYwaYqvMqQxpK5xDo1o6c-F5MKTDgfkj2pLmWgI5BOBgNYbIT-DLkTZg-8xFdGA-dnJgbk295irRdsDHMkmo_I1xLRkBjq9ayfYO2R4f4Z2NjbovkwuvF-XFGr35dUqiGQ0UU1_Wzi6J_HoJ0sRbax_vYBWAxW_oODBgqMxEcP09qhbNuh-7EG4EqCJ7mujgfzIpFJtL6g2bLLhNW7Qy630_3VjwGU8YGMyCl8BC8KVSc-XqssbvLpPT-NvJS7-4Ggx41NtRi8mox9C3K3FxqID3SLW4MFuoKIrq7BlFRd9pwcyVw=w800-h600-no\" data-link=\"https:\/\/photos.google.com\/share\/AF1QipMVuNZB8lFr0B2zcQ4F6PpjA_CpK30eBLaw58vSqcCMWjmFdsQZ3lPcam6VasLxXw\/photo\/AF1QipNOp6n4zYLw1xxsMe7wx5XpgXltli4E5e4aBoLv?key=bHhGUHhrWGhfNjVKbzZwbkpwYkhHOG14SV9MMElB\" \/><br \/>\n<img decoding=\"async\" src=\"https:\/\/lh3.googleusercontent.com\/csRiHA-tvLFMdXeTlypP8CytUEm97meaP-0l_hHo21flw3Banv7_5w0BnyxEGmm1-sr01XSr9p5DsZ8NOyRrKgvSrWel2ycbxjQsvfBE5aYKDhgLJGKstz7jf7N11c3XgrgesfoRvY1P-5k3wBRxUcG3ovmilDeCitqMX3Iug5nkuGvuHY5AhlfQTJ64IDZl3jcQnfNHt8K6l_w5IqVkJdBfcouLygJS42A4K5aAH8nz-eHIxHRSsGzcrP-OIuSP5X0m8t-0ZWh1uk4DBfYBfhSsQQ903jfBP6TXDrfz3KWNAgopb88BGmD9UtL5aSPEfMVYs0iO_5CQTjnFXfNtxxV1PE2hMXRbSfQbDl4RccxlsN8B1hDsQfAIDhzj3HJSPUWx6RbMml5iyJ88poiwr1oF-klFZvIaXxMtJRkTu7jXFe-WHjGqrsKQpIDEr-hy9Q6c4g2XVOOUCHmDiPTl3So72QLeRFBGb4cqhdeWWCl5RNg2xhAFR6rwlAe3qZLQaZEXcGRrqZmAghb_NJ_10Jke05SLYACP-I8KYF63bt60khd-4GZPwiATCL5jiYOF3TgFXQC4xyNiE-UYa3O-AiM0fYwxCwo0no6HH_HjiLKliB-2ZYU11rxqfOz0vFTcXJWKsWrcTCjsDKuZWTxPuBjoZHyPXXoAfg=w800-h600-no\" data-link=\"https:\/\/photos.google.com\/share\/AF1QipMVuNZB8lFr0B2zcQ4F6PpjA_CpK30eBLaw58vSqcCMWjmFdsQZ3lPcam6VasLxXw\/photo\/AF1QipNJIaIdnaF0ASPgYxQEcrRGeOAIhuQi6Wl8_gEX?key=bHhGUHhrWGhfNjVKbzZwbkpwYkhHOG14SV9MMElB\" \/><br \/>\n<img decoding=\"async\" src=\"https:\/\/lh3.googleusercontent.com\/GGX86B5_SdmjPCnJwhp4FKrKqNcJve4ulHyvtoF9F84fZ2A6Zu8PVHgAR3_FuHtFwgOOOXkDSqVdiruQr0hPUvzHH-82troYQFVkVIfPtN3PTDa6ktXNc9AATRypXWZItVETUbaOZhHYXnJG4O_BO8knLFpEiXlS0j7cTMQe2qcX8OuKQ2mXTr-ed_QADdQW4RJDyG1HfYeIwP9DCkqTpND_VSV-4JrCYJZKmEld1eoQQx232EsAbOmpbt1oFSvt9zTuUmuxxBlwHfi7zq_IH7pAFv3MaLJch_28tce2lO9xDNvMwTAsNhr9GBDzUQOG8q05sdD3u7Gv-O88qn40-ZcFfUHSO58AGI9fRql8Uum9KlpVqqQOvGjGbVfYg-Zi-A3KKUaDP_wqwep-nrhQRX4uUM4wwzEZsyn6FK6xoQ_i-4EGwvOsJRWCgZGVdXGZGMjmvBgWuqHTq6x7IK6C-bepV57k4qzMKqauhzrv4KgftBjxgiWNKAAMm_m_sB_4sTWsgL-6--zVoq7wq7zNHGliFDTwHzUmvJ4mBGDYdkEASMPqTyDLtpZv6nJ8dDERIbGvMop4dre9n33ONvz_e42ZMQZTb3Lyd52MeMxCEjWaZUqJSZC9xXLm5ItejeryWXekEw0AKqox2SYSSqfdpjrq4oc_SenTdQ=w800-h600-no\" data-link=\"https:\/\/photos.google.com\/share\/AF1QipMVuNZB8lFr0B2zcQ4F6PpjA_CpK30eBLaw58vSqcCMWjmFdsQZ3lPcam6VasLxXw\/photo\/AF1QipPxwaYcRr19NDEGDoqfEINnlWh2qK3fQhdrnVc0?key=bHhGUHhrWGhfNjVKbzZwbkpwYkhHOG14SV9MMElB\" \/><br \/>\n<img decoding=\"async\" src=\"https:\/\/lh3.googleusercontent.com\/6AnA3D0OoV_XcySxpi9rvJmpUbEACxOO_9txf5obvOaw0w1b39cjgmLBBaaJIjlYp9QfW7PGu65h6HRZutt27CVZo7T6o3hNEObTIAqefZmslrgmVPWhdSNJHTnVAcbdnIA4vCHSWBRlrwIXJhXB47-l7BexZTsENNfwpVn35cAyMV78T1bBS_gOvnaiRwgFalRuFOBLwgXF2JZo1HhCHxgnc7DBo92OU5ZxyBp1yK6Jtxh8dfA-iILpzjn8sGjiv1OIiIZfSnjK8cRVCtUqzSni6hwSB37qSp6fSpOeL15NBcn_uZO3F9fS2FhTdNFro4s4H4kb16VTadyGkm1N_iJf_xUzS7lUWAH3tmxTPSDON_zzZ3a600ALzk_iYBemlxnmVrQvI7cNBzbbhsapwqlLH4i7SrY6ksrJGIbB936dKrY4Pnw6A_F8Xv9a0_iBfPyrPwJfAjWPU_ht5o8yi5pYyS3hsRjLQTohqB3Jjkw5pgkSpFFEXoAKUGwGVko9ySc53gUti55EAlmR_CVXOEYc22L_f5Ap3RFpS_wtVQqu4XsGS6YaqEhZEog4pkgFbCfj9XTZakT-AQyxqnL894nY90Cq8ie2aS3V1GxaSUpGlPZFVi6zJ5Ev-Y8G4aIDAYri-N0hvznW8f7q4lQcYfpFbfH8QWnCTQ=w800-h600-no\" data-link=\"https:\/\/photos.google.com\/share\/AF1QipMVuNZB8lFr0B2zcQ4F6PpjA_CpK30eBLaw58vSqcCMWjmFdsQZ3lPcam6VasLxXw\/photo\/AF1QipOS5GxKV7kSFk1T4nxoeZkAwJQGjABLw18Oe50R?key=bHhGUHhrWGhfNjVKbzZwbkpwYkhHOG14SV9MMElB\" \/><br \/>\n<img decoding=\"async\" src=\"https:\/\/lh3.googleusercontent.com\/cJsNg0P0kAQr5Wx5xEFMJ07rGnDYOrvdFAN7y75puaErJxtTesiTZDLh1hqgOZurLUdO73o9hytbS5FYHTKIg6hYrsBjJ9VuHFMK_SQaFWnMMLjLxLHr4WFLuFgGmoEs3pR6XKFn9VLBzn9cQpd06ly7IUm8sKMjQDripyGJKsjwIJU1dAcDE7sd8UrYB3EQoEUNYp3RRHIb46m9cSepxC3AagDJhsLyloSy1nRmOE6Upf-XNd1pIFY8gVV7c0mDCxuUhw8CsgrATOluiiYHCMkbPEnMnfyB_8BJEIYrz45moTTmOqkJSkAsgDSZApR9pWO5tjXJ3YRpH86YGLpRvnJ7UUMCF4hHMFUa0hBv72T5I5rgV6Eqy3uM3JsAW3D3v7GwoiF1LiNZYZOivmsKM8VgQyCKDvsQulZuLZXFepVn1IAM_6opODd4q9DY6kBl9qBGNyLoPsIevMs631ohYwu7_fdNzwdsE6TC99y_IWU1DPaqA8JtTIYTG1uHKzmdW4dXBfIkF2YfYX8VezdkbbzfvWQg6yBLK9BFtipnrKtzEE0qPV94Sjao2JSh_X5UvUvpGBf_R02T5mNxTuxtCnzI4WjEV-JC7SGxwkl2EbyOQisziHzJG1og5ckdZRHm_e2Nf8BQ5ktKsNJXA8PIV0dUh6gN_wvsMg=w800-h600-no\" data-link=\"https:\/\/photos.google.com\/share\/AF1QipMVuNZB8lFr0B2zcQ4F6PpjA_CpK30eBLaw58vSqcCMWjmFdsQZ3lPcam6VasLxXw\/photo\/AF1QipMirJf1ptLrXmjAAUB90oi96Nz73t6Sl9ZM03lb?key=bHhGUHhrWGhfNjVKbzZwbkpwYkhHOG14SV9MMElB\" \/><\/div>\n<p>Carnestoltes arriba al Sant Mart\u00ed per posar-ho tot del rev\u00e9s.<\/p>\n<p>\u201c<em><strong>Quan arriba Carnestoltes tots ens posem a donar voltes<\/strong><\/em>\u201d diu la dita, aix\u00f2 \u00e9s el que passa a educaci\u00f3 infantil i prim\u00e0ria. \u00a0Com mana la tradici\u00f3, els nens i nenes segueixen cada dia les ordres del Carnestoltes, avui en pijama, dem\u00e0 amb els cabells de colors, etc. Els delegats d\u2019aula s\u00f3n els encarregats de preparar aquestes ordres.<\/p>\n<ul>\n<li>Divendres de la setmana abans de carnaval, a la tarda, arriba carnestoltes i dona el tret de sortida a la setmana m\u00e9s boja de tot el curs.<\/li>\n<li>Dijous llarder anem tota l\u2019escola\u00a0 a Can Jalp\u00ed a celebrar tots junts aquest dia.\u00a0 Els grans fan d\u2019acompanyants dels petits, en la baixada i en la pujada, i tots junts gaudim d\u2019un mat\u00ed esmorzant i fent escola.<\/li>\n<li>El divendres de Carnestoltes fem una gran rua al mat\u00ed i a la tarda fem ball de disfresses a la pista de l\u2019escola.<\/li>\n<\/ul>\n<p>Per concloure la celebraci\u00f3 Dimecres de Cendra fem l\u2019enterrament de la sardina i una bona xocolatada que ens prepara l\u2019AFA de l\u2019escola.<\/p>\n<p><a href=\"https:\/\/agora.xtec.cat\/escolasantmarti\/wp-content\/uploads\/usu1487\/2019\/10\/Carnestoltes.jpg\"><img loading=\"lazy\" decoding=\"async\" class=\"wp-image-1251 size-full aligncenter\" src=\"https:\/\/agora.xtec.cat\/escolasantmarti\/wp-content\/uploads\/usu1487\/2019\/10\/Carnestoltes.jpg\" alt=\"\" width=\"978\" height=\"368\" srcset=\"https:\/\/agora.xtec.cat\/escolasantmarti\/wp-content\/uploads\/usu1487\/2019\/10\/Carnestoltes.jpg 978w, https:\/\/agora.xtec.cat\/escolasantmarti\/wp-content\/uploads\/usu1487\/2019\/10\/Carnestoltes-300x113.jpg 300w, https:\/\/agora.xtec.cat\/escolasantmarti\/wp-content\/uploads\/usu1487\/2019\/10\/Carnestoltes-768x289.jpg 768w\" sizes=\"auto, (max-width: 978px) 100vw, 978px\" \/><\/a><\/p>\n<p>&nbsp;<\/p>\n<p>&nbsp;<\/p>\n","protected":false},"excerpt":{"rendered":"<p>Carnestoltes arriba al Sant Mart\u00ed per posar-ho tot del rev\u00e9s. \u201cQuan arriba Carnestoltes tots ens posem a donar voltes\u201d diu la dita, aix\u00f2 \u00e9s el que passa a educaci\u00f3 infantil i prim\u00e0ria. \u00a0Com mana la tradici\u00f3, els nens i nenes segueixen cada dia les ordres del Carnestoltes, avui en pijama, dem\u00e0 amb els cabells de [&hellip;]<\/p>\n","protected":false},"author":1,"featured_media":0,"parent":703,"menu_order":30,"comment_status":"closed","ping_status":"closed","template":"","meta":{"_bbp_topic_count":0,"_bbp_reply_count":0,"_bbp_total_topic_count":0,"_bbp_total_reply_count":0,"_bbp_voice_count":0,"_bbp_anonymous_reply_count":0,"_bbp_topic_count_hidden":0,"_bbp_reply_count_hidden":0,"_bbp_forum_subforum_count":0,"site-sidebar-layout":"default","site-content-layout":"","ast-site-content-layout":"default","site-content-style":"default","site-sidebar-style":"default","ast-global-header-display":"","ast-banner-title-visibility":"","ast-main-header-display":"","ast-hfb-above-header-display":"","ast-hfb-below-header-display":"","ast-hfb-mobile-header-display":"","site-post-title":"","ast-breadcrumbs-content":"","ast-featured-img":"","footer-sml-layout":"","theme-transparent-header-meta":"default","adv-header-id-meta":"","stick-header-meta":"","header-above-stick-meta":"","header-main-stick-meta":"","header-below-stick-meta":"","astra-migrate-meta-layouts":"set","ast-page-background-enabled":"default","ast-page-background-meta":{"desktop":{"background-color":"var(--ast-global-color-4)","background-image":"","background-repeat":"repeat","background-position":"center center","background-size":"auto","background-attachment":"scroll","background-type":"","background-media":"","overlay-type":"","overlay-color":"","overlay-opacity":"","overlay-gradient":""},"tablet":{"background-color":"","background-image":"","background-repeat":"repeat","background-position":"center center","background-size":"auto","background-attachment":"scroll","background-type":"","background-media":"","overlay-type":"","overlay-color":"","overlay-opacity":"","overlay-gradient":""},"mobile":{"background-color":"","background-image":"","background-repeat":"repeat","background-position":"center center","background-size":"auto","background-attachment":"scroll","background-type":"","background-media":"","overlay-type":"","overlay-color":"","overlay-opacity":"","overlay-gradient":""}},"ast-content-background-meta":{"desktop":{"background-color":"var(--ast-global-color-5)","background-image":"","background-repeat":"repeat","background-position":"center center","background-size":"auto","background-attachment":"scroll","background-type":"","background-media":"","overlay-type":"","overlay-color":"","overlay-opacity":"","overlay-gradient":""},"tablet":{"background-color":"var(--ast-global-color-5)","background-image":"","background-repeat":"repeat","background-position":"center center","background-size":"auto","background-attachment":"scroll","background-type":"","background-media":"","overlay-type":"","overlay-color":"","overlay-opacity":"","overlay-gradient":""},"mobile":{"background-color":"var(--ast-global-color-5)","background-image":"","background-repeat":"repeat","background-position":"center center","background-size":"auto","background-attachment":"scroll","background-type":"","background-media":"","overlay-type":"","overlay-color":"","overlay-opacity":"","overlay-gradient":""}},"footnotes":""},"class_list":["post-711","page","type-page","status-publish","hentry"],"post_mailing_queue_ids":[],"_links":{"self":[{"href":"https:\/\/agora.xtec.cat\/escolasantmarti\/wp-json\/wp\/v2\/pages\/711","targetHints":{"allow":["GET"]}}],"collection":[{"href":"https:\/\/agora.xtec.cat\/escolasantmarti\/wp-json\/wp\/v2\/pages"}],"about":[{"href":"https:\/\/agora.xtec.cat\/escolasantmarti\/wp-json\/wp\/v2\/types\/page"}],"author":[{"embeddable":true,"href":"https:\/\/agora.xtec.cat\/escolasantmarti\/wp-json\/wp\/v2\/users\/1"}],"replies":[{"embeddable":true,"href":"https:\/\/agora.xtec.cat\/escolasantmarti\/wp-json\/wp\/v2\/comments?post=711"}],"version-history":[{"count":5,"href":"https:\/\/agora.xtec.cat\/escolasantmarti\/wp-json\/wp\/v2\/pages\/711\/revisions"}],"predecessor-version":[{"id":8193,"href":"https:\/\/agora.xtec.cat\/escolasantmarti\/wp-json\/wp\/v2\/pages\/711\/revisions\/8193"}],"up":[{"embeddable":true,"href":"https:\/\/agora.xtec.cat\/escolasantmarti\/wp-json\/wp\/v2\/pages\/703"}],"wp:attachment":[{"href":"https:\/\/agora.xtec.cat\/escolasantmarti\/wp-json\/wp\/v2\/media?parent=711"}],"curies":[{"name":"wp","href":"https:\/\/api.w.org\/{rel}","templated":true}]}}