{"id":638,"date":"2018-02-26T19:59:50","date_gmt":"2018-02-26T18:59:50","guid":{"rendered":"http:\/\/agora.xtec.cat\/escolasantmarti\/?page_id=638"},"modified":"2025-10-14T16:15:45","modified_gmt":"2025-10-14T14:15:45","slug":"pagina","status":"publish","type":"page","link":"https:\/\/agora.xtec.cat\/escolasantmarti\/projectes-descola\/sostenibilitat\/pagina\/","title":{"rendered":"L&#8217;hort escolar"},"content":{"rendered":"<h5><span style=\"color: #339966;\">Nou projecte del nostre hort:<\/span><br \/>\nUn lloc on estem cultivant verdures fresques, herbes arom\u00e0tiques, flors i petits fruits, convertint-lo alhora un espai acollidor, bonic i on aprenem moltes coses.<br \/>\nAqu\u00ed, nens i nenes de totes les edats \u2014des dels petits de 3 anys fins als m\u00e9s grans de 12\u2014 hi tenen un lloc. Els nostres alumnes poden participar, observar, plantar, regar i collir, l&#8217;hort va adaptant-se a les seves capacitats i curiositats.<br \/>\n<span style=\"color: #339966;\">Principis<\/span><br \/>\nCreem un hort amb arom\u00e0tiques, verdures, plantes de fulla i flors millorant la biodiversitat i atraient pol\u00b7linitzadors. Alhora minimitzem plagues i creem un espai relaxant i est\u00e8tic.<br \/>\n<span style=\"color: #339966;\">Biodiversitat<\/span><br \/>\nUn hort d&#8217;alta densitat optimitza l&#8217;espai disponible, cosa que permet conrear m\u00e9s plantes en menys superf\u00edcie, alhora millora la qualitat del s\u00f2l gr\u00e0cies a la diversitat de cultius, redueix l\u2019aparici\u00f3 d\u2019herbes i plagues, protegeix de s\u00f2l i facilita una gesti\u00f3 eficient de l&#8217;aigua.<br \/>\n<span style=\"color: #339966;\">Alta densitat<\/span><br \/>\nEls bancals delimitats, el rec autom\u00e0tic i els encoixinats permeten gaudir d&#8217;un hort productiu que alhora \u00e9s m\u00e9s f\u00e0cil de mantenir F\u00e0cil manteniment Plantes anuals i plurianuals.<br \/>\nLa combinaci\u00f3 de plantes plurianuals amb plantes de temporada permetr\u00e0 mantenir un jard\u00ed d\u2019arom\u00e0tiques, fruits i flors estable i espais per a hortalisses i plantes de temporada que es podran anar substituint en les diverses estacions.<br \/>\n<span style=\"color: #339966;\">Associacions beneficioses<\/span><br \/>\nEn distribuir les plantes incloses al projecte per a l&#8217;hort, es tenen en compte tant les associacions beneficioses com les incompatibilitats entre elles.<br \/>\n<span style=\"color: #339966;\">Hort inclusiu<\/span><br \/>\nL\u2019hort \u00e9s un espai inclusiu pensat per a tothom on es pot treballar de moltes maneres diferents, adaptant les activitats a cada persona. \u00c9s un entorn viu on es pot aprendre tocant, observant, escoltant, olorant i fins i tot tastant, fent que tothom pugui participar-hi des dels seus propis sentits i possibilitats.<br \/>\nEl disseny d\u2019aquest hort maximitza la varietat i diversitat perqu\u00e8 sigui un hort sensorial, \u00e9s a dir amb gran varietat d\u2019olors, colors, formes, textures i gustos&#8230;<br \/>\nPel que fa a espais, els passadissos s\u00f3n amples i els espais accessibles, per permetre el pas d\u2019alumnes amb mobilitat redu\u00efda o altres necessitats especials.<br \/>\n<span style=\"color: #339966;\">Punt de partida<\/span><br \/>\nHort escolar d&#8217;11,20\u202fm de llargada x 4,55\u202fm d\u2019amplada orientat al Sud. Vallat i amb una xarxa de protecci\u00f3 de xarxa per dalt. Disposa de reg amb goters.<br \/>\nL\u2019espai per tal de distribuir l\u2019hort en 4 bancals: 1 bancal per Educaci\u00f3 infantil i 3 bancals per la Prim\u00e0ria (1 per cada cicle).<br \/>\nEn aquest projecte es proposen idees de distribuci\u00f3, planificaci\u00f3 dels cultius al llarg del curs i activitats per tal que l\u2019alumnat pugui fer \u00fas, gaudir i aprendre de l\u2019hort escolar en diversos moments del curs d\u2019una manera estructurada i senzilla.<\/h5>\n","protected":false},"excerpt":{"rendered":"<p>Nou projecte del nostre hort: Un lloc on estem cultivant verdures fresques, herbes arom\u00e0tiques, flors i petits fruits, convertint-lo alhora un espai acollidor, bonic i on aprenem moltes coses. Aqu\u00ed, nens i nenes de totes les edats \u2014des dels petits de 3 anys fins als m\u00e9s grans de 12\u2014 hi tenen un lloc. Els nostres [&hellip;]<\/p>\n","protected":false},"author":1,"featured_media":0,"parent":38,"menu_order":10,"comment_status":"closed","ping_status":"closed","template":"","meta":{"_bbp_topic_count":0,"_bbp_reply_count":0,"_bbp_total_topic_count":0,"_bbp_total_reply_count":0,"_bbp_voice_count":0,"_bbp_anonymous_reply_count":0,"_bbp_topic_count_hidden":0,"_bbp_reply_count_hidden":0,"_bbp_forum_subforum_count":0,"site-sidebar-layout":"default","site-content-layout":"","ast-site-content-layout":"default","site-content-style":"default","site-sidebar-style":"default","ast-global-header-display":"","ast-banner-title-visibility":"","ast-main-header-display":"","ast-hfb-above-header-display":"","ast-hfb-below-header-display":"","ast-hfb-mobile-header-display":"","site-post-title":"","ast-breadcrumbs-content":"","ast-featured-img":"","footer-sml-layout":"","theme-transparent-header-meta":"default","adv-header-id-meta":"","stick-header-meta":"","header-above-stick-meta":"","header-main-stick-meta":"","header-below-stick-meta":"","astra-migrate-meta-layouts":"set","ast-page-background-enabled":"default","ast-page-background-meta":{"desktop":{"background-color":"var(--ast-global-color-4)","background-image":"","background-repeat":"repeat","background-position":"center center","background-size":"auto","background-attachment":"scroll","background-type":"","background-media":"","overlay-type":"","overlay-color":"","overlay-opacity":"","overlay-gradient":""},"tablet":{"background-color":"","background-image":"","background-repeat":"repeat","background-position":"center center","background-size":"auto","background-attachment":"scroll","background-type":"","background-media":"","overlay-type":"","overlay-color":"","overlay-opacity":"","overlay-gradient":""},"mobile":{"background-color":"","background-image":"","background-repeat":"repeat","background-position":"center center","background-size":"auto","background-attachment":"scroll","background-type":"","background-media":"","overlay-type":"","overlay-color":"","overlay-opacity":"","overlay-gradient":""}},"ast-content-background-meta":{"desktop":{"background-color":"var(--ast-global-color-5)","background-image":"","background-repeat":"repeat","background-position":"center center","background-size":"auto","background-attachment":"scroll","background-type":"","background-media":"","overlay-type":"","overlay-color":"","overlay-opacity":"","overlay-gradient":""},"tablet":{"background-color":"var(--ast-global-color-5)","background-image":"","background-repeat":"repeat","background-position":"center center","background-size":"auto","background-attachment":"scroll","background-type":"","background-media":"","overlay-type":"","overlay-color":"","overlay-opacity":"","overlay-gradient":""},"mobile":{"background-color":"var(--ast-global-color-5)","background-image":"","background-repeat":"repeat","background-position":"center center","background-size":"auto","background-attachment":"scroll","background-type":"","background-media":"","overlay-type":"","overlay-color":"","overlay-opacity":"","overlay-gradient":""}},"footnotes":""},"class_list":["post-638","page","type-page","status-publish","hentry"],"post_mailing_queue_ids":[],"_links":{"self":[{"href":"https:\/\/agora.xtec.cat\/escolasantmarti\/wp-json\/wp\/v2\/pages\/638","targetHints":{"allow":["GET"]}}],"collection":[{"href":"https:\/\/agora.xtec.cat\/escolasantmarti\/wp-json\/wp\/v2\/pages"}],"about":[{"href":"https:\/\/agora.xtec.cat\/escolasantmarti\/wp-json\/wp\/v2\/types\/page"}],"author":[{"embeddable":true,"href":"https:\/\/agora.xtec.cat\/escolasantmarti\/wp-json\/wp\/v2\/users\/1"}],"replies":[{"embeddable":true,"href":"https:\/\/agora.xtec.cat\/escolasantmarti\/wp-json\/wp\/v2\/comments?post=638"}],"version-history":[{"count":6,"href":"https:\/\/agora.xtec.cat\/escolasantmarti\/wp-json\/wp\/v2\/pages\/638\/revisions"}],"predecessor-version":[{"id":8008,"href":"https:\/\/agora.xtec.cat\/escolasantmarti\/wp-json\/wp\/v2\/pages\/638\/revisions\/8008"}],"up":[{"embeddable":true,"href":"https:\/\/agora.xtec.cat\/escolasantmarti\/wp-json\/wp\/v2\/pages\/38"}],"wp:attachment":[{"href":"https:\/\/agora.xtec.cat\/escolasantmarti\/wp-json\/wp\/v2\/media?parent=638"}],"curies":[{"name":"wp","href":"https:\/\/api.w.org\/{rel}","templated":true}]}}

<h5><span style="color: #339966;">Nou projecte del nostre hort:</span><br />
Un lloc on estem cultivant verdures fresques, herbes aromàtiques, flors i petits fruits, convertint-lo alhora un espai acollidor, bonic i on aprenem moltes coses.<br />
Aquí, nens i nenes de totes les edats —des dels petits de 3 anys fins als més grans de 12— hi tenen un lloc. Els nostres alumnes poden participar, observar, plantar, regar i collir, l&#8217;hort va adaptant-se a les seves capacitats i curiositats.<br />
<span style="color: #339966;">Principis</span><br />
Creem un hort amb aromàtiques, verdures, plantes de fulla i flors millorant la biodiversitat i atraient pol·linitzadors. Alhora minimitzem plagues i creem un espai relaxant i estètic.<br />
<span style="color: #339966;">Biodiversitat</span><br />
Un hort d&#8217;alta densitat optimitza l&#8217;espai disponible, cosa que permet conrear més plantes en menys superfície, alhora millora la qualitat del sòl gràcies a la diversitat de cultius, redueix l’aparició d’herbes i plagues, protegeix de sòl i facilita una gestió eficient de l&#8217;aigua.<br />
<span style="color: #339966;">Alta densitat</span><br />
Els bancals delimitats, el rec automàtic i els encoixinats permeten gaudir d&#8217;un hort productiu que alhora és més fàcil de mantenir Fàcil manteniment Plantes anuals i plurianuals.<br />
La combinació de plantes plurianuals amb plantes de temporada permetrà mantenir un jardí d’aromàtiques, fruits i flors estable i espais per a hortalisses i plantes de temporada que es podran anar substituint en les diverses estacions.<br />
<span style="color: #339966;">Associacions beneficioses</span><br />
En distribuir les plantes incloses al projecte per a l&#8217;hort, es tenen en compte tant les associacions beneficioses com les incompatibilitats entre elles.<br />
<span style="color: #339966;">Hort inclusiu</span><br />
L’hort és un espai inclusiu pensat per a tothom on es pot treballar de moltes maneres diferents, adaptant les activitats a cada persona. És un entorn viu on es pot aprendre tocant, observant, escoltant, olorant i fins i tot tastant, fent que tothom pugui participar-hi des dels seus propis sentits i possibilitats.<br />
El disseny d’aquest hort maximitza la varietat i diversitat perquè sigui un hort sensorial, és a dir amb gran varietat d’olors, colors, formes, textures i gustos&#8230;<br />
Pel que fa a espais, els passadissos són amples i els espais accessibles, per permetre el pas d’alumnes amb mobilitat reduïda o altres necessitats especials.<br />
<span style="color: #339966;">Punt de partida</span><br />
Hort escolar d&#8217;11,20 m de llargada x 4,55 m d’amplada orientat al Sud. Vallat i amb una xarxa de protecció de xarxa per dalt. Disposa de reg amb goters.<br />
L’espai per tal de distribuir l’hort en 4 bancals: 1 bancal per Educació infantil i 3 bancals per la Primària (1 per cada cicle).<br />
En aquest projecte es proposen idees de distribució, planificació dels cultius al llarg del curs i activitats per tal que l’alumnat pugui fer ús, gaudir i aprendre de l’hort escolar en diversos moments del curs d’una manera estructurada i senzilla.</h5>

<p>Nou projecte del nostre hort: Un lloc on estem cultivant verdures fresques, herbes aromàtiques, flors i petits fruits, convertint-lo alhora un espai acollidor, bonic i on aprenem moltes coses. Aquí, nens i nenes de totes les edats —des dels petits de 3 anys fins als més grans de 12— hi tenen un lloc. Els nostres [&hellip;]</p>
