{"id":607,"date":"2018-02-26T13:40:17","date_gmt":"2018-02-26T12:40:17","guid":{"rendered":"http:\/\/agora.xtec.cat\/escolasantmarti\/?page_id=607"},"modified":"2025-12-06T09:17:13","modified_gmt":"2025-12-06T08:17:13","slug":"pagina-en-blanc","status":"publish","type":"page","link":"https:\/\/agora.xtec.cat\/escolasantmarti\/projectes-descola\/pagina-en-blanc\/","title":{"rendered":"Audiovisuals i r\u00e0dio"},"content":{"rendered":"<h5>L\u2019alumnat dona vida a l\u2019Infomart\u00ed: el nostre projecte d\u2019audiovisuals i r\u00e0dio escolar<\/h5>\n<p>Al llarg del curs, l\u2019alumnat participa en un projecte d\u2019audiovisuals que combina creativitat, treball en equip i aprenentatge real. Una de les activitats centrals \u00e9s la col\u00b7laboraci\u00f3 amb R\u00e0dio Arenys de Munt, on els nois i noies es converteixen en petits periodistes i presentadors.\u00a0Durant quatre moments del curs, els estudiants preparen i presenten L\u2019Infomart\u00ed, un espai radiof\u00f2nic que recull les not\u00edcies m\u00e9s destacades de l\u2019escola: activitats, sortides, projectes, celebracions i tot all\u00f2 que dona vida al nostre dia a dia.<\/p>\n<p>Abans de cada emissi\u00f3, els alumnes treballen tot el proc\u00e9s comunicatiu:<\/p>\n<p><strong>Redacten les not\u00edcies i aprenen a sintetitzar la informaci\u00f3.<\/strong><\/p>\n<p><strong>Graven i practiquen la locuci\u00f3, millorant la dicci\u00f3 i la confian\u00e7a a l\u2019hora de parlar en p\u00fablic.<\/strong><\/p>\n<p><strong>Editem continguts audiovisuals i treballem aspectes t\u00e8cnics de so i imatge.<\/strong><\/p>\n<p><strong>Decidim conjuntament l\u2019estructura del programa i els rols de presentaci\u00f3.<\/strong><\/p>\n<p>Aquest projecte no nom\u00e9s els permet descobrir el funcionament d\u2019un mitj\u00e0 de comunicaci\u00f3 real, sin\u00f3 que tamb\u00e9 potencia compet\u00e8ncies claus com l\u2019expressi\u00f3 oral, el pensament cr\u00edtic, la responsabilitat i la creativitat.\u00a0Cada emissi\u00f3 de L\u2019Infomart\u00ed es converteix en una experi\u00e8ncia emocionant i molt especial per als alumnes, que veuen com les seves veus surten a l\u2019emissora del poble i arriben a les fam\u00edlies i a la comunitat.<\/p>\n<p>Amb iniciatives com aquesta, continuem apostant per una educaci\u00f3 viva, participativa i connectada amb l\u2019entorn.<br \/>\n<a href=\"https:\/\/agora.xtec.cat\/escolasantmarti\/projectes-descola\/pagina-en-blanc\/attachment\/de22b10e-ae81-4786-b467-215706bc80be-2\/\" rel=\"attachment wp-att-8212\"><img loading=\"lazy\" decoding=\"async\" src=\"https:\/\/agora.xtec.cat\/escolasantmarti\/wp-content\/uploads\/usu1487\/2025\/12\/de22b10e-ae81-4786-b467-215706bc80be-1-1024x768.jpg\" alt=\"\" width=\"1024\" height=\"768\" class=\"alignleft size-large wp-image-8212\" srcset=\"https:\/\/agora.xtec.cat\/escolasantmarti\/wp-content\/uploads\/usu1487\/2025\/12\/de22b10e-ae81-4786-b467-215706bc80be-1-1024x768.jpg 1024w, https:\/\/agora.xtec.cat\/escolasantmarti\/wp-content\/uploads\/usu1487\/2025\/12\/de22b10e-ae81-4786-b467-215706bc80be-1-300x225.jpg 300w, https:\/\/agora.xtec.cat\/escolasantmarti\/wp-content\/uploads\/usu1487\/2025\/12\/de22b10e-ae81-4786-b467-215706bc80be-1-768x576.jpg 768w, https:\/\/agora.xtec.cat\/escolasantmarti\/wp-content\/uploads\/usu1487\/2025\/12\/de22b10e-ae81-4786-b467-215706bc80be-1-1536x1152.jpg 1536w, https:\/\/agora.xtec.cat\/escolasantmarti\/wp-content\/uploads\/usu1487\/2025\/12\/de22b10e-ae81-4786-b467-215706bc80be-1.jpg 2048w\" sizes=\"auto, (max-width: 1024px) 100vw, 1024px\" \/><\/a><\/p>\n<p>Podeu escoltar tots els programes de l&#8217;Infomart\u00ed al seg\u00fcent enlla\u00e7:<br \/>\n<a href=\"https:\/\/www.radioarenysmunt.cat\/programs\/linfomarti\">https:\/\/www.radioarenysmunt.cat\/programs\/linfomarti<\/a><\/p>\n","protected":false},"excerpt":{"rendered":"<p>L\u2019alumnat dona vida a l\u2019Infomart\u00ed: el nostre projecte d\u2019audiovisuals i r\u00e0dio escolar Al llarg del curs, l\u2019alumnat participa en un projecte d\u2019audiovisuals que combina creativitat, treball en equip i aprenentatge real. Una de les activitats centrals \u00e9s la col\u00b7laboraci\u00f3 amb R\u00e0dio Arenys de Munt, on els nois i noies es converteixen en petits periodistes i [&hellip;]<\/p>\n","protected":false},"author":1,"featured_media":0,"parent":1290,"menu_order":20,"comment_status":"closed","ping_status":"closed","template":"","meta":{"_bbp_topic_count":0,"_bbp_reply_count":0,"_bbp_total_topic_count":0,"_bbp_total_reply_count":0,"_bbp_voice_count":0,"_bbp_anonymous_reply_count":0,"_bbp_topic_count_hidden":0,"_bbp_reply_count_hidden":0,"_bbp_forum_subforum_count":0,"site-sidebar-layout":"default","site-content-layout":"","ast-site-content-layout":"default","site-content-style":"default","site-sidebar-style":"default","ast-global-header-display":"","ast-banner-title-visibility":"","ast-main-header-display":"","ast-hfb-above-header-display":"","ast-hfb-below-header-display":"","ast-hfb-mobile-header-display":"","site-post-title":"","ast-breadcrumbs-content":"","ast-featured-img":"","footer-sml-layout":"","theme-transparent-header-meta":"default","adv-header-id-meta":"","stick-header-meta":"","header-above-stick-meta":"","header-main-stick-meta":"","header-below-stick-meta":"","astra-migrate-meta-layouts":"set","ast-page-background-enabled":"default","ast-page-background-meta":{"desktop":{"background-color":"var(--ast-global-color-4)","background-image":"","background-repeat":"repeat","background-position":"center center","background-size":"auto","background-attachment":"scroll","background-type":"","background-media":"","overlay-type":"","overlay-color":"","overlay-opacity":"","overlay-gradient":""},"tablet":{"background-color":"","background-image":"","background-repeat":"repeat","background-position":"center center","background-size":"auto","background-attachment":"scroll","background-type":"","background-media":"","overlay-type":"","overlay-color":"","overlay-opacity":"","overlay-gradient":""},"mobile":{"background-color":"","background-image":"","background-repeat":"repeat","background-position":"center center","background-size":"auto","background-attachment":"scroll","background-type":"","background-media":"","overlay-type":"","overlay-color":"","overlay-opacity":"","overlay-gradient":""}},"ast-content-background-meta":{"desktop":{"background-color":"var(--ast-global-color-5)","background-image":"","background-repeat":"repeat","background-position":"center center","background-size":"auto","background-attachment":"scroll","background-type":"","background-media":"","overlay-type":"","overlay-color":"","overlay-opacity":"","overlay-gradient":""},"tablet":{"background-color":"var(--ast-global-color-5)","background-image":"","background-repeat":"repeat","background-position":"center center","background-size":"auto","background-attachment":"scroll","background-type":"","background-media":"","overlay-type":"","overlay-color":"","overlay-opacity":"","overlay-gradient":""},"mobile":{"background-color":"var(--ast-global-color-5)","background-image":"","background-repeat":"repeat","background-position":"center center","background-size":"auto","background-attachment":"scroll","background-type":"","background-media":"","overlay-type":"","overlay-color":"","overlay-opacity":"","overlay-gradient":""}},"footnotes":""},"class_list":["post-607","page","type-page","status-publish","hentry"],"post_mailing_queue_ids":[],"_links":{"self":[{"href":"https:\/\/agora.xtec.cat\/escolasantmarti\/wp-json\/wp\/v2\/pages\/607","targetHints":{"allow":["GET"]}}],"collection":[{"href":"https:\/\/agora.xtec.cat\/escolasantmarti\/wp-json\/wp\/v2\/pages"}],"about":[{"href":"https:\/\/agora.xtec.cat\/escolasantmarti\/wp-json\/wp\/v2\/types\/page"}],"author":[{"embeddable":true,"href":"https:\/\/agora.xtec.cat\/escolasantmarti\/wp-json\/wp\/v2\/users\/1"}],"replies":[{"embeddable":true,"href":"https:\/\/agora.xtec.cat\/escolasantmarti\/wp-json\/wp\/v2\/comments?post=607"}],"version-history":[{"count":6,"href":"https:\/\/agora.xtec.cat\/escolasantmarti\/wp-json\/wp\/v2\/pages\/607\/revisions"}],"predecessor-version":[{"id":8213,"href":"https:\/\/agora.xtec.cat\/escolasantmarti\/wp-json\/wp\/v2\/pages\/607\/revisions\/8213"}],"up":[{"embeddable":true,"href":"https:\/\/agora.xtec.cat\/escolasantmarti\/wp-json\/wp\/v2\/pages\/1290"}],"wp:attachment":[{"href":"https:\/\/agora.xtec.cat\/escolasantmarti\/wp-json\/wp\/v2\/media?parent=607"}],"curies":[{"name":"wp","href":"https:\/\/api.w.org\/{rel}","templated":true}]}}