{"id":36,"date":"2014-09-18T12:33:11","date_gmt":"2014-09-18T11:33:11","guid":{"rendered":"http:\/\/agora.xtec.cat\/escolasantmarti\/?page_id=36"},"modified":"2019-10-30T14:50:18","modified_gmt":"2019-10-30T13:50:18","slug":"projectes","status":"publish","type":"page","link":"https:\/\/agora.xtec.cat\/escolasantmarti\/projectes\/","title":{"rendered":"INNOVACI\u00d3 EDUCATIVA"},"content":{"rendered":"<p>L&#8217;escola del segle XXI ha d&#8217;estar a l&#8217;al\u00e7ada dels reptes que la societat actual li planteja; per aquesta ra\u00f3 li hem de donar al nostre alumnat l&#8217;oportunitat de descobrir el seu potencial i fomentar al m\u00e0xim les seves capacitats. \u00c9s necessari un canvi metodol\u00f2gic, altres maneres de canalitzar el proc\u00e9s d&#8217;ensenyament i aprenentatge. Hem d&#8217;innovar educativament per donar resposta a les seves inquietuds i proporcionar-li les eines necess\u00e0ries perqu\u00e8 en un futur proper, puguin participar socialment de manera activa, responsable i constructiva.<\/p>\n<p>Per aquesta ra\u00f3 la nostra escola introdueix diferents projectes d&#8217;innovaci\u00f3 que tenen com a principal finalitat superar els reptes educatius que demanda la societat existent:<\/p>\n<ul>\n<li><a href=\"https:\/\/agora.xtec.cat\/escolasantmarti\/projectes\/treball-per-ambients\/\" target=\"_blank\" rel=\"noopener noreferrer\">Treball per ambients<\/a><\/li>\n<li><a href=\"https:\/\/agora.xtec.cat\/escolasantmarti\/projectes\/treball-per-projectes\/\" target=\"_blank\" rel=\"noopener noreferrer\">Treball per projectes<\/a><\/li>\n<li><a href=\"https:\/\/agora.xtec.cat\/escolasantmarti\/projectes\/potenciacio-de-la-llegua-anglesa\/\" target=\"_blank\" rel=\"noopener noreferrer\">Potenciaci\u00f3 de la llengua anglesa.<\/a><\/li>\n<\/ul>\n<p>A partir del curs 2019-2020 un grup impulsor de professors i professores participa en el desenvolupament de la\u00a0<strong>Xarxa de Compet\u00e8ncies B\u00e0siques. <\/strong>Un projecte educatiu\u00a0proposat pel Departament d&#8217;Ensenyament; una xarxa docent col\u00b7laborativa, on aprenem fent, compartint, experimentant a l\u2019aula, aprenent dels errors, partint del que ja fem b\u00e9.<\/p>\n<p><video style=\"display: block; margin-left: auto; margin-right: auto;\" poster=\"http:\/\/www.gencat.cat\/big\/img\/314\/BIG_3145261514092519_00.jpg\" controls=\"controls\" width=\"640\" height=\"360\"><source src=\"http:\/\/cdn.s2.eu.nice264.com\/\/converted_work8\/8\/c\/8cf59ebff1097fec86cf\/8cf59ebff1097fec86cf_f34bd39fc22345ff4a6b8ddacc0606b9.mp4\" type=\"video\/mp4\" \/><span data-mce-type=\"bookmark\" style=\"display: inline-block; width: 0px; overflow: hidden; line-height: 0;\" class=\"mce_SELRES_start\">\ufeff<\/span><\/video><\/p>\n","protected":false},"excerpt":{"rendered":"<p>L&#8217;escola del segle XXI ha d&#8217;estar a l&#8217;al\u00e7ada dels reptes que la societat actual li planteja; per aquesta ra\u00f3 li hem de donar al nostre alumnat l&#8217;oportunitat de descobrir el seu potencial i fomentar al m\u00e0xim les seves capacitats. \u00c9s necessari un canvi metodol\u00f2gic, altres maneres de canalitzar el proc\u00e9s d&#8217;ensenyament i aprenentatge. Hem d&#8217;innovar [&hellip;]<\/p>\n","protected":false},"author":1,"featured_media":0,"parent":0,"menu_order":0,"comment_status":"closed","ping_status":"closed","template":"page-templates\/side-menu.php","meta":{"_bbp_topic_count":0,"_bbp_reply_count":0,"_bbp_total_topic_count":0,"_bbp_total_reply_count":0,"_bbp_voice_count":0,"_bbp_anonymous_reply_count":0,"_bbp_topic_count_hidden":0,"_bbp_reply_count_hidden":0,"_bbp_forum_subforum_count":0,"site-sidebar-layout":"default","site-content-layout":"","ast-site-content-layout":"","site-content-style":"default","site-sidebar-style":"default","ast-global-header-display":"","ast-banner-title-visibility":"","ast-main-header-display":"","ast-hfb-above-header-display":"","ast-hfb-below-header-display":"","ast-hfb-mobile-header-display":"","site-post-title":"","ast-breadcrumbs-content":"","ast-featured-img":"","footer-sml-layout":"","theme-transparent-header-meta":"","adv-header-id-meta":"","stick-header-meta":"","header-above-stick-meta":"","header-main-stick-meta":"","header-below-stick-meta":"","astra-migrate-meta-layouts":"default","ast-page-background-enabled":"default","ast-page-background-meta":{"desktop":{"background-color":"var(--ast-global-color-4)","background-image":"","background-repeat":"repeat","background-position":"center center","background-size":"auto","background-attachment":"scroll","background-type":"","background-media":"","overlay-type":"","overlay-color":"","overlay-opacity":"","overlay-gradient":""},"tablet":{"background-color":"","background-image":"","background-repeat":"repeat","background-position":"center center","background-size":"auto","background-attachment":"scroll","background-type":"","background-media":"","overlay-type":"","overlay-color":"","overlay-opacity":"","overlay-gradient":""},"mobile":{"background-color":"","background-image":"","background-repeat":"repeat","background-position":"center center","background-size":"auto","background-attachment":"scroll","background-type":"","background-media":"","overlay-type":"","overlay-color":"","overlay-opacity":"","overlay-gradient":""}},"ast-content-background-meta":{"desktop":{"background-color":"var(--ast-global-color-5)","background-image":"","background-repeat":"repeat","background-position":"center center","background-size":"auto","background-attachment":"scroll","background-type":"","background-media":"","overlay-type":"","overlay-color":"","overlay-opacity":"","overlay-gradient":""},"tablet":{"background-color":"var(--ast-global-color-5)","background-image":"","background-repeat":"repeat","background-position":"center center","background-size":"auto","background-attachment":"scroll","background-type":"","background-media":"","overlay-type":"","overlay-color":"","overlay-opacity":"","overlay-gradient":""},"mobile":{"background-color":"var(--ast-global-color-5)","background-image":"","background-repeat":"repeat","background-position":"center center","background-size":"auto","background-attachment":"scroll","background-type":"","background-media":"","overlay-type":"","overlay-color":"","overlay-opacity":"","overlay-gradient":""}},"footnotes":""},"class_list":["post-36","page","type-page","status-publish","hentry"],"post_mailing_queue_ids":[],"_links":{"self":[{"href":"https:\/\/agora.xtec.cat\/escolasantmarti\/wp-json\/wp\/v2\/pages\/36","targetHints":{"allow":["GET"]}}],"collection":[{"href":"https:\/\/agora.xtec.cat\/escolasantmarti\/wp-json\/wp\/v2\/pages"}],"about":[{"href":"https:\/\/agora.xtec.cat\/escolasantmarti\/wp-json\/wp\/v2\/types\/page"}],"author":[{"embeddable":true,"href":"https:\/\/agora.xtec.cat\/escolasantmarti\/wp-json\/wp\/v2\/users\/1"}],"replies":[{"embeddable":true,"href":"https:\/\/agora.xtec.cat\/escolasantmarti\/wp-json\/wp\/v2\/comments?post=36"}],"version-history":[{"count":4,"href":"https:\/\/agora.xtec.cat\/escolasantmarti\/wp-json\/wp\/v2\/pages\/36\/revisions"}],"predecessor-version":[{"id":1350,"href":"https:\/\/agora.xtec.cat\/escolasantmarti\/wp-json\/wp\/v2\/pages\/36\/revisions\/1350"}],"wp:attachment":[{"href":"https:\/\/agora.xtec.cat\/escolasantmarti\/wp-json\/wp\/v2\/media?parent=36"}],"curies":[{"name":"wp","href":"https:\/\/api.w.org\/{rel}","templated":true}]}}