{"id":28,"date":"2014-09-18T12:29:35","date_gmt":"2014-09-18T11:29:35","guid":{"rendered":"http:\/\/agora.xtec.cat\/escolasantjulia\/?page_id=28"},"modified":"2025-10-13T10:30:35","modified_gmt":"2025-10-13T08:30:35","slug":"consell-escolar","status":"publish","type":"page","link":"https:\/\/agora.xtec.cat\/escolasantjulia\/consell-escolar\/","title":{"rendered":"Consell escolar"},"content":{"rendered":"<h5 style=\"text-align: justify;\">El consell escolar est\u00e0 format per la presidenta, que n\u2019\u00e9s la directora, la cap d\u2019estudis i el secretari (amb veu i sense vot), 5 membres representants de mestres, 5 membres representants de fam\u00edlies (una d\u2019elles representa l\u2019AFA), 1 membre de PAS i un representant de l\u2019ajuntament (en el nostre cas l\u2019alcalde).<\/h5>\n<h5 style=\"text-align: justify;\">Actualment la composici\u00f3 \u00e9s de 5 \u2013 5 \u2013 5<\/h5>\n<p>&nbsp;<\/p>\n<table style=\"width: 96.0848%; height: 341px;\" width=\"566\">\n<tbody>\n<tr style=\"height: 67px;\">\n<td style=\"text-align: center; height: 67px;\" width=\"283\">\n<h3><strong>SECTOR<\/strong><\/h3>\n<\/td>\n<td style=\"text-align: center; height: 67px;\" width=\"283\">\n<h3><strong>MEMBRES<\/strong><\/h3>\n<\/td>\n<\/tr>\n<tr style=\"height: 98px;\">\n<td style=\"height: 98px;\" width=\"283\">\n<h4><strong>Re<\/strong>presentats administraci\u00f3 (5) Equip directiu, PAS i representant Ajuntament<\/h4>\n<\/td>\n<td style=\"height: 98px;\" width=\"283\">\n<h4><strong>Xelo D\u00edaz, Sandra Reboll, Marina Garc\u00eda i Antonio Vega, <\/strong><\/h4>\n<h4><strong>Jordi Cend\u00f3n (amb veu i sense vot)<\/strong><\/h4>\n<\/td>\n<\/tr>\n<tr style=\"height: 88px;\">\n<td style=\"height: 88px;\" width=\"283\">\n<h4><strong>Representants mestres (5)<\/strong><\/h4>\n<\/td>\n<td style=\"height: 88px;\" width=\"283\">\n<h4><strong>Edgar Carrizo, Sandra Garcia, Antonio Ant\u00fanez, Leonor Aguilar, Miguel \u00c1ngel Fern\u00e1ndez<\/strong><\/h4>\n<\/td>\n<\/tr>\n<tr style=\"height: 88px;\">\n<td style=\"height: 88px;\" width=\"283\">\n<h4><strong>Representants de fam\u00edlies i AFA (5)<\/strong><\/h4>\n<\/td>\n<td style=\"height: 88px;\" width=\"283\">\n<h4><strong>Maria Moreno, Gerard Guasch, Ester Auv\u00ed, Ana Bel\u00e9n Iglesias, Lupe Ferrer<\/strong><\/h4>\n<\/td>\n<\/tr>\n<\/tbody>\n<\/table>\n<h5>El consell escolar t\u00e9 constitu\u00efdes unes comissions espec\u00edfiques d\u2019estudi i informaci\u00f3, a les quals s\u2019ha d\u2019incorporat la direcci\u00f3 del centre, un altre \u00f2rgan unipersonal de direcci\u00f3, un o dos representants de mestres, un representant del PAS, un o dos representants de fam\u00edlies i el representant de l\u2019ajuntament, si s\u2019escau.<\/h5>\n<table style=\"width: 95.4497%; height: 1415px;\" width=\"567\">\n<tbody>\n<tr style=\"height: 80px;\">\n<td style=\"text-align: center; height: 80px;\" width=\"123\">\n<h3><strong>COMISSI\u00d3<\/strong><\/h3>\n<\/td>\n<td style=\"text-align: center; height: 80px;\" width=\"132\">\n<h3><strong>DIES DE REUNI\u00d3<\/strong><\/h3>\n<\/td>\n<td style=\"text-align: center; height: 80px;\" width=\"134\">\n<h3><strong>RESPONSABLE<\/strong><\/h3>\n<\/td>\n<td style=\"text-align: center; height: 80px;\" width=\"177\">\n<h3><strong>MEMBRES<\/strong><\/h3>\n<\/td>\n<\/tr>\n<tr style=\"height: 391px;\">\n<td style=\"height: 391px;\" width=\"123\">\n<h4><strong>Permanent<\/strong><\/h4>\n<\/td>\n<td style=\"height: 391px;\" width=\"132\">\n<h4>Puntual<\/h4>\n<\/td>\n<td style=\"height: 391px;\" width=\"134\">\n<h4>Presidenta<\/h4>\n<\/td>\n<td style=\"height: 391px;\" width=\"177\">\n<h4>Xelo D\u00edaz (ED)<\/h4>\n<h4>Sandra Reboll (ED)<\/h4>\n<h4>Jordi Cend\u00f3n (ED)<\/h4>\n<h4>Leonor Aguilar (PROF)<\/h4>\n<h4>Gerard Guasch (FAM)<\/h4>\n<h4>Lupe Ferrer (AFA)<\/h4>\n<h4>Marina Garc\u00eda (PAS)<\/h4>\n<h4>Antonio Vega (AJ)<\/h4>\n<\/td>\n<\/tr>\n<tr style=\"height: 299px;\">\n<td style=\"height: 299px;\" width=\"123\">\n<h4><strong>Econ\u00f2mica<\/strong><\/h4>\n<\/td>\n<td style=\"height: 299px;\" width=\"132\">\n<h4>Puntual<\/h4>\n<\/td>\n<td style=\"height: 299px;\" width=\"134\">\n<h4>Presidenta<\/h4>\n<\/td>\n<td style=\"height: 299px;\" width=\"177\">\n<h4>Xelo D\u00edaz (ED)<\/h4>\n<h4>Sandra Reboll (ED)<\/h4>\n<h4>Jordi Cend\u00f3n (ED)<\/h4>\n<h4>Antonio Ant\u00fanez (PROF)<\/h4>\n<h4>Ester Auv\u00ed (FAM)<\/h4>\n<h4><\/h4>\n<\/td>\n<\/tr>\n<tr style=\"height: 391px;\">\n<td style=\"height: 391px;\" width=\"123\">\n<h4><strong>Conviv\u00e8ncia<\/strong><\/h4>\n<\/td>\n<td style=\"height: 391px;\" width=\"132\">\n<h4>Puntual<\/h4>\n<\/td>\n<td style=\"height: 391px;\" width=\"134\">\n<h4>Presidenta<\/h4>\n<\/td>\n<td style=\"height: 391px;\" width=\"177\">\n<h4>Xelo D\u00edaz (ED)<\/h4>\n<h4>Sandra Reboll(ED)<\/h4>\n<h4>Jordi Cend\u00f3n (ED)<\/h4>\n<h4>Maria Moreno (FAM)<\/h4>\n<h4>Sandra Garcia (PROF)<\/h4>\n<h4>Miguel \u00c1ngel Fern\u00e1ndez (PROF)<\/h4>\n<h4><\/h4>\n<\/td>\n<\/tr>\n<tr style=\"height: 254px;\">\n<td style=\"height: 254px;\" width=\"123\">\n<h4><strong>Menjador<\/strong><\/h4>\n<\/td>\n<td style=\"height: 254px;\" width=\"132\">\n<h4>Puntual<\/h4>\n<\/td>\n<td style=\"height: 254px;\" width=\"134\">\n<h4>Presidenta<\/h4>\n<\/td>\n<td style=\"height: 254px;\" width=\"177\">\n<h4>Xelo D\u00edaz (ED)<\/h4>\n<h4>Sandra Reboll (ED)<\/h4>\n<h4>Jordi Cend\u00f3n (ED)<\/h4>\n<h4>Edgar Carrizo (PROF)<\/h4>\n<h4>Lupe Ferrer (AFA)<\/h4>\n<h4>Antonio Vega (AJ)<\/h4>\n<p>&nbsp;<\/td>\n<\/tr>\n<\/tbody>\n<\/table>\n<p>&nbsp;<\/p>\n<p>&nbsp;<\/p>\n<p>&nbsp;<\/p>\n<p>&nbsp;<\/p>\n","protected":false},"excerpt":{"rendered":"<p>El consell escolar est\u00e0 format per la presidenta, que n\u2019\u00e9s la directora, la cap d\u2019estudis i el secretari (amb veu i sense vot), 5 membres representants de mestres, 5 membres representants de fam\u00edlies (una d\u2019elles representa l\u2019AFA), 1 membre de PAS i un representant de l\u2019ajuntament (en el nostre cas l\u2019alcalde). Actualment la composici\u00f3 \u00e9s [&hellip;]<\/p>\n","protected":false},"author":2,"featured_media":0,"parent":0,"menu_order":50,"comment_status":"closed","ping_status":"closed","template":"page-templates\/side-menu.php","meta":{"_bbp_topic_count":0,"_bbp_reply_count":0,"_bbp_total_topic_count":0,"_bbp_total_reply_count":0,"_bbp_voice_count":0,"_bbp_anonymous_reply_count":0,"_bbp_topic_count_hidden":0,"_bbp_reply_count_hidden":0,"_bbp_forum_subforum_count":0,"site-sidebar-layout":"default","site-content-layout":"","ast-site-content-layout":"","site-content-style":"default","site-sidebar-style":"default","ast-global-header-display":"","ast-banner-title-visibility":"","ast-main-header-display":"","ast-hfb-above-header-display":"","ast-hfb-below-header-display":"","ast-hfb-mobile-header-display":"","site-post-title":"","ast-breadcrumbs-content":"","ast-featured-img":"","footer-sml-layout":"","theme-transparent-header-meta":"","adv-header-id-meta":"","stick-header-meta":"","header-above-stick-meta":"","header-main-stick-meta":"","header-below-stick-meta":"","astra-migrate-meta-layouts":"default","ast-page-background-enabled":"default","ast-page-background-meta":{"desktop":{"background-color":"var(--ast-global-color-4)","background-image":"","background-repeat":"repeat","background-position":"center center","background-size":"auto","background-attachment":"scroll","background-type":"","background-media":"","overlay-type":"","overlay-color":"","overlay-opacity":"","overlay-gradient":""},"tablet":{"background-color":"","background-image":"","background-repeat":"repeat","background-position":"center center","background-size":"auto","background-attachment":"scroll","background-type":"","background-media":"","overlay-type":"","overlay-color":"","overlay-opacity":"","overlay-gradient":""},"mobile":{"background-color":"","background-image":"","background-repeat":"repeat","background-position":"center center","background-size":"auto","background-attachment":"scroll","background-type":"","background-media":"","overlay-type":"","overlay-color":"","overlay-opacity":"","overlay-gradient":""}},"ast-content-background-meta":{"desktop":{"background-color":"var(--ast-global-color-5)","background-image":"","background-repeat":"repeat","background-position":"center center","background-size":"auto","background-attachment":"scroll","background-type":"","background-media":"","overlay-type":"","overlay-color":"","overlay-opacity":"","overlay-gradient":""},"tablet":{"background-color":"var(--ast-global-color-5)","background-image":"","background-repeat":"repeat","background-position":"center center","background-size":"auto","background-attachment":"scroll","background-type":"","background-media":"","overlay-type":"","overlay-color":"","overlay-opacity":"","overlay-gradient":""},"mobile":{"background-color":"var(--ast-global-color-5)","background-image":"","background-repeat":"repeat","background-position":"center center","background-size":"auto","background-attachment":"scroll","background-type":"","background-media":"","overlay-type":"","overlay-color":"","overlay-opacity":"","overlay-gradient":""}},"footnotes":""},"class_list":["post-28","page","type-page","status-publish","hentry"],"post_mailing_queue_ids":[],"_links":{"self":[{"href":"https:\/\/agora.xtec.cat\/escolasantjulia\/wp-json\/wp\/v2\/pages\/28","targetHints":{"allow":["GET"]}}],"collection":[{"href":"https:\/\/agora.xtec.cat\/escolasantjulia\/wp-json\/wp\/v2\/pages"}],"about":[{"href":"https:\/\/agora.xtec.cat\/escolasantjulia\/wp-json\/wp\/v2\/types\/page"}],"author":[{"embeddable":true,"href":"https:\/\/agora.xtec.cat\/escolasantjulia\/wp-json\/wp\/v2\/users\/2"}],"replies":[{"embeddable":true,"href":"https:\/\/agora.xtec.cat\/escolasantjulia\/wp-json\/wp\/v2\/comments?post=28"}],"version-history":[{"count":7,"href":"https:\/\/agora.xtec.cat\/escolasantjulia\/wp-json\/wp\/v2\/pages\/28\/revisions"}],"predecessor-version":[{"id":5673,"href":"https:\/\/agora.xtec.cat\/escolasantjulia\/wp-json\/wp\/v2\/pages\/28\/revisions\/5673"}],"wp:attachment":[{"href":"https:\/\/agora.xtec.cat\/escolasantjulia\/wp-json\/wp\/v2\/media?parent=28"}],"curies":[{"name":"wp","href":"https:\/\/api.w.org\/{rel}","templated":true}]}}

<h5 style="text-align: justify;">El consell escolar està format per la presidenta, que n’és la directora, la cap d’estudis i el secretari (amb veu i sense vot), 5 membres representants de mestres, 5 membres representants de famílies (una d’elles representa l’AFA), 1 membre de PAS i un representant de l’ajuntament (en el nostre cas l’alcalde).</h5>
<h5 style="text-align: justify;">Actualment la composició és de 5 – 5 – 5</h5>
<p>&nbsp;</p>
<table style="width: 96.0848%; height: 341px;" width="566">
<tbody>
<tr style="height: 67px;">
<td style="text-align: center; height: 67px;" width="283">
<h3><strong>SECTOR</strong></h3>
</td>
<td style="text-align: center; height: 67px;" width="283">
<h3><strong>MEMBRES</strong></h3>
</td>
</tr>
<tr style="height: 98px;">
<td style="height: 98px;" width="283">
<h4><strong>Re</strong>presentats administració (5) Equip directiu, PAS i representant Ajuntament</h4>
</td>
<td style="height: 98px;" width="283">
<h4><strong>Xelo Díaz, Sandra Reboll, Marina García i Antonio Vega, </strong></h4>
<h4><strong>Jordi Cendón (amb veu i sense vot)</strong></h4>
</td>
</tr>
<tr style="height: 88px;">
<td style="height: 88px;" width="283">
<h4><strong>Representants mestres (5)</strong></h4>
</td>
<td style="height: 88px;" width="283">
<h4><strong>Edgar Carrizo, Sandra Garcia, Antonio Antúnez, Leonor Aguilar, Miguel Ángel Fernández</strong></h4>
</td>
</tr>
<tr style="height: 88px;">
<td style="height: 88px;" width="283">
<h4><strong>Representants de famílies i AFA (5)</strong></h4>
</td>
<td style="height: 88px;" width="283">
<h4><strong>Maria Moreno, Gerard Guasch, Ester Auví, Ana Belén Iglesias, Lupe Ferrer</strong></h4>
</td>
</tr>
</tbody>
</table>
<h5>El consell escolar té constituïdes unes comissions específiques d’estudi i informació, a les quals s’ha d’incorporat la direcció del centre, un altre òrgan unipersonal de direcció, un o dos representants de mestres, un representant del PAS, un o dos representants de famílies i el representant de l’ajuntament, si s’escau.</h5>
<table style="width: 95.4497%; height: 1415px;" width="567">
<tbody>
<tr style="height: 80px;">
<td style="text-align: center; height: 80px;" width="123">
<h3><strong>COMISSIÓ</strong></h3>
</td>
<td style="text-align: center; height: 80px;" width="132">
<h3><strong>DIES DE REUNIÓ</strong></h3>
</td>
<td style="text-align: center; height: 80px;" width="134">
<h3><strong>RESPONSABLE</strong></h3>
</td>
<td style="text-align: center; height: 80px;" width="177">
<h3><strong>MEMBRES</strong></h3>
</td>
</tr>
<tr style="height: 391px;">
<td style="height: 391px;" width="123">
<h4><strong>Permanent</strong></h4>
</td>
<td style="height: 391px;" width="132">
<h4>Puntual</h4>
</td>
<td style="height: 391px;" width="134">
<h4>Presidenta</h4>
</td>
<td style="height: 391px;" width="177">
<h4>Xelo Díaz (ED)</h4>
<h4>Sandra Reboll (ED)</h4>
<h4>Jordi Cendón (ED)</h4>
<h4>Leonor Aguilar (PROF)</h4>
<h4>Gerard Guasch (FAM)</h4>
<h4>Lupe Ferrer (AFA)</h4>
<h4>Marina García (PAS)</h4>
<h4>Antonio Vega (AJ)</h4>
</td>
</tr>
<tr style="height: 299px;">
<td style="height: 299px;" width="123">
<h4><strong>Econòmica</strong></h4>
</td>
<td style="height: 299px;" width="132">
<h4>Puntual</h4>
</td>
<td style="height: 299px;" width="134">
<h4>Presidenta</h4>
</td>
<td style="height: 299px;" width="177">
<h4>Xelo Díaz (ED)</h4>
<h4>Sandra Reboll (ED)</h4>
<h4>Jordi Cendón (ED)</h4>
<h4>Antonio Antúnez (PROF)</h4>
<h4>Ester Auví (FAM)</h4>
<h4></h4>
</td>
</tr>
<tr style="height: 391px;">
<td style="height: 391px;" width="123">
<h4><strong>Convivència</strong></h4>
</td>
<td style="height: 391px;" width="132">
<h4>Puntual</h4>
</td>
<td style="height: 391px;" width="134">
<h4>Presidenta</h4>
</td>
<td style="height: 391px;" width="177">
<h4>Xelo Díaz (ED)</h4>
<h4>Sandra Reboll(ED)</h4>
<h4>Jordi Cendón (ED)</h4>
<h4>Maria Moreno (FAM)</h4>
<h4>Sandra Garcia (PROF)</h4>
<h4>Miguel Ángel Fernández (PROF)</h4>
<h4></h4>
</td>
</tr>
<tr style="height: 254px;">
<td style="height: 254px;" width="123">
<h4><strong>Menjador</strong></h4>
</td>
<td style="height: 254px;" width="132">
<h4>Puntual</h4>
</td>
<td style="height: 254px;" width="134">
<h4>Presidenta</h4>
</td>
<td style="height: 254px;" width="177">
<h4>Xelo Díaz (ED)</h4>
<h4>Sandra Reboll (ED)</h4>
<h4>Jordi Cendón (ED)</h4>
<h4>Edgar Carrizo (PROF)</h4>
<h4>Lupe Ferrer (AFA)</h4>
<h4>Antonio Vega (AJ)</h4>
<p>&nbsp;</td>
</tr>
</tbody>
</table>
<p>&nbsp;</p>
<p>&nbsp;</p>
<p>&nbsp;</p>
<p>&nbsp;</p>

<p>El consell escolar està format per la presidenta, que n’és la directora, la cap d’estudis i el secretari (amb veu i sense vot), 5 membres representants de mestres, 5 membres representants de famílies (una d’elles representa l’AFA), 1 membre de PAS i un representant de l’ajuntament (en el nostre cas l’alcalde). Actualment la composició és [&hellip;]</p>
