{"id":534,"date":"2017-11-14T00:20:56","date_gmt":"2017-11-13T23:20:56","guid":{"rendered":"http:\/\/agora.xtec.cat\/escolasantiagorusinol\/?page_id=534"},"modified":"2025-07-09T14:05:04","modified_gmt":"2025-07-09T12:05:04","slug":"secretaria","status":"publish","type":"page","link":"https:\/\/agora.xtec.cat\/escolasantiagorusinol\/secretaria\/","title":{"rendered":"Secretaria"},"content":{"rendered":"<div>\n<p style=\"text-align: center;\"><span style=\"color: #800000;\"><strong>INFORMACI\u00d3 HORARIS SERVEIS D&#8217;ATENCI\u00d3 A LES FAM\u00cdLIES<\/strong><\/span><\/p>\n<p><span style=\"color: #0000ff;\"><strong>HORARI VISITA I INFORMACI\u00d3 EQUIP DIRECTIU:<\/strong><\/span><\/p>\n<p>(Recordeu que durant el curs\u00a0 \u00e9s imprescindible demanar cita al tel\u00e8fon 93 354 24 10)<\/p>\n<div>\n<p><b><span lang=\"CA\">Directora<\/span><\/b><span lang=\"CA\">: Lourdes C.\u00a0<\/span><\/p>\n<p><b>Cap d&#8217;estudis:<\/b> Alexis C.<\/p>\n<p><b>Secret\u00e0ria: <\/b>Elisabet C.<\/p>\n<\/div>\n<p><span style=\"color: #0000ff;\"><strong>ADMINISTRACI\u00d3 ESCOLA.<\/strong><\/span><\/p>\n<p>&#8211; De 9:00 a 12:30\u202fh i de 15:00\u202fh a 16:30\u202fh de dilluns a divendres.<\/p>\n<p><span style=\"color: #0000ff;\"><strong>AFA.<\/strong><\/span><\/p>\n<p>&#8211; Dijous de 16:45 a 17:45 h.<\/p>\n<p><span style=\"color: #333399;\"><span class=\" jgG6ef\">afa<\/span><span class=\" jgG6ef\">santiagorusinol@gmail.com<\/span><\/span><\/p>\n<p><span style=\"color: #0000ff;\"><strong>COORDINACI\u00d3 DE MENJADOR I EXTRAESCOLARS.<\/strong><\/span><\/p>\n<p>GEMA: 646170308<\/p>\n<p>Dinantia Menjador i Extraescolars<\/p>\n<p><span style=\"color: #003366;\">gemasanchez@somvalors.com<\/span><\/p>\n<p>Matins:<\/p>\n<ul>\n<li>Dilluns i dijous de 9:30 a 11:30h.<\/li>\n<li>Dimarts, dimecres i divendres de 10:30 a 11:35h.<\/li>\n<\/ul>\n<p>Tardes:<\/p>\n<ul>\n<li>De dilluns a divendres de 16:30h a 17:30h.<\/li>\n<\/ul>\n<\/div>\n<div><\/div>\n","protected":false},"excerpt":{"rendered":"<p>INFORMACI\u00d3 HORARIS SERVEIS D&#8217;ATENCI\u00d3 A LES FAM\u00cdLIES HORARI VISITA I INFORMACI\u00d3 EQUIP DIRECTIU: (Recordeu que durant el curs\u00a0 \u00e9s imprescindible demanar cita al tel\u00e8fon 93 354 24 10) Directora: Lourdes C.\u00a0 Cap d&#8217;estudis: Alexis C. Secret\u00e0ria: Elisabet C. ADMINISTRACI\u00d3 ESCOLA. &#8211; De 9:00 a 12:30\u202fh i de 15:00\u202fh a 16:30\u202fh de dilluns a divendres. AFA. [&hellip;]<\/p>\n","protected":false},"author":1,"featured_media":0,"parent":0,"menu_order":0,"comment_status":"closed","ping_status":"closed","template":"","meta":{"_bbp_topic_count":0,"_bbp_reply_count":0,"_bbp_total_topic_count":0,"_bbp_total_reply_count":0,"_bbp_voice_count":0,"_bbp_anonymous_reply_count":0,"_bbp_topic_count_hidden":0,"_bbp_reply_count_hidden":0,"_bbp_forum_subforum_count":0,"site-sidebar-layout":"default","site-content-layout":"","ast-site-content-layout":"default","site-content-style":"default","site-sidebar-style":"default","ast-global-header-display":"","ast-banner-title-visibility":"","ast-main-header-display":"","ast-hfb-above-header-display":"","ast-hfb-below-header-display":"","ast-hfb-mobile-header-display":"","site-post-title":"","ast-breadcrumbs-content":"","ast-featured-img":"","footer-sml-layout":"","theme-transparent-header-meta":"default","adv-header-id-meta":"","stick-header-meta":"","header-above-stick-meta":"","header-main-stick-meta":"","header-below-stick-meta":"","astra-migrate-meta-layouts":"set","ast-page-background-enabled":"default","ast-page-background-meta":{"desktop":{"background-color":"var(--ast-global-color-4)","background-image":"","background-repeat":"repeat","background-position":"center center","background-size":"auto","background-attachment":"scroll","background-type":"","background-media":"","overlay-type":"","overlay-color":"","overlay-opacity":"","overlay-gradient":""},"tablet":{"background-color":"","background-image":"","background-repeat":"repeat","background-position":"center center","background-size":"auto","background-attachment":"scroll","background-type":"","background-media":"","overlay-type":"","overlay-color":"","overlay-opacity":"","overlay-gradient":""},"mobile":{"background-color":"","background-image":"","background-repeat":"repeat","background-position":"center center","background-size":"auto","background-attachment":"scroll","background-type":"","background-media":"","overlay-type":"","overlay-color":"","overlay-opacity":"","overlay-gradient":""}},"ast-content-background-meta":{"desktop":{"background-color":"var(--ast-global-color-5)","background-image":"","background-repeat":"repeat","background-position":"center center","background-size":"auto","background-attachment":"scroll","background-type":"","background-media":"","overlay-type":"","overlay-color":"","overlay-opacity":"","overlay-gradient":""},"tablet":{"background-color":"var(--ast-global-color-5)","background-image":"","background-repeat":"repeat","background-position":"center center","background-size":"auto","background-attachment":"scroll","background-type":"","background-media":"","overlay-type":"","overlay-color":"","overlay-opacity":"","overlay-gradient":""},"mobile":{"background-color":"var(--ast-global-color-5)","background-image":"","background-repeat":"repeat","background-position":"center center","background-size":"auto","background-attachment":"scroll","background-type":"","background-media":"","overlay-type":"","overlay-color":"","overlay-opacity":"","overlay-gradient":""}},"footnotes":""},"class_list":["post-534","page","type-page","status-publish","hentry"],"post_mailing_queue_ids":[],"_links":{"self":[{"href":"https:\/\/agora.xtec.cat\/escolasantiagorusinol\/wp-json\/wp\/v2\/pages\/534","targetHints":{"allow":["GET"]}}],"collection":[{"href":"https:\/\/agora.xtec.cat\/escolasantiagorusinol\/wp-json\/wp\/v2\/pages"}],"about":[{"href":"https:\/\/agora.xtec.cat\/escolasantiagorusinol\/wp-json\/wp\/v2\/types\/page"}],"author":[{"embeddable":true,"href":"https:\/\/agora.xtec.cat\/escolasantiagorusinol\/wp-json\/wp\/v2\/users\/1"}],"replies":[{"embeddable":true,"href":"https:\/\/agora.xtec.cat\/escolasantiagorusinol\/wp-json\/wp\/v2\/comments?post=534"}],"version-history":[{"count":7,"href":"https:\/\/agora.xtec.cat\/escolasantiagorusinol\/wp-json\/wp\/v2\/pages\/534\/revisions"}],"predecessor-version":[{"id":10039,"href":"https:\/\/agora.xtec.cat\/escolasantiagorusinol\/wp-json\/wp\/v2\/pages\/534\/revisions\/10039"}],"wp:attachment":[{"href":"https:\/\/agora.xtec.cat\/escolasantiagorusinol\/wp-json\/wp\/v2\/media?parent=534"}],"curies":[{"name":"wp","href":"https:\/\/api.w.org\/{rel}","templated":true}]}}