{"id":3570,"date":"2020-03-10T10:16:42","date_gmt":"2020-03-10T09:16:42","guid":{"rendered":"http:\/\/agora.xtec.cat\/escolasantiagorusinol\/?page_id=3570"},"modified":"2025-07-09T14:09:58","modified_gmt":"2025-07-09T12:09:58","slug":"ampa","status":"publish","type":"page","link":"https:\/\/agora.xtec.cat\/escolasantiagorusinol\/ampa\/","title":{"rendered":"AFA"},"content":{"rendered":"<h4><\/h4>\n<h4><img loading=\"lazy\" decoding=\"async\" class=\"size-medium wp-image-8091 aligncenter\" src=\"https:\/\/agora.xtec.cat\/escolasantiagorusinol\/wp-content\/uploads\/usu1729\/2024\/02\/logo-afa-300x125.jpg\" alt=\"\" width=\"300\" height=\"125\" srcset=\"https:\/\/agora.xtec.cat\/escolasantiagorusinol\/wp-content\/uploads\/usu1729\/2024\/02\/logo-afa-300x125.jpg 300w, https:\/\/agora.xtec.cat\/escolasantiagorusinol\/wp-content\/uploads\/usu1729\/2024\/02\/logo-afa-1024x427.jpg 1024w, https:\/\/agora.xtec.cat\/escolasantiagorusinol\/wp-content\/uploads\/usu1729\/2024\/02\/logo-afa-768x321.jpg 768w, https:\/\/agora.xtec.cat\/escolasantiagorusinol\/wp-content\/uploads\/usu1729\/2024\/02\/logo-afa-1536x641.jpg 1536w, https:\/\/agora.xtec.cat\/escolasantiagorusinol\/wp-content\/uploads\/usu1729\/2024\/02\/logo-afa.jpg 1660w\" sizes=\"auto, (max-width: 300px) 100vw, 300px\" \/><\/h4>\n<p><a href=\"https:\/\/agora.xtec.cat\/escolasantiagorusinol\/ampa\/attachment\/whatsapp-image-2024-02-20-at-10-11-16\/\" rel=\"attachment wp-att-8094\"><img loading=\"lazy\" decoding=\"async\" class=\"size-medium wp-image-8094 aligncenter\" src=\"https:\/\/agora.xtec.cat\/escolasantiagorusinol\/wp-content\/uploads\/usu1729\/2024\/02\/WhatsApp-Image-2024-02-20-at-10.11.16-212x300.jpeg\" alt=\"\" width=\"212\" height=\"300\" srcset=\"https:\/\/agora.xtec.cat\/escolasantiagorusinol\/wp-content\/uploads\/usu1729\/2024\/02\/WhatsApp-Image-2024-02-20-at-10.11.16-212x300.jpeg 212w, https:\/\/agora.xtec.cat\/escolasantiagorusinol\/wp-content\/uploads\/usu1729\/2024\/02\/WhatsApp-Image-2024-02-20-at-10.11.16-724x1024.jpeg 724w, https:\/\/agora.xtec.cat\/escolasantiagorusinol\/wp-content\/uploads\/usu1729\/2024\/02\/WhatsApp-Image-2024-02-20-at-10.11.16-768x1086.jpeg 768w, https:\/\/agora.xtec.cat\/escolasantiagorusinol\/wp-content\/uploads\/usu1729\/2024\/02\/WhatsApp-Image-2024-02-20-at-10.11.16-1086x1536.jpeg 1086w, https:\/\/agora.xtec.cat\/escolasantiagorusinol\/wp-content\/uploads\/usu1729\/2024\/02\/WhatsApp-Image-2024-02-20-at-10.11.16.jpeg 1414w\" sizes=\"auto, (max-width: 212px) 100vw, 212px\" \/><\/a><\/p>\n<p>&nbsp;<\/p>\n<p><a href=\"https:\/\/www.instagram.com\/afasantiagorusinol?utm_source=ig_web_button_share_sheet&amp;igsh=ZDNlZDc0MzIxNw==\">ENLLA\u00c7\u00a0 INSTAGRAM AFA<\/a><\/p>\n<h4><\/h4>\n<h4 style=\"text-align: justify;\"><span style=\"color: #3366ff;\"><strong>Qui som?<\/strong><\/span><\/h4>\n<p style=\"text-align: justify;\">L\u2019Associaci\u00f3 de Fam\u00edlies d&#8217;Alumnes de l\u2019Escola Santiago Rusi\u00f1ol som una entitat sense \u00e0nim de lucre gestionada per fam\u00edlies de l\u2019alumnat de l\u2019escola de manera totalment volunt\u00e0ria. L\u2019AFA agrupa les fam\u00edlies dels alumnes del centre i dedica els seus esfor\u00e7os a tractar de millorar l\u2019ensenyament que reben els nostres fills i filles i l&#8217;entorn. L\u2019AFA est\u00e0 reconeguda legalment en el Registre d\u2019Associacions de la Generalitat de Catalunya i les seves funcions estan regulades per un decret llei i per uns estatuts propis. La seva tasca es basa en el treball, en el di\u00e0leg i en la col\u00b7laboraci\u00f3 amb els diversos sectors de la comunitat educativa.<\/p>\n<h4 id=\"h.b3pyz436e6bz\" class=\"CDt4Ke zfr3Q\" dir=\"ltr\" style=\"text-align: justify;\"><span style=\"color: #3366ff;\"><strong>Com ens organitzem?<\/strong><\/span><\/h4>\n<p class=\"CDt4Ke zfr3Q\" dir=\"ltr\" style=\"text-align: justify;\">L\u2019\u00f2rgan de representaci\u00f3 de l\u2019AFA \u00e9s la <strong>Junta<\/strong>. Tamb\u00e9 existeix la figura del Vocal que es reuneix amb la Junta i treballen junts per prendre decisions. Les fam\u00edlies col\u00b7laboradores s\u2019ofereixen puntualment per ajudar en les festes, la R\u00faa de Carnestoltes i totes les activitats que se\u2019n deriven de l\u2019Associaci\u00f3.<\/p>\n<p class=\"CDt4Ke zfr3Q\" dir=\"ltr\" style=\"text-align: justify;\">La Junta est\u00e0 formada per:<\/p>\n<p class=\"CDt4Ke zfr3Q\" dir=\"ltr\"><strong>Presidenta:<\/strong> Sara<\/p>\n<p class=\"CDt4Ke zfr3Q\" dir=\"ltr\"><strong>Tresorer: <\/strong>Gemma<\/p>\n<p class=\"CDt4Ke zfr3Q\" dir=\"ltr\"><strong>Secretaria: <\/strong>Mireia<\/p>\n<p dir=\"ltr\">\n<h4><span style=\"color: #3366ff;\"><strong>Contacte: <\/strong><\/span><span class=\" jgG6ef\"><strong>afa<\/strong><\/span><span class=\" jgG6ef\"><strong>santiagorusinol@gmail.com<\/strong><\/span><\/h4>\n<p>&nbsp;<\/p>\n<h4><span style=\"color: #3366ff;\">Horari de trobada: <\/span><strong>dijous de 16&#8217;45h a 17&#8217;30h.<\/strong><\/h4>\n<h1 style=\"text-align: center;\"><\/h1>\n<p><a href=\"https:\/\/sites.google.com\/view\/afasantiagorusinol\"><img loading=\"lazy\" decoding=\"async\" class=\"size-medium wp-image-8091 aligncenter\" src=\"https:\/\/agora.xtec.cat\/escolasantiagorusinol\/wp-content\/uploads\/usu1729\/2024\/02\/logo-afa-300x125.jpg\" alt=\"\" width=\"300\" height=\"125\" srcset=\"https:\/\/agora.xtec.cat\/escolasantiagorusinol\/wp-content\/uploads\/usu1729\/2024\/02\/logo-afa-300x125.jpg 300w, https:\/\/agora.xtec.cat\/escolasantiagorusinol\/wp-content\/uploads\/usu1729\/2024\/02\/logo-afa-1024x427.jpg 1024w, https:\/\/agora.xtec.cat\/escolasantiagorusinol\/wp-content\/uploads\/usu1729\/2024\/02\/logo-afa-768x321.jpg 768w, https:\/\/agora.xtec.cat\/escolasantiagorusinol\/wp-content\/uploads\/usu1729\/2024\/02\/logo-afa-1536x641.jpg 1536w, https:\/\/agora.xtec.cat\/escolasantiagorusinol\/wp-content\/uploads\/usu1729\/2024\/02\/logo-afa.jpg 1660w\" sizes=\"auto, (max-width: 300px) 100vw, 300px\" \/><\/a><\/p>\n<p>&nbsp;<\/p>\n","protected":false},"excerpt":{"rendered":"<p>&nbsp; ENLLA\u00c7\u00a0 INSTAGRAM AFA Qui som? L\u2019Associaci\u00f3 de Fam\u00edlies d&#8217;Alumnes de l\u2019Escola Santiago Rusi\u00f1ol som una entitat sense \u00e0nim de lucre gestionada per fam\u00edlies de l\u2019alumnat de l\u2019escola de manera totalment volunt\u00e0ria. L\u2019AFA agrupa les fam\u00edlies dels alumnes del centre i dedica els seus esfor\u00e7os a tractar de millorar l\u2019ensenyament que reben els nostres fills [&hellip;]<\/p>\n","protected":false},"author":1,"featured_media":0,"parent":0,"menu_order":0,"comment_status":"closed","ping_status":"closed","template":"","meta":{"_bbp_topic_count":0,"_bbp_reply_count":0,"_bbp_total_topic_count":0,"_bbp_total_reply_count":0,"_bbp_voice_count":0,"_bbp_anonymous_reply_count":0,"_bbp_topic_count_hidden":0,"_bbp_reply_count_hidden":0,"_bbp_forum_subforum_count":0,"site-sidebar-layout":"default","site-content-layout":"","ast-site-content-layout":"default","site-content-style":"default","site-sidebar-style":"default","ast-global-header-display":"","ast-banner-title-visibility":"","ast-main-header-display":"","ast-hfb-above-header-display":"","ast-hfb-below-header-display":"","ast-hfb-mobile-header-display":"","site-post-title":"","ast-breadcrumbs-content":"","ast-featured-img":"","footer-sml-layout":"","theme-transparent-header-meta":"default","adv-header-id-meta":"","stick-header-meta":"","header-above-stick-meta":"","header-main-stick-meta":"","header-below-stick-meta":"","astra-migrate-meta-layouts":"set","ast-page-background-enabled":"default","ast-page-background-meta":{"desktop":{"background-color":"var(--ast-global-color-4)","background-image":"","background-repeat":"repeat","background-position":"center center","background-size":"auto","background-attachment":"scroll","background-type":"","background-media":"","overlay-type":"","overlay-color":"","overlay-opacity":"","overlay-gradient":""},"tablet":{"background-color":"","background-image":"","background-repeat":"repeat","background-position":"center center","background-size":"auto","background-attachment":"scroll","background-type":"","background-media":"","overlay-type":"","overlay-color":"","overlay-opacity":"","overlay-gradient":""},"mobile":{"background-color":"","background-image":"","background-repeat":"repeat","background-position":"center center","background-size":"auto","background-attachment":"scroll","background-type":"","background-media":"","overlay-type":"","overlay-color":"","overlay-opacity":"","overlay-gradient":""}},"ast-content-background-meta":{"desktop":{"background-color":"var(--ast-global-color-5)","background-image":"","background-repeat":"repeat","background-position":"center center","background-size":"auto","background-attachment":"scroll","background-type":"","background-media":"","overlay-type":"","overlay-color":"","overlay-opacity":"","overlay-gradient":""},"tablet":{"background-color":"var(--ast-global-color-5)","background-image":"","background-repeat":"repeat","background-position":"center center","background-size":"auto","background-attachment":"scroll","background-type":"","background-media":"","overlay-type":"","overlay-color":"","overlay-opacity":"","overlay-gradient":""},"mobile":{"background-color":"var(--ast-global-color-5)","background-image":"","background-repeat":"repeat","background-position":"center center","background-size":"auto","background-attachment":"scroll","background-type":"","background-media":"","overlay-type":"","overlay-color":"","overlay-opacity":"","overlay-gradient":""}},"footnotes":""},"class_list":["post-3570","page","type-page","status-publish","hentry"],"post_mailing_queue_ids":[],"_links":{"self":[{"href":"https:\/\/agora.xtec.cat\/escolasantiagorusinol\/wp-json\/wp\/v2\/pages\/3570","targetHints":{"allow":["GET"]}}],"collection":[{"href":"https:\/\/agora.xtec.cat\/escolasantiagorusinol\/wp-json\/wp\/v2\/pages"}],"about":[{"href":"https:\/\/agora.xtec.cat\/escolasantiagorusinol\/wp-json\/wp\/v2\/types\/page"}],"author":[{"embeddable":true,"href":"https:\/\/agora.xtec.cat\/escolasantiagorusinol\/wp-json\/wp\/v2\/users\/1"}],"replies":[{"embeddable":true,"href":"https:\/\/agora.xtec.cat\/escolasantiagorusinol\/wp-json\/wp\/v2\/comments?post=3570"}],"version-history":[{"count":6,"href":"https:\/\/agora.xtec.cat\/escolasantiagorusinol\/wp-json\/wp\/v2\/pages\/3570\/revisions"}],"predecessor-version":[{"id":10040,"href":"https:\/\/agora.xtec.cat\/escolasantiagorusinol\/wp-json\/wp\/v2\/pages\/3570\/revisions\/10040"}],"wp:attachment":[{"href":"https:\/\/agora.xtec.cat\/escolasantiagorusinol\/wp-json\/wp\/v2\/media?parent=3570"}],"curies":[{"name":"wp","href":"https:\/\/api.w.org\/{rel}","templated":true}]}}