{"id":847,"date":"2018-02-26T12:31:57","date_gmt":"2018-02-26T11:31:57","guid":{"rendered":"http:\/\/agora.xtec.cat\/escolasantbernat\/?page_id=847"},"modified":"2026-01-21T20:43:06","modified_gmt":"2026-01-21T19:43:06","slug":"organigrama","status":"publish","type":"page","link":"https:\/\/agora.xtec.cat\/escolasantbernat\/lescola\/organigrama\/","title":{"rendered":"Organigrama"},"content":{"rendered":"<p><a href=\"https:\/\/agora.xtec.cat\/escolasantbernat\/wp-content\/uploads\/usu1228\/2025\/03\/organigrama.jpg\"><img loading=\"lazy\" decoding=\"async\" class=\"alignnone size-full wp-image-6654\" src=\"https:\/\/agora.xtec.cat\/escolasantbernat\/wp-content\/uploads\/usu1228\/2025\/03\/organigrama.jpg\" alt=\"\" width=\"811\" height=\"551\" srcset=\"https:\/\/agora.xtec.cat\/escolasantbernat\/wp-content\/uploads\/usu1228\/2025\/03\/organigrama.jpg 811w, https:\/\/agora.xtec.cat\/escolasantbernat\/wp-content\/uploads\/usu1228\/2025\/03\/organigrama-300x204.jpg 300w, https:\/\/agora.xtec.cat\/escolasantbernat\/wp-content\/uploads\/usu1228\/2025\/03\/organigrama-768x522.jpg 768w\" sizes=\"auto, (max-width: 811px) 100vw, 811px\" \/><\/a><\/p>\n<p><strong><u>EQUIP DIRECTIU<\/u><\/strong><\/p>\n<p>\u00c9s el responsable de la direcci\u00f3 i la gesti\u00f3 del Centre. S\u2019encarrega de la supervisi\u00f3 i control dels aspectes pedag\u00f2gics i organitzatius de l\u2019escola.<\/p>\n<table style=\"width: 48.2416%; height: 359px;\" border=\"3\">\n<tbody>\n<tr style=\"height: 16px;\">\n<td style=\"height: 16px; width: 48.6547%;\"><strong>Directora<\/strong><\/td>\n<td style=\"height: 16px; width: 38.565%;\">Laura Ch.<\/td>\n<\/tr>\n<tr style=\"height: 31px;\">\n<td style=\"height: 31px; width: 48.6547%;\"><strong>Cap d\u2019Estudis<\/strong><\/td>\n<td style=\"height: 31px; width: 38.565%;\">Montse R.<\/td>\n<\/tr>\n<tr style=\"height: 31px;\">\n<td style=\"height: 31px; width: 48.6547%;\"><strong>Secretari<\/strong><\/td>\n<td style=\"height: 31px; width: 38.565%;\">Jordi F.<\/td>\n<\/tr>\n<tr style=\"height: 31px;\">\n<td style=\"height: 31px; width: 87.2197%;\" colspan=\"2\"><strong>\u00a0<\/strong><\/td>\n<\/tr>\n<tr style=\"height: 31px;\">\n<td style=\"height: 31px; width: 48.6547%;\"><strong>Coordinadora Ed. Infantil<\/strong><\/td>\n<td style=\"height: 31px; width: 38.565%;\">Feli C.<\/td>\n<\/tr>\n<tr style=\"height: 31px;\">\n<td style=\"height: 31px; width: 48.6547%;\"><strong>Coordinadora C. Inicial<\/strong><\/td>\n<td style=\"height: 31px; width: 38.565%;\">David H.<\/td>\n<\/tr>\n<tr style=\"height: 31px;\">\n<td style=\"height: 31px; width: 48.6547%;\"><strong>Coordinador\u00a0 C. Mitj\u00e0<\/strong><\/td>\n<td style=\"height: 31px; width: 38.565%;\">Beatriz V.<\/td>\n<\/tr>\n<tr style=\"height: 31px;\">\n<td style=\"height: 31px; width: 48.6547%;\"><strong>Coordinadora C. Superior<\/strong><\/td>\n<td style=\"height: 31px; width: 38.565%;\">Manuel S.<\/td>\n<\/tr>\n<tr style=\"height: 31px;\">\n<td style=\"height: 31px; width: 48.6547%;\"><strong>Coordinadora Ling\u00fc\u00edstica<\/strong><\/td>\n<td style=\"height: 31px; width: 38.565%;\">Beatriz Ch.<\/td>\n<\/tr>\n<tr style=\"height: 31px;\">\n<td style=\"height: 31px; width: 48.6547%;\"><strong>Coordinador Inform\u00e0tica<\/strong><\/td>\n<td style=\"height: 31px; width: 38.565%;\">Laia G.<\/td>\n<\/tr>\n<tr style=\"height: 31px;\">\n<td style=\"height: 31px; width: 48.6547%;\"><strong>Coord.\u00a0 Riscos Laborals<\/strong><\/td>\n<td style=\"height: 31px; width: 38.565%;\">Marta R.<\/td>\n<\/tr>\n<tr style=\"height: 33px;\">\n<td style=\"width: 48.6547%; height: 33px;\"><strong>Coord. COCOBE<\/strong><\/td>\n<td style=\"width: 38.565%; height: 33px;\">Tere B.<\/td>\n<\/tr>\n<\/tbody>\n<\/table>\n<p><strong style=\"font-family: inherit; font-size: 1em;\"><u>CLAUSTRE DE PROFESSORS\u00a0 curs 24-25.<\/u><\/strong><\/p>\n<table style=\"border-style: solid; width: 98.8461%; height: 233px;\" width=\"697\">\n<tbody>\n<tr style=\"height: 97px;\">\n<td style=\"width: 10.5187%; height: 233px;\" rowspan=\"6\"><strong>ED. INFANTIL<\/strong><\/td>\n<td style=\"width: 18.0852%; height: 10px;\">TUTORA <strong>I3 A<\/strong><\/td>\n<td style=\"width: 10.9753%; height: 10px;\" colspan=\"2\">Rosa R.<\/td>\n<td style=\"width: 1.24224%; height: 233px;\" rowspan=\"6\"><\/td>\n<td style=\"width: 10.8768%; height: 233px;\" rowspan=\"6\"><strong>ED.\u00a0 PRIM\u00c0RIA<\/strong><\/td>\n<td style=\"width: 10.8378%; height: 10px; text-align: center;\">TUTOR <strong>1r A<\/strong><\/td>\n<td style=\"width: 13.838%; height: 10px;\">David H.<\/td>\n<td style=\"width: 1.24224%; height: 233px;\" rowspan=\"6\"><\/td>\n<td style=\"height: 10px; width: 10.8126%; text-align: center;\">TUTORA <strong>4t A<\/strong><\/td>\n<td style=\"height: 10px; width: 36.5017%;\">Maria B.<\/td>\n<\/tr>\n<tr style=\"height: 49px;\">\n<td style=\"height: 100px; width: 19.3216%;\" colspan=\"2\" rowspan=\"2\">TUTORA <strong>I4 A<\/strong><\/td>\n<td style=\"width: 9.73891%; height: 100px;\" rowspan=\"2\">Feli C.<\/td>\n<td style=\"width: 10.8378%; height: 49px; text-align: center;\">TUTORA <strong>1r B<\/strong><\/td>\n<td style=\"width: 13.838%; height: 49px;\">Rosa G.<\/td>\n<td style=\"width: 10.8126%; height: 49px; text-align: center;\">TUTOR\u00a0 <strong>4t B<\/strong><\/td>\n<td style=\"width: 36.5017%; height: 49px;\">Yolanda S.<\/td>\n<\/tr>\n<tr style=\"height: 49px;\">\n<td style=\"height: 51px; width: 10.8378%; text-align: center;\">TUTORA\u00a0 <strong>2n <\/strong><strong style=\"font-family: inherit; font-size: 1em;\">A<\/strong><\/td>\n<td style=\"height: 51px; width: 13.838%;\">Melanie<\/td>\n<td style=\"width: 10.8126%; height: 51px; text-align: center;\">TUTORA <strong>5\u00e8 A<\/strong><\/td>\n<td style=\"width: 36.5017%; height: 51px;\">Ana E.<\/td>\n<\/tr>\n<tr style=\"height: 49px;\">\n<td style=\"height: 74px; width: 19.3216%; background-color: #fffff7;\" colspan=\"2\" rowspan=\"2\">TUTORA <strong>I5 A<\/strong><\/td>\n<td style=\"width: 9.73891%; height: 74px; background-color: #fffff7;\" rowspan=\"2\">Ana G.<\/td>\n<td style=\"width: 10.8378%; height: 49px; text-align: center;\">TUTORA <strong>2n B<\/strong><\/td>\n<td style=\"width: 13.838%; height: 49px;\">Marina\/Andrea<\/td>\n<td style=\"width: 10.8126%; height: 49px; text-align: center;\">TUTOR <strong>5\u00e8 B<\/strong><\/td>\n<td style=\"width: 36.5017%; height: 49px;\">Brezo B.\/ Marc M.<\/td>\n<\/tr>\n<tr style=\"height: 49px;\">\n<td style=\"width: 10.8378%; height: 25px; text-align: center;\">TUTORA <strong>3r A<\/strong><\/td>\n<td style=\"width: 13.838%; height: 25px;\">Marta R.<\/td>\n<td style=\"width: 10.8126%; height: 25px; text-align: center;\">TUTORA <strong>6\u00e8 A<\/strong><\/td>\n<td style=\"width: 36.5017%; height: 25px;\">Montse N.<\/td>\n<\/tr>\n<tr style=\"height: 49px;\">\n<td style=\"height: 49px; width: 19.3216%;\" colspan=\"2\">TUTORA <strong>I5 B<\/strong><\/td>\n<td style=\"width: 9.73891%; height: 49px;\">Beatriz Ch.<\/td>\n<td style=\"width: 10.8378%; height: 49px; text-align: center;\">TUTORA <strong>3r B<\/strong><\/td>\n<td style=\"width: 13.838%; height: 49px;\">Beatriz V.<\/td>\n<td style=\"width: 10.8126%; height: 49px; text-align: center;\">TUTORA <strong>6\u00e8 B<\/strong><\/td>\n<td style=\"width: 36.5017%; height: 49px;\">Gl\u00f2ria Ll.<\/td>\n<\/tr>\n<\/tbody>\n<\/table>\n<table style=\"width: 97.8767%; height: 307px;\">\n<tbody>\n<tr style=\"height: 33px;\">\n<td style=\"width: 115.23%; height: 33px;\" colspan=\"6\" width=\"697\"><strong>ESPECIALISTES<\/strong><\/td>\n<\/tr>\n<tr style=\"height: 33px;\">\n<td style=\"width: 17.0423%; height: 33px;\" width=\"121\"><strong>Suport<\/strong><\/td>\n<td style=\"width: 31.902%; height: 33px;\" colspan=\"2\" width=\"208\">Ana G.\/ Laura Ch.<\/td>\n<td style=\"width: 3.23944%; height: 142px;\" rowspan=\"5\" width=\"19\"><\/td>\n<td style=\"width: 14.6479%; height: 33px;\" width=\"104\"><strong>Angl\u00e8s<\/strong><\/td>\n<td style=\"width: 48.3989%; height: 33px;\" width=\"246\">Laia G.\/ . \/ To\u00f1a Y. \/ Cristina de C.<\/td>\n<\/tr>\n<tr style=\"height: 33px;\">\n<td style=\"width: 17.0423%; height: 33px;\" width=\"121\"><strong>Escacs<\/strong><\/td>\n<td style=\"width: 31.902%; height: 33px;\" colspan=\"2\" width=\"208\">Jordi F.<\/td>\n<td style=\"width: 14.6479%; height: 33px;\" width=\"104\"><strong>Ed. Especial<\/strong><\/td>\n<td style=\"width: 48.3989%; height: 33px;\" width=\"246\">Teresa C\/ Ana S. \/ Tere B.<\/td>\n<\/tr>\n<tr style=\"height: 10px;\">\n<td style=\"width: 17.0423%; height: 10px;\" width=\"121\"><strong>Ed. Musical<\/strong><\/td>\n<td style=\"width: 31.902%; height: 10px;\" colspan=\"2\" width=\"208\">Montse R.<\/td>\n<td style=\"width: 14.6479%; height: 10px;\" width=\"104\"><strong>EAP<\/strong><\/td>\n<td style=\"width: 48.3989%; height: 10px;\" width=\"246\">Marta M. (Treballadora Social)\u00a0 \u00a0 \u00a0 \u00a0 \u00a0 \u00a0 \u00a0 Anabel S.\u00a0 \u00a0(Psicopedagoga)<\/td>\n<\/tr>\n<tr style=\"height: 33px;\">\n<td style=\"width: 17.0423%; height: 33px;\" width=\"121\"><strong>Ed. Religiosa<\/strong><\/td>\n<td style=\"width: 31.902%; height: 33px;\" colspan=\"2\" width=\"208\">Manuel S.<\/td>\n<td style=\"width: 14.6479%; height: 33px;\" width=\"104\"><strong>Logopeda<\/strong><\/td>\n<td style=\"width: 48.3989%; height: 33px;\" width=\"246\">CREDA<\/td>\n<\/tr>\n<tr style=\"height: 33px;\">\n<td style=\"width: 17.0423%; height: 33px;\" width=\"121\"><strong>Ed. F\u00edsica<\/strong><\/td>\n<td style=\"width: 31.902%; height: 33px;\" colspan=\"2\" width=\"208\">Adri\u00e0 J. \/ Gabi R.<\/td>\n<td style=\"width: 14.6479%; height: 33px;\" width=\"104\"><strong>Vetlladora<\/strong><\/td>\n<td style=\"width: 48.3989%; height: 33px;\" width=\"246\">Mayte T. , Rosa F.<\/td>\n<\/tr>\n<tr style=\"height: 33px;\">\n<td style=\"width: 17.0423%; height: 33px;\" width=\"121\"><\/td>\n<td style=\"width: 98.1882%; height: 33px;\" colspan=\"5\" width=\"576\"><\/td>\n<\/tr>\n<tr style=\"height: 33px;\">\n<td style=\"width: 115.23%; height: 33px;\" colspan=\"6\" width=\"697\"><strong>SERVEIS<\/strong><\/td>\n<\/tr>\n<tr style=\"height: 33px;\">\n<td style=\"width: 22.7471%; height: 33px;\" colspan=\"2\" width=\"140\"><strong>Administrativa<\/strong><\/td>\n<td style=\"width: 26.1972%; height: 33px;\" width=\"189\">Olivia T. \/ Mireia A.<\/td>\n<td style=\"width: 3.23944%; height: 33px;\" width=\"19\"><\/td>\n<td style=\"width: 14.6479%; height: 33px;\" width=\"104\"><strong>Conserge<\/strong><\/td>\n<td style=\"width: 48.3989%; height: 33px;\" width=\"246\">Ferran L.<\/td>\n<\/tr>\n<tr style=\"height: 33px;\">\n<td style=\"width: 22.7471%; height: 33px;\" colspan=\"2\"><strong>TEI<\/strong><\/td>\n<td style=\"width: 26.1972%; height: 33px;\">Rosa L.<\/td>\n<td style=\"width: 3.23944%; height: 33px;\"><\/td>\n<td style=\"width: 14.6479%; height: 33px;\"><strong>\u00a0<\/strong><\/td>\n<td style=\"width: 48.3989%; height: 33px;\"><\/td>\n<\/tr>\n<\/tbody>\n<\/table>\n<p>&nbsp;<\/p>\n","protected":false},"excerpt":{"rendered":"<p><a href=\"https:\/\/agora.xtec.cat\/escolasantbernat\/wp-content\/uploads\/usu1228\/2025\/03\/organigrama.jpg\"><\/a><br \/>\nEQUIP DIRECTIU<br \/>\n\u00c9s el responsable de la direcci\u00f3 i la gesti\u00f3 del Centre. S\u2019encarrega de la supervisi\u00f3 i control dels aspectes pedag\u00f2gics i organitzatius de l\u2019escola.<\/p>\n<p>Directora<br \/>\nLaura Ch.<\/p>\n<p>Cap d\u2019Estudis<br \/>\nMontse R.<\/p>\n<p>Secretari<br \/>\nJordi F.<\/p>\n<p>\u00a0<\/p>\n<p>Coordinadora Ed. Infantil<br \/>\nFeli C.<\/p>\n<p>Coordinadora C. Inicial<br \/>\nDavid H.<\/p>\n<p>Coordinador\u00a0 C. Mitj\u00e0<br \/>\nBeatriz V.<\/p>\n<p>Coordinadora C. Superior<br \/>\nManuel S.<\/p>\n<p>Coordinadora Ling\u00fc\u00edstica<br \/>\nBeatriz Ch.<\/p>\n<p>Coordinador Inform\u00e0tica<br \/>\nLaia&hellip;  <a href=\"https:\/\/agora.xtec.cat\/escolasantbernat\/lescola\/organigrama\/\" title=\"Read Organigrama\">Llegeix m\u00e9s\u00bb<\/a><\/p>\n","protected":false},"author":1,"featured_media":0,"parent":22,"menu_order":60,"comment_status":"closed","ping_status":"closed","template":"page-templates\/side-menu.php","meta":{"_bbp_topic_count":0,"_bbp_reply_count":0,"_bbp_total_topic_count":0,"_bbp_total_reply_count":0,"_bbp_voice_count":0,"_bbp_anonymous_reply_count":0,"_bbp_topic_count_hidden":0,"_bbp_reply_count_hidden":0,"_bbp_forum_subforum_count":0,"footnotes":""},"class_list":["post-847","page","type-page","status-publish","hentry"],"post_mailing_queue_ids":[],"_links":{"self":[{"href":"https:\/\/agora.xtec.cat\/escolasantbernat\/wp-json\/wp\/v2\/pages\/847","targetHints":{"allow":["GET"]}}],"collection":[{"href":"https:\/\/agora.xtec.cat\/escolasantbernat\/wp-json\/wp\/v2\/pages"}],"about":[{"href":"https:\/\/agora.xtec.cat\/escolasantbernat\/wp-json\/wp\/v2\/types\/page"}],"author":[{"embeddable":true,"href":"https:\/\/agora.xtec.cat\/escolasantbernat\/wp-json\/wp\/v2\/users\/1"}],"replies":[{"embeddable":true,"href":"https:\/\/agora.xtec.cat\/escolasantbernat\/wp-json\/wp\/v2\/comments?post=847"}],"version-history":[{"count":7,"href":"https:\/\/agora.xtec.cat\/escolasantbernat\/wp-json\/wp\/v2\/pages\/847\/revisions"}],"predecessor-version":[{"id":6783,"href":"https:\/\/agora.xtec.cat\/escolasantbernat\/wp-json\/wp\/v2\/pages\/847\/revisions\/6783"}],"up":[{"embeddable":true,"href":"https:\/\/agora.xtec.cat\/escolasantbernat\/wp-json\/wp\/v2\/pages\/22"}],"wp:attachment":[{"href":"https:\/\/agora.xtec.cat\/escolasantbernat\/wp-json\/wp\/v2\/media?parent=847"}],"curies":[{"name":"wp","href":"https:\/\/api.w.org\/{rel}","templated":true}]}}