{"id":832,"date":"2023-04-21T12:16:52","date_gmt":"2023-04-21T10:16:52","guid":{"rendered":"http:\/\/agora.xtec.cat\/escolasantbernat\/?page_id=832"},"modified":"2026-01-29T15:51:54","modified_gmt":"2026-01-29T14:51:54","slug":"preinscripcio-i-matricula","status":"publish","type":"page","link":"https:\/\/agora.xtec.cat\/escolasantbernat\/secretaria\/preinscripcio-i-matricula\/","title":{"rendered":"Preinscripci\u00f3 i matr\u00edcula"},"content":{"rendered":"<p>&nbsp;<\/p>\n<p style=\"text-align: center;\"><a href=\"https:\/\/educacio.gencat.cat\/ca\/tramits\/tramits-temes\/20483-obligatoris?moda=1\" target=\"_blank\" rel=\"noopener noreferrer\"><img loading=\"lazy\" decoding=\"async\" class=\"alignnone wp-image-1787\" src=\"http:\/\/agora.xtec.cat\/escolasantbernat\/wp-content\/uploads\/usu1228\/2018\/02\/Informaci\u00f3n.png\" alt=\"\" width=\"124\" height=\"125\" srcset=\"https:\/\/agora.xtec.cat\/escolasantbernat\/wp-content\/uploads\/usu1228\/2018\/02\/Informaci\u00f3n.png 256w, https:\/\/agora.xtec.cat\/escolasantbernat\/wp-content\/uploads\/usu1228\/2018\/02\/Informaci\u00f3n-150x150.png 150w\" sizes=\"auto, (max-width: 124px) 100vw, 124px\" \/><\/a><\/p>\n<p style=\"text-align: center;\">\u00a0 <span style=\"color: #3366ff;\"><br \/>\n<\/span><\/p>\n<h1 style=\"text-align: center;\"><strong>Preinscripci\u00f3 2026-2027<br \/>\n<\/strong><\/h1>\n<p style=\"text-align: center;\"><a href=\"https:\/\/preinscripcio.gencat.cat\/ca\/inici\" target=\"_blank\" rel=\"noopener noreferrer\">Informaci\u00f3 de la web del Departament d&#8217;Educaci\u00f3 &gt;&gt;&gt;&gt;&gt;&gt;&gt;&gt;<\/a><\/p>\n<p style=\"text-align: center;\"><a href=\"https:\/\/educacio.gencat.cat\/ca\/tramits\/tramits-temes\/20483-obligatoris?moda=1\">Web preinscripci\u00f3 de l&#8217;escola &gt;&gt;&gt;&gt;&gt;&gt;<\/a><\/p>\n<p>&nbsp;<\/p>\n<h3 style=\"text-align: center;\"><span style=\"color: #00ff00;\"><strong>PREINSCRIPCI\u00d3 4 al 18 de mar\u00e7 de 2026<\/strong><\/span><\/h3>\n<p>&nbsp;<\/p>\n<ul>\n<li style=\"text-align: center;\">Comen\u00e7a el per\u00edode de matriculaci\u00f3 a les escoles per a tots els nens i nenes nascuts a <strong style=\"font-size: 1.125em;\">l&#8217;any 2023.<\/strong><\/li>\n<\/ul>\n<p>&nbsp;<\/p>\n<h2 class=\"header2 pd-15 pd-30\" style=\"text-align: center;\"><a href=\"https:\/\/agora.xtec.cat\/escolasantbernat\/wp-content\/uploads\/usu1228\/2021\/02\/Informaci\u00f3n.png\"><img loading=\"lazy\" decoding=\"async\" class=\"alignnone wp-image-4371 aligncenter\" src=\"https:\/\/agora.xtec.cat\/escolasantbernat\/wp-content\/uploads\/usu1228\/2021\/02\/Informaci\u00f3n.png\" alt=\"\" width=\"86\" height=\"86\" srcset=\"https:\/\/agora.xtec.cat\/escolasantbernat\/wp-content\/uploads\/usu1228\/2021\/02\/Informaci\u00f3n.png 256w, https:\/\/agora.xtec.cat\/escolasantbernat\/wp-content\/uploads\/usu1228\/2021\/02\/Informaci\u00f3n-150x150.png 150w\" sizes=\"auto, (max-width: 86px) 100vw, 86px\" \/><\/a>\u00a0 \u00a0<span style=\"color: #0000ff;\">Mira els v\u00eddeos!<\/span><\/h2>\n<h3 class=\"title style-scope ytd-video-primary-info-renderer\" style=\"text-align: center;\"><a href=\"https:\/\/youtu.be\/5DvAVUSNLCQ\"><span style=\"color: #ff0000;\">&gt;&gt;&gt; Com has de fer la preinscripci\u00f3 escolar en l\u00ednia &lt;&lt;&lt;\u00a0<\/span><\/a><\/h3>\n<p>&nbsp;<\/p>\n<h3 class=\"title style-scope ytd-video-primary-info-renderer\" style=\"text-align: center;\"><a href=\"https:\/\/www.youtube.com\/watch?v=0l6JyatO37E\"><span style=\"color: #ff0000;\">&gt;&gt;&gt; Com pots digitalitzar documents per als tr\u00e0mits en l\u00ednia &lt;&lt;&lt;<\/span><\/a><\/h3>\n<p>&nbsp;<\/p>\n<h2 style=\"text-align: center;\"><a href=\"https:\/\/www.youtube.com\/watch?v=0kztL1IQD4c&amp;t=19s\"><span style=\"color: #00ff00;\">&gt;&gt;&gt; COM EMPLENAR LA SOL\u00b7LICITUD\u00a0 <\/span>&lt;&lt;&lt;<\/a><\/h2>\n<p>&nbsp;<\/p>\n<p>&nbsp;<\/p>\n<h3 style=\"text-align: center;\"><strong><u>CALENDARI PREINSCRIPCI\u00d3 I MATRICULACI\u00d3 CURS 2026-27<\/u><\/strong><\/h3>\n<p>&nbsp;<\/p>\n<p><strong>Oferta inicial de places:<\/strong> &#8211;\u00a0 \u00a0<strong><span style=\"color: #008000;\"> Consulta l\u2019oferta <span style=\"color: #00ff00;\"> &gt;&gt;&gt;&gt; <a href=\"https:\/\/agora.xtec.cat\/escolasantbernat\/wp-content\/uploads\/usu1228\/2014\/09\/cons.gif\"><img loading=\"lazy\" decoding=\"async\" class=\"alignnone size-full wp-image-570\" src=\"https:\/\/agora.xtec.cat\/escolasantbernat\/wp-content\/uploads\/usu1228\/2014\/09\/cons.gif\" alt=\"\" width=\"96\" height=\"66\" \/><\/a><\/span><\/span><\/strong><\/p>\n<p><strong>Presentaci\u00f3 de sol\u00b7licituds<\/strong>: 4 al 18 de mar\u00e7 de 2026, ambd\u00f3s inclosos.<\/p>\n<p><strong>Presentaci\u00f3 de documentaci\u00f3:<\/strong> fins al 26\/03\/2025<\/p>\n<p><strong>Llista de sol\u00b7licituds amb la puntuaci\u00f3 provisional:<\/strong>\u00a0 24\/04\/2025 <span style=\"color: #008000;\"><strong>Consulta el llistat\u00a0<span style=\"color: #00ff00;\"><strong>&gt;&gt;&gt;&gt;<\/strong>\u00a0<\/span><\/strong><\/span><\/p>\n<p style=\"text-align: center;\"><span style=\"color: #ff0000;\"><span style=\"color: #3366ff;\">Accedint al seg\u00fcent enlla\u00e7, amb les vostres dades, <strong>podran consultar la puntuaci\u00f3 provisional<\/strong><\/span>.\u00a0 \u00a0 <\/span><span style=\"color: #ff0000;\"><strong>\u00a0&gt;&gt;&gt;&gt;&gt;<\/strong><\/span><a href=\"https:\/\/aplicacions.gestioeducativa.gencat.cat\/pls\/apex\/f?p=2011025:LOGIN:204068826476275\"><img loading=\"lazy\" decoding=\"async\" class=\"alignnone wp-image-4452 size-full\" src=\"https:\/\/agora.xtec.cat\/escolasantbernat\/wp-content\/uploads\/usu1228\/2021\/04\/nou.gif\" alt=\"\" width=\"60\" height=\"27\" \/><\/a><\/p>\n<p><strong>Llistes de sol\u00b7licituds amb la puntuaci\u00f3 un cop resoltes les reclamacions<\/strong><strong>:<\/strong> 5\/05\/2025<strong> &#8211;<\/strong>\u00a0 \u00a0 \u00a0 <span style=\"color: #008000;\"><strong>Consulta el llistat <span style=\"color: #00ff00;\">&gt;&gt;&gt;&gt; <\/span><\/strong><\/span><\/p>\n<p><strong>Sorteig del n\u00famero de desempat<\/strong><strong>:\u00a0<\/strong><\/p>\n<p><strong>Llista ordenada definitiva:<\/strong> 09\/05\/2025\u00a0 \u00a0 <span style=\"color: #008000;\"><strong>Consulta el llistat <span style=\"color: #00ff00;\">&gt;&gt;&gt;&gt;<\/span><\/strong><\/span><\/p>\n<p><strong>Publicaci\u00f3 de l&#8217;oferta definitiva de places escolars<\/strong><strong>: PENDENT<\/strong><span style=\"font-family: inherit; font-size: 1em;\">\u00a0\u00a0<span style=\"color: #008000;\"> Consulta l\u2019oferta al tauler d&#8217;anuncis\u00a0<\/span><span style=\"color: #008000;\"><span style=\"color: #00ff00;\"><strong> &gt;&gt;&gt;&gt;<\/strong><\/span><\/span><\/span><\/p>\n<p><strong>Publicaci\u00f3 de les llistes d&#8217;alumnes admesos<\/strong><strong> &gt;&gt;&gt;&gt; \u00a0i llistes d\u2019espera &gt;&gt;&gt;&gt; :\u00a0<\/strong><\/p>\n<p>&nbsp;<\/p>\n<p style=\"text-align: center;\"><a href=\"https:\/\/drive.google.com\/file\/d\/1WAGFj_LT72OUJbnwauhwHiuYjOUSrHfx\/view\"><strong><span style=\"color: #339966;\">LLISTAT ALU<\/span><\/strong><strong style=\"font-family: inherit; font-size: 1em;\"><span style=\"color: #339966;\">MNES ASSIGNATS AL CENTRE &lt;&lt;&lt;&lt;&lt;<\/span><\/strong><\/a><\/p>\n<p>&nbsp;<\/p>\n<p><strong>Matr\u00edcula<\/strong><strong>: del\u00a0<\/strong><\/p>\n<p>&nbsp;<\/p>\n<p>&nbsp;<\/p>\n<p style=\"text-align: right;\">Data d&#8217;actualitzaci\u00f3: 29.01.2026<\/p>\n<p><a href=\"https:\/\/agora.xtec.cat\/escolasantbernat\/wp-content\/uploads\/usu1228\/2021\/02\/idalu.jpg\"><img loading=\"lazy\" decoding=\"async\" class=\"wp-image-4291 alignnone\" src=\"https:\/\/agora.xtec.cat\/escolasantbernat\/wp-content\/uploads\/usu1228\/2021\/02\/idalu.jpg\" alt=\"\" width=\"829\" height=\"432\" srcset=\"https:\/\/agora.xtec.cat\/escolasantbernat\/wp-content\/uploads\/usu1228\/2021\/02\/idalu.jpg 750w, https:\/\/agora.xtec.cat\/escolasantbernat\/wp-content\/uploads\/usu1228\/2021\/02\/idalu-300x156.jpg 300w\" sizes=\"auto, (max-width: 829px) 100vw, 829px\" \/><\/a><\/p>\n<h6><\/h6>\n<h2><span style=\"color: #00ff00;\"><strong>Novetats!!!:<\/strong><\/span><\/h2>\n<ul>\n<li>Des del curs passat totes les sol\u00b7licituds s\u00f3n en format telem\u00e0tic, per tant,<span style=\"color: #0000ff;\"> <u>no hi ha la<\/u> <u>possibilitat de full de preinscripci\u00f3 en paper<\/u>.<\/span><\/li>\n<li>No cal lliurar cap documentaci\u00f3 presencialment al centre educatiu que indiqueu en primera opci\u00f3.<\/li>\n<li>Hi ha dos tipus de sol\u00b7licitud:\n<ul>\n<li><span style=\"color: #0000ff;\"><u>Electr\u00f2nica<\/u>:<\/span> cal identificaci\u00f3 digital<\/li>\n<li><span style=\"color: #0000ff;\"><u>Suport inform\u00e0tic<\/u>:<\/span> sense identificaci\u00f3 digital<\/li>\n<\/ul>\n<\/li>\n<\/ul>\n<p>&nbsp;<\/p>\n<h1>Qu\u00e8 em cal per omplir la sol\u00b7licitud?<\/h1>\n<p>Hi ha dues opcions:<\/p>\n<ol>\n<li><span style=\"color: #0000ff;\"><u>SOL\u00b7LICITUD ELECTR\u00d2NICA<\/u>:<\/span> Mitjan\u00e7ant certificat digital, com DNI electr\u00f2nic, Cl@ve, idCat, etc. Si no es disposa de cap certificat, us en podeu generar un de forma f\u00e0cil, l\u2019idCat M\u00f2bil, us expliquem com:<\/li>\n<\/ol>\n<p>Cal complir els requisits seg\u00fcents:<\/p>\n<ul>\n<li>Ser major de 16 anys<\/li>\n<li>Disposar de DNI\/NIE\/Passaport\/Doc identificador d\u2019un pa\u00eds de la UE o targeta de resid\u00e8ncia comunit\u00e0ria<\/li>\n<li>Disposar d\u2019adre\u00e7a de correu electr\u00f2nic i un tel\u00e8fon m\u00f2bil a efectes d\u2019identificaci\u00f3 i contacte<\/li>\n<li>Targeta sanit\u00e0ria per la teva identificaci\u00f3<\/li>\n<\/ul>\n<p>Accediu a l\u2019adre\u00e7a <u>https:\/\/idcatmobil.seu.cat\/<\/u> i trobareu les instruccions pas a pas de com fer-ho.<\/p>\n<p>Per utilitzar l\u2019idCAT M\u00f2bil nom\u00e9s cal introduir el n\u00famero de document d\u2019identitat i el n\u00famero de tel\u00e8fon m\u00f2bil en el web on calgui identificar-se electr\u00f2nicament per fer un tr\u00e0mit. Tot seguit es rep un missatge al tel\u00e8fon, que cont\u00e9 una clau d\u2019acc\u00e9s per introduir-la en el web. En aquest cas, al tr\u00e0mit de sol\u00b7licitud de preinscripci\u00f3.<\/p>\n<p>Una vegada identificats, caldr\u00e0 entrar el <em>n\u00famero d\u2019identificaci\u00f3 de l\u2019alumne\/a a RALC <\/em>que us proporcionar\u00e0 l\u2019escola on est\u00e0 matriculat per poder recuperar les seves dades personals i acad\u00e8miques, omplir les prefer\u00e8ncies i enviar la sol\u00b7licitud. En la majoria de casos no caldr\u00e0 fer res m\u00e9s ni adjuntar cap tipus de documentaci\u00f3, donat que s\u2019haur\u00e0 fet l\u2019intercanvi de validaci\u00f3 de les vostres dades amb totes les administracions implicades.<\/p>\n<p>&nbsp;<\/p>\n<ol start=\"2\">\n<li><span style=\"color: #0000ff;\"><strong><u>SOL\u00b7LICITUD EN SUPORT INFORM\u00c0TIC<\/u><\/strong>:<\/span> Caldr\u00e0 identificar l\u2019alumne\/a amb el seu <em>n\u00fam. d\u2019Identificaci\u00f3 d\u2019alumne <\/em>i omplir el formulari, a l\u2019enviar-ho es far\u00e0 l\u2019intercanvi de dades amb les administracions implicades i adjuntar escanejada o fotografiada la documentaci\u00f3 d\u2019identificaci\u00f3 i filiaci\u00f3 (DNI, llibre de fam\u00edlia, etc&#8230;), juntament amb la que al\u00b7legueu a efectes de barems i que no s\u2019hagi pogut validar.<\/li>\n<\/ol>\n<p>&nbsp;<\/p>\n<h1>Puc presentar dues sol\u00b7licituds a dos centres diferents per uns mateixos estudis?<\/h1>\n<p><strong>\u00a0<\/strong><\/p>\n<p>No, en cap cas. S\u2019ha de presentar una sola sol\u00b7licitud i indicar-hi per ordre de prefer\u00e8ncia els diferents centres als que us interessa inscriure la vostra filla o fill.<\/p>\n<h1>Si tinc dubtes omplint la sol\u00b7licitud on em puc adre\u00e7ar?<\/h1>\n<p><strong>\u00a0<\/strong><\/p>\n<p>Podeu posar-vos en contacte telef\u00f2nic amb el centre que escolliu inscriure el vostre fill o filla en primera opci\u00f3, en horari d\u2019oficina, i us ajudaran a complimentar el proc\u00e9s.<\/p>\n<p>&nbsp;<\/p>\n<h1>Com puc saber els criteris pels barems i la seva puntuaci\u00f3?<\/h1>\n<p><strong>\u00a0<\/strong><\/p>\n<p>Trobareu tota la informaci\u00f3 sobre criteris, calendari i la resta d\u2019informaci\u00f3 respecte el proc\u00e9s de preinscripci\u00f3 a la p\u00e0gina web<\/p>\n<p><u>https:\/\/preinscripcio.gencat.cat\/ca\/inic<\/u>i<\/p>\n<p>&nbsp;<\/p>\n<p>&nbsp;<\/p>\n<p>&nbsp;<\/p>\n<h1>INFORMACIONS I\/O RECOMANACIONS:<\/h1>\n<p><strong>\u00a0<\/strong><\/p>\n<ul>\n<li>Tenir fotografiada o escanejada la documentaci\u00f3 en el mateix dispositiu des d\u2019on es fa la sol\u00b7licitud.<\/li>\n<li>El codi de centre del nostre centre \u00e9s <strong>43005005<\/strong>, el necessitareu per indicar a quin centre voleu preinscriure-us.<\/li>\n<li>Demaneu al vostre centre actual el N\u00fam. d\u2019Identificaci\u00f3 de l\u2019alumne a RALC per poder lligar la sol\u00b7licitud al seu expedient acad\u00e8mic i personal.<\/li>\n<li>Cenyiu-vos al calendari establert, lliurar la sol\u00b7licitud o la documentaci\u00f3 fora de termini us fa perdre tots els drets d\u2019adscripci\u00f3 amb el risc que aix\u00f2 comporta de quedar-se sense pla\u00e7a al centre.<\/li>\n<\/ul>\n<h6><\/h6>\n<h6><\/h6>\n<h6><\/h6>\n<h6><\/h6>\n<h6 class=\"font_5\"><\/h6>\n<hr \/>\n<p>&nbsp;<\/p>\n","protected":false},"excerpt":{"rendered":"<p>&nbsp;<br \/>\n<a href=\"https:\/\/educacio.gencat.cat\/ca\/tramits\/tramits-temes\/20483-obligatoris?moda=1\" target=\"_blank\" rel=\"noopener noreferrer\"><\/a><br \/>\n\u00a0 <\/p>\n<p>Preinscripci\u00f3 2026-2027<\/p>\n<p><a href=\"https:\/\/preinscripcio.gencat.cat\/ca\/inici\" target=\"_blank\" rel=\"noopener noreferrer\">Informaci\u00f3 de la web del Departament d&#8217;Educaci\u00f3 &gt;&gt;&gt;&gt;&gt;&gt;&gt;&gt;<\/a><br \/>\n<a href=\"https:\/\/educacio.gencat.cat\/ca\/tramits\/tramits-temes\/20483-obligatoris?moda=1\">Web preinscripci\u00f3 de l&#8217;escola &gt;&gt;&gt;&gt;&gt;&gt;<\/a><br \/>\n&nbsp;<br \/>\nPREINSCRIPCI\u00d3 4 al 18 de mar\u00e7 de 2026<br \/>\n&nbsp;<\/p>\n<ul>\n<li style=\"text-align: center;\">Comen\u00e7a el per\u00edode de matriculaci\u00f3 a les escoles per a tots els nens i&hellip;  <a href=\"https:\/\/agora.xtec.cat\/escolasantbernat\/secretaria\/preinscripcio-i-matricula\/\" title=\"Read Preinscripci\u00f3 i matr\u00edcula\">Llegeix m\u00e9s\u00bb<\/a><br \/>\n","protected":false},"author":1,"featured_media":0,"parent":1888,"menu_order":30,"comment_status":"closed","ping_status":"closed","template":"page-templates\/side-menu.php","meta":{"_bbp_topic_count":0,"_bbp_reply_count":0,"_bbp_total_topic_count":0,"_bbp_total_reply_count":0,"_bbp_voice_count":0,"_bbp_anonymous_reply_count":0,"_bbp_topic_count_hidden":0,"_bbp_reply_count_hidden":0,"_bbp_forum_subforum_count":0,"footnotes":""},"class_list":["post-832","page","type-page","status-publish","hentry"],"post_mailing_queue_ids":[],"_links":{"self":[{"href":"https:\/\/agora.xtec.cat\/escolasantbernat\/wp-json\/wp\/v2\/pages\/832","targetHints":{"allow":["GET"]}}],"collection":[{"href":"https:\/\/agora.xtec.cat\/escolasantbernat\/wp-json\/wp\/v2\/pages"}],"about":[{"href":"https:\/\/agora.xtec.cat\/escolasantbernat\/wp-json\/wp\/v2\/types\/page"}],"author":[{"embeddable":true,"href":"https:\/\/agora.xtec.cat\/escolasantbernat\/wp-json\/wp\/v2\/users\/1"}],"replies":[{"embeddable":true,"href":"https:\/\/agora.xtec.cat\/escolasantbernat\/wp-json\/wp\/v2\/comments?post=832"}],"version-history":[{"count":6,"href":"https:\/\/agora.xtec.cat\/escolasantbernat\/wp-json\/wp\/v2\/pages\/832\/revisions"}],"predecessor-version":[{"id":6786,"href":"https:\/\/agora.xtec.cat\/escolasantbernat\/wp-json\/wp\/v2\/pages\/832\/revisions\/6786"}],"up":[{"embeddable":true,"href":"https:\/\/agora.xtec.cat\/escolasantbernat\/wp-json\/wp\/v2\/pages\/1888"}],"wp:attachment":[{"href":"https:\/\/agora.xtec.cat\/escolasantbernat\/wp-json\/wp\/v2\/media?parent=832"}],"curies":[{"name":"wp","href":"https:\/\/api.w.org\/{rel}","templated":true}]}}